000
CXUS51 KPHI 012131
CF6TTN
PRELIMINARY LOCAL CLIMATOLOGICAL DATA (WS FORM: F-6)
STATION: TRENTON NJ
MONTH: NOVEMBER
YEAR: 2023
LATITUDE: 40 16 N
LONGITUDE: 74 49 W
TEMPERATURE IN F: :PCPN: SNOW: WIND :SUNSHINE: SKY :PK WND
================================================================================
1 2 3 4 5 6A 6B 7 8 9 10 11 12 13 14 15 16 17 18
12Z AVG MX 2MIN
DY MAX MIN AVG DEP HDD CDD WTR SNW DPTH SPD SPD DIR MIN PSBL S-S WX SPD DR
================================================================================
1 49 32 41 -9 24 0 0.03 0.0 0 6.8 21 340 M M 5 30 300
2 49 27 38 -12 27 0 0.00 0.0 0 2.5 12 240 M M 0 16 240
3 56 27 42 -7 23 0 0.00 0.0 0 4.7 14 200 M M 0 21 200
4 57 32 45 -4 20 0 0.00 0.0 0 2.0 7 180 M M 0 10 250
5 67 37 52 3 13 0 0.00 0.0 0 3.8 15 360 M M 1 23 350
6 58 38 48 0 17 0 0.00 0.0 0 4.2 14 130 M M 1 19 140
7 65 49 57 9 8 0 0.00 0.0 0 4.4 16 340 M M 3 1 26 350
8 53 37 45 -3 20 0 0.00 0.0 0 4.3 14 310 M M 0 20 360
9 61 38 50 3 15 0 0.00 0.0 0 3.2 9 280 M M 7 13 270
10 51 39 45 -2 20 0 T 0.0 0 5.1 12 210 M M 5 18 220
11 56 36 46 -1 19 0 0.00 0.0 0 6.5 14 340 M M 4 21 320
12 46 30 38 -8 27 0 0.00 0.0 0 5.9 13 60 M M 0 17 300
13 49 25 37 -9 28 0 0.00 0.0 0 3.5 10 200 M M 1 20 290
14 54 30 42 -4 23 0 0.00 0.0 0 7.1 23 340 M M 0 32 340
15 52 27 40 -6 25 0 0.00 0.0 0 4.2 10 200 M M 0 14 260
16 65 33 49 4 16 0 0.00 0.0 0 2.0 10 190 M M 0 1 19 290
17 67 36 52 7 13 0 0.00 0.0 0 4.4 17 210 M M 1 1 26 190
18 57 35 46 1 19 0 0.01 0.0 0 8.1 24 340 M M 4 12 36 340
19 55 31 43 -1 22 0 0.00 0.0 0 6.8 16 260 M M 0 24 280
20 47 29 38 -6 27 0 0.00 0.0 0 4.7 15 360 M M 0 23 360
21 50 31 41 -3 24 0 0.85 0.0 0 12.0 21 100 M M 6 1 32 110
22 55 46 51 8 14 0 0.89 0.0 0 7.0 18 120 M M 10 1 28 140
23 52 40 46 3 19 0 T 0.0 0 8.9 20 330 M M 4 32 350
24 50 29 40 -3 25 0 0.00 0.0 0 6.6 20 340 M M 4 28 340
25 40 22 31 -12 34 0 0.00 0.0 0 2.2 9 50 M M 0 13 240
26 53 26 40 -2 25 0 0.95 0.0 0 4.6 17 260 M M 7 1 27 280
27 49 33 41 -1 24 0 0.00 0.0 0 9.5 18 290 M M 4 1 34 290
28 38 27 33 -9 32 0 0.01 0.1 0 10.3 22 290 M M 4 1 37 270
29 36 23 30 -11 35 0 0.00 0.0 0 6.8 14 220 M M 3 19 210
30 52 25 39 -2 26 0 0.00 0.0 0 4.5 17 210 M M 1 24 210
================================================================================
SM 1589 970 664 0 2.74 0.1 166.6 M 75
================================================================================
AV 53.0 32.3 5.6 FASTST M M 3 MAX(MPH)
MISC ----> 24 340 37 270
================================================================================
NOTES:
# LAST OF SEVERAL OCCURRENCES
COLUMN 17 PEAK WIND IN M.P.H.
PRELIMINARY LOCAL CLIMATOLOGICAL DATA (WS FORM: F-6) , PAGE 2
STATION: TRENTON NJ
MONTH: NOVEMBER
YEAR: 2023
LATITUDE: 40 16 N
LONGITUDE: 74 49 W
[TEMPERATURE DATA] [PRECIPITATION DATA] SYMBOLS USED IN COLUMN 16
AVERAGE MONTHLY: 42.7 TOTAL FOR MONTH: 2.74 1 = FOG OR MIST
DPTR FM NORMAL: -2.7 DPTR FM NORMAL: -0.46 2 = FOG REDUCING VISIBILITY
HIGHEST: 67 ON 17, 5 GRTST 24HR 1.74 ON 21-22 TO 1/4 MILE OR LESS
LOWEST: 22 ON 25 3 = THUNDER
SNOW, ICE PELLETS, HAIL 4 = ICE PELLETS
TOTAL MONTH: 0.1 INCH 5 = HAIL
GRTST 24HR 0.1 ON 28-28 6 = FREEZING RAIN OR DRIZZLE
GRTST DEPTH: 0 7 = DUSTSTORM OR SANDSTORM:
VSBY 1/2 MILE OR LESS
8 = SMOKE OR HAZE
[NO. OF DAYS WITH] [WEATHER - DAYS WITH] 9 = BLOWING SNOW
X = TORNADO
MAX 32 OR BELOW: 0 0.01 INCH OR MORE: 6
MAX 90 OR ABOVE: 0 0.10 INCH OR MORE: 3
MIN 32 OR BELOW: 17 0.50 INCH OR MORE: 3
MIN 0 OR BELOW: 0 1.00 INCH OR MORE: 0
[HDD (BASE 65) ]
TOTAL THIS MO. 664 CLEAR (SCALE 0-3) 17
DPTR FM NORMAL 76 PTCLDY (SCALE 4-7) 12
TOTAL FM JUL 1 962 CLOUDY (SCALE 8-10) 1
DPTR FM NORMAL 16
[CDD (BASE 65) ]
TOTAL THIS MO. 0
DPTR FM NORMAL 0 [PRESSURE DATA]
TOTAL FM JAN 1 969 HIGHEST SLP 30.50 ON 12
DPTR FM NORMAL -81 LOWEST SLP 29.61 ON 26
[REMARKS]
#FINAL-11-23#
ADDING MEASURABLE PRECIPITATION FROM SNOW TO THE 28TH.
STAARMANN