000
CXUS51 KPHI 010924
CLMTTN
CLIMATE REPORT
NATIONAL WEATHER SERVICE MOUNT HOLLY NJ
524 AM EDT WED NOV 01 2023
...................................
...THE TRENTON NJ CLIMATE SUMMARY FOR THE MONTH OF OCTOBER 2023...
CLIMATE NORMAL PERIOD: 1991 TO 2020
CLIMATE RECORD PERIOD: 1865 TO 2023
WEATHER OBSERVED NORMAL DEPART LAST YEAR`S
VALUE DATE(S) VALUE FROM VALUE DATE(S)
NORMAL
................................................................
TEMPERATURE (F)
RECORD
HIGH 94 10/05/1941
LOW 22 10/31/1988
10/29/1985
HIGHEST 81 MM MM 76
LOWEST 36 MM MM 32
AVG. MAXIMUM 67.4 65.5 1.9 63.2
AVG. MINIMUM 47.8 45.9 1.9 43.2
MEAN 57.6 55.7 1.9 53.2
DAYS MAX >= 90 0 0.1 -0.1 0
DAYS MAX <= 32 0 0.0 0.0 0
DAYS MIN <= 32 0 1.2 -1.2 1
DAYS MIN <= 0 0 0.0 0.0 0
PRECIPITATION (INCHES)
RECORD
MAXIMUM 9.92 2005
MINIMUM 0.05 1963
TOTALS 1.17 3.79 -2.62 6.04
DAILY AVG. 0.04 0.12 -0.08 0.19
DAYS >= .01 8 10.0 -2.0 14
DAYS >= .10 2 6.1 -4.1 9
DAYS >= .50 1 2.7 -1.7 6
DAYS >= 1.00 0 1.0 -1.0 2
GREATEST
24 HR. TOTAL 0.72 10/14 TO 10/15 1.67
SNOWFALL (INCHES)
RECORDS
TOTAL 3.2 2011
24 HR TOTAL MM
TOTALS 0.0 0.1 -0.1 0.0
SINCE 7/1 0.0 0.1 -0.1 MM
SNOWDEPTH AVG. 0 0
DAYS >= 1.0 0 0.0 0.0 0
GREATEST
SNOW DEPTH 0 0 MM
24 HR TOTAL MM MM
DEGREE DAYS
HEATING TOTAL 243 304 -61 360
SINCE 7/1 298 356 -58 MM
COOLING TOTAL 21 16 5 0
SINCE 1/1 969 1050 -81 MM
................................................................
WIND (MPH)
AVERAGE WIND SPEED 5.2
HIGHEST WIND SPEED/DIRECTION 24/330 DATE 10/07
HIGHEST GUST SPEED/DIRECTION 37/310 DATE 10/07
SKY COVER
POSSIBLE SUNSHINE (PERCENT) MM
AVERAGE SKY COVER 0.38
NUMBER OF DAYS FAIR 15
NUMBER OF DAYS PC 10
NUMBER OF DAYS CLOUDY 6
AVERAGE RH (PERCENT) 73
WEATHER CONDITIONS. NUMBER OF DAYS WITH
THUNDERSTORM 0 MIXED PRECIP 0
HEAVY RAIN 1 RAIN 3
LIGHT RAIN 11 FREEZING RAIN 0
LT FREEZING RAIN 0 HEAVY SNOW 0
SNOW 0 LIGHT SNOW 0
SLEET 0 FOG 18
FOG W/VIS <= 1/4 MILE 3 HAZE 0
- INDICATES NEGATIVE NUMBERS.
R INDICATES RECORD WAS SET OR TIED.
MM INDICATES DATA IS MISSING.
T INDICATES TRACE AMOUNT.
$$