000
CXUS54 KTSA 011106
CF6TUL
PRELIMINARY LOCAL CLIMATOLOGICAL DATA (WS FORM: F-6)
STATION: TULSA OKLAHOMA
MONTH: AUGUST
YEAR: 2022
LATITUDE: 36 12 N
LONGITUDE: 95 54 W
TEMPERATURE IN F: :PCPN: SNOW: WIND :SUNSHINE: SKY :PK WND
================================================================================
1 2 3 4 5 6A 6B 7 8 9 10 11 12 13 14 15 16 17 18
12Z AVG MX 2MIN
DY MAX MIN AVG DEP HDD CDD WTR SNW DPTH SPD SPD DIR MIN PSBL S-S WX SPD DR
================================================================================
1 95 76 86 2 0 21 T 0.0 0 11.0 26 190 M M 6 37 200
2 100 76 88 4 0 23 0.00 0.0 0 10.7 20 180 M M 2 27 190
3 102 80 91 7 0 26 0.00 0.0 0 11.9 24 180 M M 3 31 170
4 91 76 84 0 0 19 0.12 0.0 0 9.2 20 170 M M 6 13 27 180
5 99 76 88 4 0 23 0.00 0.0 0 9.3 20 140 M M 4 25 140
6 97 82 90 6 0 25 0.00 0.0 0 11.3 18 170 M M 2 27 180
7 98 79 89 5 0 24 0.00 0.0 0 10.8 18 180 M M 6 25 180
8 99 81 90 6 0 25 0.00 0.0 0 8.7 17 190 M M 7 24 210
9 92 76 84 0 0 19 T 0.0 0 10.0 21 180 M M 7 30 170
10 97 75 86 3 0 21 0.00 0.0 0 5.2 14 360 M M 5 19 350
11 95 67 81 -2 0 16 0.00 0.0 0 5.8 14 60 M M 1 18 70
12 95 66 81 -2 0 16 0.00 0.0 0 4.7 15 120 M M 2 20 130
13 97 76 87 4 0 22 0.00 0.0 0 8.0 16 170 M M 2 23 180
14 100 77 89 6 0 24 0.00 0.0 0 8.0 16 190 M M 2 22 190
15 102 75 89 6 0 24 0.00 0.0 0 6.8 18 210 M M 2 27 200
16 105 75 90 7 0 25 0.07 0.0 0 9.2 20 10 M M 5 3 43 330
17 77 69 73 -9 0 8 0.03 0.0 0 6.7 13 40 M M 9 13 19 50
18 88 66 77 -5 0 12 0.00 0.0 0 5.8 13 80 M M 5 17 120
19 93 67 80 -2 0 15 0.00 0.0 0 6.9 14 180 M M 3 22 170
20 97 70 84 2 0 19 0.00 0.0 0 7.2 17 350 M M 8 3 23 310
21 86 74 80 -2 0 15 T 0.0 0 5.0 14 230 M M 10 22 220
22 92 70 81 -1 0 16 0.00 0.0 0 7.0 17 100 M M 6 24 100
23 92 67 80 -1 0 15 0.00 0.0 0 6.2 14 80 M M 5 20 50
24 93 68 81 0 0 16 0.00 0.0 0 4.8 16 90 M M 3 23 60
25 94 65 80 -1 0 15 0.00 0.0 0 4.5 14 30 M M 1 21 50
26 97 69 83 3 0 18 0.00 0.0 0 5.1 15 130 M M 3 19 130
27 96 73 85 5 0 20 0.00 0.0 0 10.4 20 140 M M 4 25 130
28 96 79 88 8 0 23 T 0.0 0 12.3 22 170 M M 8 29 180
29 94 71 83 3 0 18 0.55 0.0 0 8.1 33 270 M M 8 13 45 280
30 96 71 84 5 0 19 0.00 0.0 0 5.2 17 60 M M 5 1 23 60
31 95 66 81 2 0 16 0.00 0.0 0 4.6 12 70 M M 6 16 60
================================================================================
SM 2950 2258 0 598 0.77 0.0 240.4 M 146
================================================================================
AV 95.2 72.8 7.8 FASTST M M 5 MAX(MPH)
MISC ----> 33 270 45 280
================================================================================
NOTES:
# LAST OF SEVERAL OCCURRENCES
COLUMN 17 PEAK WIND IN M.P.H.
PRELIMINARY LOCAL CLIMATOLOGICAL DATA (WS FORM: F-6) , PAGE 2
STATION: TULSA OKLAHOMA
MONTH: AUGUST
YEAR: 2022
LATITUDE: 36 12 N
LONGITUDE: 95 54 W
[TEMPERATURE DATA] [PRECIPITATION DATA] SYMBOLS USED IN COLUMN 16
AVERAGE MONTHLY: 84.0 TOTAL FOR MONTH: 0.77 1 = FOG OR MIST
DPTR FM NORMAL: 1.8 DPTR FM NORMAL: -2.61 2 = FOG REDUCING VISIBILITY
HIGHEST: 105 ON 16 GRTST 24HR 0.55 ON 29-29 TO 1/4 MILE OR LESS
LOWEST: 65 ON 25 3 = THUNDER
SNOW, ICE PELLETS, HAIL 4 = ICE PELLETS
TOTAL MONTH: 0.0 INCH 5 = HAIL
GRTST 24HR 0.0 6 = FREEZING RAIN OR DRIZZLE
GRTST DEPTH: 0 7 = DUSTSTORM OR SANDSTORM:
VSBY 1/2 MILE OR LESS
8 = SMOKE OR HAZE
[NO. OF DAYS WITH] [WEATHER - DAYS WITH] 9 = BLOWING SNOW
X = TORNADO
MAX 32 OR BELOW: 0 0.01 INCH OR MORE: 4
MAX 90 OR ABOVE: 28 0.10 INCH OR MORE: 2
MIN 32 OR BELOW: 0 0.50 INCH OR MORE: 1
MIN 0 OR BELOW: 0 1.00 INCH OR MORE: 0
[HDD (BASE 65) ]
TOTAL THIS MO. 0 CLEAR (SCALE 0-3) 9
DPTR FM NORMAL 0 PTCLDY (SCALE 4-7) 19
TOTAL FM JUL 1 0 CLOUDY (SCALE 8-10) 3
DPTR FM NORMAL 0
[CDD (BASE 65) ]
TOTAL THIS MO. 598
DPTR FM NORMAL 63 [PRESSURE DATA]
TOTAL FM JAN 1 2100 HIGHEST SLP 30.11 ON 12
DPTR FM NORMAL 336 LOWEST SLP 29.69 ON 28
[REMARKS]
#FINAL-08-22#