000
CXUS54 KMEG 011619
CLMTUP
CLIMATE REPORT
NATIONAL WEATHER SERVICE MEMPHIS TN
1019 AM CST THU FEB 01 2024
...................................
...THE TUPELO CLIMATE SUMMARY FOR THE MONTH OF JANUARY 2024...
CLIMATE NORMAL PERIOD 1991 TO 2020
CLIMATE RECORD PERIOD 1930 TO 2024
WEATHER OBSERVED NORMAL DEPART LAST YEAR`S
VALUE DATE(S) VALUE FROM VALUE DATE(S)
NORMAL
................................................................
TEMPERATURE (F)
RECORD
HIGH 81 01/01/2022
LOW -14 01/27/1940
HIGHEST 70 01/30 49 21 76 01/01
01/02
01/17
LOWEST 8 01/17 31 -23 26 01/15
AVG. MAXIMUM 49.0 53.2 -4.2 60.6
AVG. MINIMUM 30.1 33.6 -3.5 40.6
MEAN 39.5 43.4 -3.9 50.6
DAYS MAX >= 90 0 0.0 0.0 0
DAYS MAX <= 32 3 1.2 1.8 0
DAYS MIN <= 32 20 16.2 3.8 7
DAYS MIN <= 0 0 0.0 0.0 0
PRECIPITATION (INCHES)
RECORD
MAXIMUM 15.24 1949
MINIMUM 0.30 1986
TOTALS 8.85 4.82 4.03 5.12
DAILY AVG. 0.29 0.16 0.13 0.17
DAYS >= .01 14 10.6 3.4 18
DAYS >= .10 10 7.1 2.9 9
DAYS >= .50 6 3.6 2.4 5
DAYS >= 1.00 3 1.5 1.5 1
GREATEST
24 HR. TOTAL 2.57 01/24 TO 01/25
SNOWFALL (INCHES)
RECORDS
TOTAL 9.2 1940
TOTALS 1.0 0.6 0.4 T
SINCE 7/1 1.0 0.7 0.3 MM
SNOWDEPTH AVG. 0 0
DAYS >= 1.0 1 0.1 0.9 0
GREATEST
SNOW DEPTH 1 01/16 0 MM
01/17
24 HR TOTAL 1.0 01/15 TO 01/15
DEGREE DAYS
HEATING TOTAL 782 671 111 446
SINCE 7/1 1666 1760 -94 MM
COOLING TOTAL 0 1 -1 7
SINCE 1/1 0 1 -1 MM
................................................................
WIND (MPH)
AVERAGE WIND SPEED 7.4
HIGHEST WIND SPEED/DIRECTION 30/140 DATE 01/08
HIGHEST GUST SPEED/DIRECTION 47/120 DATE 01/08
SKY COVER
POSSIBLE SUNSHINE (PERCENT) MM
AVERAGE SKY COVER 0.42
NUMBER OF DAYS FAIR 14
NUMBER OF DAYS PC 9
NUMBER OF DAYS CLOUDY 8
AVERAGE RH (PERCENT) 70
WEATHER CONDITIONS. NUMBER OF DAYS WITH
THUNDERSTORM 4 MIXED PRECIP 0
HEAVY RAIN 7 RAIN 8
LIGHT RAIN 11 FREEZING RAIN 0
LT FREEZING RAIN 2 HAIL 0
HEAVY SNOW 0 SNOW 0
LIGHT SNOW 2 SLEET 2
FOG 17 FOG W/VIS <= 1/4 MILE 3
HAZE 4
- INDICATES NEGATIVE NUMBERS.
R INDICATES RECORD WAS SET OR TIED.
MM INDICATES DATA IS MISSING.
T INDICATES TRACE AMOUNT.
$$