000
CXUS53 KAPX 190730
CF6TVC
PRELIMINARY LOCAL CLIMATOLOGICAL DATA (WS FORM: F-6)
STATION: TRAVERSE CITY MI
MONTH: APRIL
YEAR: 2024
LATITUDE: 44 44 N
LONGITUDE: 85 34 W
TEMPERATURE IN F: :PCPN: SNOW: WIND :SUNSHINE: SKY :PK WND
================================================================================
1 2 3 4 5 6A 6B 7 8 9 10 11 12 13 14 15 16 17 18
12Z AVG MX 2MIN
DY MAX MIN AVG DEP HDD CDD WTR SNW DPTH SPD SPD DIR MIN PSBL S-S WX SPD DR
================================================================================
1 45 29 37 -1 28 0 0.00 M M 4.4 13 30 M M 7 1 21 20
2 46 37 42 4 23 0 0.75 M M 10.7 24 70 M M 9 14 40 80
3 47 38 43 4 22 0 0.04 M M 4.9 13 140 M M 10 1 20 160
4 44 34 39 0 26 0 0.10 M M 9.8 17 20 M M 10 1 28 10
5 49 32 41 2 24 0 0.00 M M 9.0 21 350 M M 4 32 350
6 53 26 40 0 25 0 0.00 M M 4.0 15 20 M M 1 24 360
7 64 27 46 6 19 0 0.00 M M 6.1 18 110 M M 5 28 130
8 71 47 59 19 6 0 0.00 M M 7.7 23 230 M M 5 36 200
9 68 44 56 15 9 0 T M M 8.5 23 240 M M 5 39 240
10 70 39 55 14 10 0 0.00 M M 7.2 21 240 M M 5 32 220
11 57 43 50 8 15 0 0.13 M M 4.7 13 50 M M 8 1 20 20
12 49 43 46 4 19 0 0.16 M M 16.1 31 330 M M 9 1 48 320
13 58 38 48 6 17 0 0.00 M M 9.8 18 280 M M 3 25 280
14 64 42 53 10 12 0 0.36 M M 5.6 13 30 M M 4 13 18 350
15 66 34 50 7 15 0 0.00 M M 5.5 21 310 M M 1 30 290
16 71 31 51 7 14 0 0.01 M M 8.2 23 110 M M 6 37 100
17 60 48 54 10 11 0 0.30 M M 9.7 23 150 M M 10 1 39 130
18 59 45 52 8 13 0 0.02 M M 8.6 20 270 M M 9 1 26 290
================================================================================
SM 1041 677 308 0 1.87 M 140.5 M 111
================================================================================
AV 57.8 37.6 7.8 FASTST M M 6 MAX(MPH)
MISC ----> 31 330 48 320
================================================================================
NOTES:
# LAST OF SEVERAL OCCURRENCES
COLUMN 17 PEAK WIND IN M.P.H.
PRELIMINARY LOCAL CLIMATOLOGICAL DATA (WS FORM: F-6) , PAGE 2
STATION: TRAVERSE CITY MI
MONTH: APRIL
YEAR: 2024
LATITUDE: 44 44 N
LONGITUDE: 85 34 W
[TEMPERATURE DATA] [PRECIPITATION DATA] SYMBOLS USED IN COLUMN 16
AVERAGE MONTHLY: 47.7 TOTAL FOR MONTH: 1.87 1 = FOG OR MIST
DPTR FM NORMAL: 6.7 DPTR FM NORMAL: 0.24 2 = FOG REDUCING VISIBILITY
HIGHEST: 71 ON 8,16 GRTST 24HR 0.79 ON 2- 3 TO 1/4 MILE OR LESS
LOWEST: 26 ON 6 3 = THUNDER
SNOW, ICE PELLETS, HAIL 4 = ICE PELLETS
TOTAL MONTH: M 5 = HAIL
GRTST 24HR M ON M 6 = FREEZING RAIN OR DRIZZLE
GRTST DEPTH: M ON M 7 = DUSTSTORM OR SANDSTORM:
VSBY 1/2 MILE OR LESS
8 = SMOKE OR HAZE
[NO. OF DAYS WITH] [WEATHER - DAYS WITH] 9 = BLOWING SNOW
X = TORNADO
MAX 32 OR BELOW: 0 0.01 INCH OR MORE: 9
MAX 90 OR ABOVE: 0 0.10 INCH OR MORE: 6
MIN 32 OR BELOW: 5 0.50 INCH OR MORE: 1
MIN 0 OR BELOW: 0 1.00 INCH OR MORE: 0
[HDD (BASE 65) ]
TOTAL THIS MO. 308 CLEAR (SCALE 0-3) 3
DPTR FM NORMAL -125 PTCLDY (SCALE 4-7) 9
TOTAL FM JUL 1 5244 CLOUDY (SCALE 8-10) 6
DPTR FM NORMAL -1232
[CDD (BASE 65) ]
TOTAL THIS MO. 0
DPTR FM NORMAL 0 [PRESSURE DATA]
TOTAL FM JAN 1 0 HIGHEST SLP M ON M
DPTR FM NORMAL -1 LOWEST SLP 29.15 ON 3
[REMARKS]