455
CXUS53 KAPX 010730
CF6TVC
PRELIMINARY LOCAL CLIMATOLOGICAL DATA (WS FORM: F-6)
STATION: TRAVERSE CITY MI
MONTH: MARCH
YEAR: 2021
LATITUDE: 44 44 N
LONGITUDE: 85 34 W
TEMPERATURE IN F: :PCPN: SNOW: WIND :SUNSHINE: SKY :PK WND
================================================================================
1 2 3 4 5 6A 6B 7 8 9 10 11 12 13 14 15 16 17 18
12Z AVG MX 2MIN
DY MAX MIN AVG DEP HDD CDD WTR SNW DPTH SPD SPD DIR MIN PSBL S-S WX SPD DR
================================================================================
1 33 15 24 -2 41 0 T M M 13.2 24 300 M M 9 8 35 300
2 41 12 27 1 38 0 0.00 M M 11.1 24 200 M M 5 43 210
3 45 28 37 11 28 0 0.00 M M 7.8 18 330 M M 5 1 29 350
4 30 18 24 -2 41 0 T M M 10.5 18 20 M M 5 28 360
5 38 18 28 1 37 0 0.00 M M 8.2 20 330 M M 5 30 330
6 33 22 28 1 37 0 0.00 M M 9.9 16 40 M M 4 23 30
7 43 11 27 0 38 0 0.00 M M 4.5 15 60 M M 3 22 40
8 55 32 44 16 21 0 0.00 M M 8.9 17 270 M M 5 24 270
9 59 25 42 14 23 0 0.00 M M 6.1 16 170 M M 6 1 30 190
10 63 48 56 28 9 0 T M M 11.5 21 190 M M 8 36 220
11 62 32 47 18 18 0 T M M 16.3 32 220 M M 5 50 260
12 39 21 30 1 35 0 0.00 M M 9.3 21 320 M M 2 30 330
13 53 18 36 7 29 0 0.00 M M 9.4 24 230 M M 1 39 210
14 42 24 33 3 32 0 0.00 M M 10.7 20 360 M M 3 30 10
15 42 18 30 0 35 0 0.00 M M 8.4 18 110 M M 6 29 80
16 36 26 31 1 34 0 0.20 M M 2.8 14 100 M M 10 168 21 80
17 36 31 34 3 31 0 0.15 M M 2.9 8 50 M M 10 M M
18 45 30 38 7 27 0 0.00 M M 11.3 21 40 M M 6 1 30 20
19 49 21 35 3 30 0 0.00 M M 3.0 14 30 M M 0 20 30
20 60 24 42 10 23 0 0.00 M M 5.8 16 260 M M 0 23 260
21 68 29 49 17 16 0 0.00 M M 7.1 20 220 M M 3 29 180
22 69 46 58 25 7 0 0.00 M M 9.3 21 220 M M 7 31 230
23 70 47 59 26 6 0 T M M 4.1 12 160 M M 10 20 150
24 67 49 58 24 7 0 0.04 M M 12.4 28 220 M M 9 45 220
25 49 34 42 8 23 0 0.00 M M 10.6 22 270 M M 10 18 32 220
26 37 31 34 0 31 0 T M M 8.5 17 20 M M 10 8 26 10
27 44 26 35 0 30 0 0.06 M M 3.9 10 150 M M 7 1 16 160
28 40 32 36 1 29 0 0.06 M M 12.7 28 300 M M 10 18 40 320
29 55 22 39 3 26 0 0.00 M M 8.2 16 180 M M 3 33 160
30 66 44 55 19 10 0 0.00 M M 15.3 26 230 M M 5 41 220
31 44 25 35 -2 30 0 T M M 12.0 21 270 M M 8 18 31 350
================================================================================
SM 1513 859 822 0 0.51 M 275.7 M 180
================================================================================
AV 48.8 27.7 8.9 FASTST M M 6 MAX(MPH)
MISC ----> 32 220 50 260
================================================================================
NOTES:
# LAST OF SEVERAL OCCURRENCES
COLUMN 17 PEAK WIND IN M.P.H.
PRELIMINARY LOCAL CLIMATOLOGICAL DATA (WS FORM: F-6) , PAGE 2
STATION: TRAVERSE CITY MI
MONTH: MARCH
YEAR: 2021
LATITUDE: 44 44 N
LONGITUDE: 85 34 W
[TEMPERATURE DATA] [PRECIPITATION DATA] SYMBOLS USED IN COLUMN 16
AVERAGE MONTHLY: 38.3 TOTAL FOR MONTH: 0.51 1 = FOG OR MIST
DPTR FM NORMAL: 7.5 DPTR FM NORMAL: -1.35 2 = FOG REDUCING VISIBILITY
HIGHEST: 70 ON 23 GRTST 24HR 0.20 ON 16-16 TO 1/4 MILE OR LESS
LOWEST: 11 ON 7 3 = THUNDER
SNOW, ICE PELLETS, HAIL 4 = ICE PELLETS
TOTAL MONTH: M 5 = HAIL
GRTST 24HR M ON M 6 = FREEZING RAIN OR DRIZZLE
GRTST DEPTH: M ON M 7 = DUSTSTORM OR SANDSTORM:
VSBY 1/2 MILE OR LESS
8 = SMOKE OR HAZE
[NO. OF DAYS WITH] [WEATHER - DAYS WITH] 9 = BLOWING SNOW
X = TORNADO
MAX 32 OR BELOW: 1 0.01 INCH OR MORE: 5
MAX 90 OR ABOVE: 0 0.10 INCH OR MORE: 2
MIN 32 OR BELOW: 25 0.50 INCH OR MORE: 0
MIN 0 OR BELOW: 0 1.00 INCH OR MORE: 0
[HDD (BASE 65) ]
TOTAL THIS MO. 822 CLEAR (SCALE 0-3) 7
DPTR FM NORMAL -240 PTCLDY (SCALE 4-7) 15
TOTAL FM JUL 1 5548 CLOUDY (SCALE 8-10) 9
DPTR FM NORMAL -854
[CDD (BASE 65) ]
TOTAL THIS MO. 0
DPTR FM NORMAL 0 [PRESSURE DATA]
TOTAL FM JAN 1 0 HIGHEST SLP 30.59 ON 19
DPTR FM NORMAL 0 LOWEST SLP 29.53 ON 24
[REMARKS]
#FINAL-03-21#