000
CXUS55 KBOI 011002
CF6TWF
PRELIMINARY LOCAL CLIMATOLOGICAL DATA (WS FORM: F-6)
STATION: TWIN FALLS ID
MONTH: SEPTEMBER
YEAR: 2020
LATITUDE: 42 28 N
LONGITUDE: 114 29 W
TEMPERATURE IN F: :PCPN: SNOW: WIND :SUNSHINE: SKY :PK WND
================================================================================
1 2 3 4 5 6A 6B 7 8 9 10 11 12 13 14 15 16 17 18
12Z AVG MX 2MIN
DY MAX MIN AVG DEP HDD CDD WTR SNW DPTH SPD SPD DIR MIN PSBL S-S WX SPD DR
================================================================================
1 76 47 62 -6 3 0 0.00 M M 9.3 16 310 M M 0 22 300
2 90 59 75 8 0 10 0.00 M M 10.9 17 310 M M 0 22 320
3 90 62 76 9 0 11 0.00 M M 11.4 18 210 M M 0 23 220
4 94 61 78 11 0 13 0.00 M M 8.7 15 210 M M 0 19 220
5 98 55 77 11 0 12 0.00 M M 7.2 16 210 M M 0 20 220
6 90 63 77 11 0 12 0.00 M M 12.9 17 220 M M 1 8 21 210
7 85 44 65 -1 0 0 0.01 M M 20.8 41 90 M M 3 8 52 90
8 61 41 51 -14 14 0 T M M 7.2 16 50 M M 4 20 50
9 70 30 50 -15 15 0 0.00 M M 9.6 22 80 M M 0 27 80
10 77 45 61 -4 4 0 0.00 M M 7.8 15 200 M M 0 19 210
11 84 54 69 5 0 4 0.00 M M 11.5 17 220 M M 0 23 210
12 80 57 69 5 0 4 0.00 M M 9.7 20 210 M M 3 8 24 210
13 87 44 66 2 0 1 0.00 M M 8.8 16 200 M M 3 8 20 200
14 90 45 68 5 0 3 0.00 M M 7.6 18 190 M M 0 8 22 200
15 86 54 70 7 0 5 0.00 M M 7.8 15 200 M M 0 8 18 210
16 87 55 71 9 0 6 0.00 M M 8.1 15 200 M M 0 8 18 200
17 88 51 70 8 0 5 0.00 M M 9.2 20 180 M M 0 8 26 190
18 83 56 70 8 0 5 T M M 9.8 29 200 M M 2 8 38 200
19 71 50 61 0 4 0 T M M 13.1 23 280 M M 2 8 29 290
20 74 48 61 0 4 0 0.00 M M 8.0 14 210 M M 0 17 210
21 82 38 60 0 5 0 0.00 M M 7.3 16 200 M M 0 8 21 200
22 80 52 66 6 0 1 0.00 M M 9.3 16 210 M M 0 8 20 200
23 79 54 67 8 0 2 0.00 M M 9.5 18 210 M M 0 8 22 210
24 79 55 67 8 0 2 0.00 M M 13.4 20 310 M M 0 8 25 300
25 76 46 61 2 4 0 0.00 M M 8.5 13 250 M M 1 17 290
26 63 45 54 -4 11 0 0.00 M M 13.8 22 290 M M 7 28 280
27 65 43 54 -4 11 0 0.00 M M 12.5 22 280 M M 1 27 270
28 70 38 54 -3 11 0 0.00 M M 7.2 14 210 M M 0 8 19 200
29 79 39 59 2 6 0 0.00 M M 7.5 13 210 M M 0 8 15 60
30 78 47 63 7 2 0 0.00 M M 8.8 15 210 M M 0 18 200
================================================================================
SM 2412 1478 94 96 0.01 M 297.2 M 27
================================================================================
AV 80.4 49.3 9.9 FASTST M M 1 MAX(MPH)
MISC ----> 41 90 52 90
================================================================================
NOTES:
# LAST OF SEVERAL OCCURRENCES
COLUMN 17 PEAK WIND IN M.P.H.
PRELIMINARY LOCAL CLIMATOLOGICAL DATA (WS FORM: F-6) , PAGE 2
STATION: TWIN FALLS ID
MONTH: SEPTEMBER
YEAR: 2020
LATITUDE: 42 28 N
LONGITUDE: 114 29 W
[TEMPERATURE DATA] [PRECIPITATION DATA] SYMBOLS USED IN COLUMN 16
AVERAGE MONTHLY: 64.8 TOTAL FOR MONTH: 0.01 1 = FOG OR MIST
DPTR FM NORMAL: 2.4 DPTR FM NORMAL: -0.56 2 = FOG REDUCING VISIBILITY
HIGHEST: 98 ON 5 GRTST 24HR 0.01 ON 7- 7 TO 1/4 MILE OR LESS
LOWEST: 30 ON 9 3 = THUNDER
SNOW, ICE PELLETS, HAIL 4 = ICE PELLETS
TOTAL MONTH: M 5 = HAIL
GRTST 24HR M ON M 6 = FREEZING RAIN OR DRIZZLE
GRTST DEPTH: M ON M 7 = DUSTSTORM OR SANDSTORM:
VSBY 1/2 MILE OR LESS
8 = SMOKE OR HAZE
[NO. OF DAYS WITH] [WEATHER - DAYS WITH] 9 = BLOWING SNOW
X = TORNADO
MAX 32 OR BELOW: 0 0.01 INCH OR MORE: 1
MAX 90 OR ABOVE: 6 0.10 INCH OR MORE: 0
MIN 32 OR BELOW: 1 0.50 INCH OR MORE: 0
MIN 0 OR BELOW: 0 1.00 INCH OR MORE: 0
[HDD (BASE 65) ]
TOTAL THIS MO. 94 CLEAR (SCALE 0-3) 28
DPTR FM NORMAL -46 PTCLDY (SCALE 4-7) 2
TOTAL FM JUL 1 107 CLOUDY (SCALE 8-10) 0
DPTR FM NORMAL -54
[CDD (BASE 65) ]
TOTAL THIS MO. 96
DPTR FM NORMAL 35 [PRESSURE DATA]
TOTAL FM JAN 1 756 HIGHEST SLP 30.43 ON 28
DPTR FM NORMAL 78 LOWEST SLP 29.61 ON 7
[REMARKS]
#FINAL-09-20#