000
CXUS54 KSHV 030353
CF6TXK
PRELIMINARY LOCAL CLIMATOLOGICAL DATA (WS FORM: F-6)
STATION: TEXARKANA
MONTH: JULY
YEAR: 2023
LATITUDE: 33 27 N
LONGITUDE: 94 0 W
TEMPERATURE IN F: :PCPN: SNOW: WIND :SUNSHINE: SKY :PK WND
================================================================================
1 2 3 4 5 6A 6B 7 8 9 10 11 12 13 14 15 16 17 18
12Z AVG MX 2MIN
DY MAX MIN AVG DEP HDD CDD WTR SNW DPTH SPD SPD DIR MIN PSBL S-S WX SPD DR
================================================================================
1 98 82 90 9 0 25 0.00 0.0 0 6.7 17 230 M M 0 24 230
2 98 76 87 6 0 22 0.18 0.0 0 6.4 28 240 M M 1 3 43 260
3 99 76 88 7 0 23 0.02 0.0 0 4.0 22 200 M M 2 3 30 210
4 94 76 85 3 0 20 T 0.0 0 4.3 15 310 M M 2 3 19 300
5 97 76 87 5 0 22 0.00 0.0 0 6.0 14 40 M M 1 38 18 260
6 94 74 84 2 0 19 0.44 0.0 0 5.0 25 310 M M 2 13 40 310
7 96 74 85 3 0 20 0.00 0.0 0 6.2 16 210 M M 4 12 21 230
8 91 72 82 0 0 17 0.66 0.0 0 7.6 21 10 M M 2 13 31 350
9 88 71 80 -2 0 15 0.86 0.0 0 3.9 15 260 M M 5 13 22 250
10 88 72 80 -2 0 15 0.00 0.0 0 4.1 8 120 M M 6 128 13 40
11 89 76 83 1 0 18 0.13 0.0 0 5.5 25 270 M M 7 13 33 270
12 96 79 88 6 0 23 0.10 0.0 0 6.9 17 200 M M 6 13 26 170
13 96 82 89 7 0 24 0.00 0.0 0 6.9 15 160 M M 2 19 160
14 90 80 85 3 0 20 0.02 0.0 0 5.8 14 210 M M 2 13 19 230
15 97 80 89 6 0 24 0.05 0.0 0 6.5 17 150 M M 3 13 23 250
16 94 73 84 1 0 19 0.87 0.0 0 4.6 36 300 M M 2 13 48 320
17 98 72 85 2 0 20 0.00 0.0 0 4.9 12 200 M M 0 16 180
18 100 79 90 7 0 25 0.00 0.0 0 9.7 17 240 M M 0 24 230
19 98 81 90 7 0 25 0.00 0.0 0 9.5 18 220 M M 0 24 220
20 97 81 89 6 0 24 0.00 0.0 0 6.9 14 230 M M 0 8 18 200
21 99 80 90 7 0 25 T 0.0 0 5.8 14 240 M M 0 3 18 260
22 94 75 85 2 0 20 T 0.0 0 5.6 13 360 M M 5 3 18 360
23 95 71 83 0 0 18 0.00 0.0 0 2.5 8 80 M M 0 12 170
24 97 70 84 1 0 19 0.00 0.0 0 4.8 12 150 M M 0 17 190
25 100 76 88 5 0 23 0.00 0.0 0 6.7 13 170 M M 1 19 200
26 99 80 90 7 0 25 0.00 0.0 0 8.1 16 220 M M 0 8 21 200
27 100 78 89 6 0 24 0.00 0.0 0 5.7 16 220 M M 0 20 210
28 102 81 92 9 0 27 0.00 0.0 0 5.8 13 250 M M 1 17 250
29 103 81 92 9 0 27 0.00 0.0 0 5.5 13 230 M M 1 8 19 230
30 M 79 M M M M 0.00 0.0 0 2.5 10 360 M M 0 15 360
31 95 76 86 3 0 21 0.00 0.0 0 4.8 16 60 M M 1 25 50
================================================================================
SM 2882 2379 0 649 3.33 0.0 179.2 M 56
================================================================================
AV 96.1 76.7 5.8 FASTST M M 2 MAX(MPH)
MISC ----> 36 300 48 320
================================================================================
NOTES:
# LAST OF SEVERAL OCCURRENCES
COLUMN 17 PEAK WIND IN M.P.H.
PRELIMINARY LOCAL CLIMATOLOGICAL DATA (WS FORM: F-6) , PAGE 2
STATION: TEXARKANA
MONTH: JULY
YEAR: 2023
LATITUDE: 33 27 N
LONGITUDE: 94 0 W
[TEMPERATURE DATA] [PRECIPITATION DATA] SYMBOLS USED IN COLUMN 16
AVERAGE MONTHLY: 86.4 TOTAL FOR MONTH: 3.33 1 = FOG OR MIST
DPTR FM NORMAL: 3.9 DPTR FM NORMAL: -0.04 2 = FOG REDUCING VISIBILITY
HIGHEST: 103 ON 29 GRTST 24HR 1.52 ON 8- 9 TO 1/4 MILE OR LESS
LOWEST: 70 ON 24 3 = THUNDER
SNOW, ICE PELLETS, HAIL 4 = ICE PELLETS
TOTAL MONTH: 0.0 INCH 5 = HAIL
GRTST 24HR 0.0 6 = FREEZING RAIN OR DRIZZLE
GRTST DEPTH: 0 7 = DUSTSTORM OR SANDSTORM:
VSBY 1/2 MILE OR LESS
8 = SMOKE OR HAZE
[NO. OF DAYS WITH] [WEATHER - DAYS WITH] 9 = BLOWING SNOW
X = TORNADO
MAX 32 OR BELOW: 0 0.01 INCH OR MORE: 10
MAX 90 OR ABOVE: 27 0.10 INCH OR MORE: 7
MIN 32 OR BELOW: 0 0.50 INCH OR MORE: 3
MIN 0 OR BELOW: 0 1.00 INCH OR MORE: 0
[HDD (BASE 65) ]
TOTAL THIS MO. 0 CLEAR (SCALE 0-3) 25
DPTR FM NORMAL 0 PTCLDY (SCALE 4-7) 6
TOTAL FM JUL 1 0 CLOUDY (SCALE 8-10) 0
DPTR FM NORMAL 0
[CDD (BASE 65) ]
TOTAL THIS MO. 649
DPTR FM NORMAL 107 [PRESSURE DATA]
TOTAL FM JAN 1 1748 HIGHEST SLP 30.13 ON 24
DPTR FM NORMAL 468 LOWEST SLP 29.81 ON 14
[REMARKS]
#FINAL-07-23#