000
CXUS54 KSHV 011300
CF6TXK
PRELIMINARY LOCAL CLIMATOLOGICAL DATA (WS FORM: F-6)
STATION: TEXARKANA
MONTH: APRIL
YEAR: 2023
LATITUDE: 33 27 N
LONGITUDE: 94 0 W
TEMPERATURE IN F: :PCPN: SNOW: WIND :SUNSHINE: SKY :PK WND
================================================================================
1 2 3 4 5 6A 6B 7 8 9 10 11 12 13 14 15 16 17 18
12Z AVG MX 2MIN
DY MAX MIN AVG DEP HDD CDD WTR SNW DPTH SPD SPD DIR MIN PSBL S-S WX SPD DR
================================================================================
1 80 53 67 7 0 2 0.00 0.0 0 6.2 15 290 M M 0 23 290
2 83 50 67 7 0 2 1.27 0.0 0 8.1 17 130 M M 2 13 26 150
3 90 62 76 15 0 11 0.00 0.0 0 8.9 18 200 M M 0 28 220
4 86 72 79 18 0 14 0.74 0.0 0 13.3 23 150 M M 2 3 36 170
5 78 56 67 6 0 2 0.60 0.0 0 8.4 30 290 M M 6 1 56 280
6 57 50 54 -7 11 0 0.09 0.0 0 9.4 20 50 M M 8 28 40
7 62 53 58 -4 7 0 0.00 0.0 0 10.1 16 40 M M 10 26 60
8 75 56 66 4 0 1 T 0.0 0 6.1 13 40 M M 5 18 40
9 69 51 60 -2 5 0 0.00 0.0 0 4.4 10 40 M M 6 15 50
10 76 52 64 2 1 0 0.00 0.0 0 4.3 13 130 M M 3 1 20 80
11 79 52 66 3 0 1 0.00 0.0 0 4.1 14 50 M M 2 20 40
12 81 52 67 4 0 2 0.00 0.0 0 3.3 13 170 M M 1 18 170
13 76 59 68 5 0 3 0.00 0.0 0 4.8 14 230 M M 4 18 230
14 85 57 71 8 0 6 0.00 0.0 0 8.6 16 160 M M 1 28 190
15 93 57 75 11 0 10 T 0.0 0 12.3 25 320 M M 5 38 310
16 74 50 62 -2 3 0 0.00 0.0 0 9.5 24 300 M M 0 35 280
17 82 45 64 0 1 0 0.00 0.0 0 6.2 14 210 M M 0 18 230
18 84 56 70 6 0 5 T 0.0 0 11.0 23 220 M M 0 8 33 230
19 86 61 74 10 0 9 0.00 0.0 0 11.7 22 200 M M 5 30 160
20 80 66 73 8 0 8 2.44 0.0 0 11.2 24 270 M M 8 13 32 270
21 76 56 66 1 0 1 0.04 0.0 0 6.9 18 40 M M 5 1 30 80
22 76 53 65 0 0 0 0.00 0.0 0 5.3 21 360 M M 3 25 40
23 57 47 52 -13 13 0 0.02 0.0 0 7.2 16 40 M M 8 24 40
24 72 45 59 -7 6 0 0.00 0.0 0 5.8 15 60 M M 3 22 60
25 66 53 60 -6 5 0 T 0.0 0 8.1 17 60 M M 9 24 50
26 69 53 61 -5 4 0 0.71 0.0 0 8.3 20 120 M M 9 13 26 100
27 75 59 67 1 0 2 0.03 0.0 0 7.9 16 280 M M 8 138 24 90
28 78 54 66 0 0 1 0.60 0.0 0 4.8 17 290 M M 3 13 23 290
29 69 54 62 -5 3 0 0.18 0.0 0 10.0 23 300 M M 7 138 30 300
30 81 50 66 -1 0 1 0.00 0.0 0 6.2 16 300 M M 0 22 290
================================================================================
SM 2295 1634 59 81 6.72 0.0 232.4 M 123
================================================================================
AV 76.5 54.5 7.7 FASTST M M 4 MAX(MPH)
MISC ----> 30 290 56 280
================================================================================
NOTES:
# LAST OF SEVERAL OCCURRENCES
COLUMN 17 PEAK WIND IN M.P.H.
PRELIMINARY LOCAL CLIMATOLOGICAL DATA (WS FORM: F-6) , PAGE 2
STATION: TEXARKANA
MONTH: APRIL
YEAR: 2023
LATITUDE: 33 27 N
LONGITUDE: 94 0 W
[TEMPERATURE DATA] [PRECIPITATION DATA] SYMBOLS USED IN COLUMN 16
AVERAGE MONTHLY: 65.5 TOTAL FOR MONTH: 6.72 1 = FOG OR MIST
DPTR FM NORMAL: 1.9 DPTR FM NORMAL: 2.29 2 = FOG REDUCING VISIBILITY
HIGHEST: 93 ON 15 GRTST 24HR 2.48 ON 20-21 TO 1/4 MILE OR LESS
LOWEST: 45 ON 24,17 3 = THUNDER
SNOW, ICE PELLETS, HAIL 4 = ICE PELLETS
TOTAL MONTH: 0.0 INCH 5 = HAIL
GRTST 24HR 0.0 6 = FREEZING RAIN OR DRIZZLE
GRTST DEPTH: 0 7 = DUSTSTORM OR SANDSTORM:
VSBY 1/2 MILE OR LESS
8 = SMOKE OR HAZE
[NO. OF DAYS WITH] [WEATHER - DAYS WITH] 9 = BLOWING SNOW
X = TORNADO
MAX 32 OR BELOW: 0 0.01 INCH OR MORE: 11
MAX 90 OR ABOVE: 2 0.10 INCH OR MORE: 7
MIN 32 OR BELOW: 0 0.50 INCH OR MORE: 6
MIN 0 OR BELOW: 0 1.00 INCH OR MORE: 2
[HDD (BASE 65) ]
TOTAL THIS MO. 59 CLEAR (SCALE 0-3) 14
DPTR FM NORMAL -54 PTCLDY (SCALE 4-7) 12
TOTAL FM JUL 1 1658 CLOUDY (SCALE 8-10) 4
DPTR FM NORMAL -902
[CDD (BASE 65) ]
TOTAL THIS MO. 81
DPTR FM NORMAL 10 [PRESSURE DATA]
TOTAL FM JAN 1 200 HIGHEST SLP 30.32 ON 10
DPTR FM NORMAL 102 LOWEST SLP 29.59 ON 4
[REMARKS]
#FINAL-04-23#