000
CXUS55 KSEW 050126
CF6UIL
PRELIMINARY LOCAL CLIMATOLOGICAL DATA (WS FORM: F-6)
STATION: QUILLAYUTE WA AIRPORT
MONTH: APRIL
YEAR: 2020
LATITUDE: 47 57 N
LONGITUDE: 124 33 W
TEMPERATURE IN F: :PCPN: SNOW: WIND :SUNSHINE: SKY :PK WND
================================================================================
1 2 3 4 5 6A 6B 7 8 9 10 11 12 13 14 15 16 17 18
12Z AVG MX 2MIN
DY MAX MIN AVG DEP HDD CDD WTR SNW DPTH SPD SPD DIR MIN PSBL S-S WX SPD DR
================================================================================
1 52 32 42 -3 23 0 0.03 0.0 0 5.2 16 300 M M 6 12 23 290
2 46 36 41 -4 24 0 0.08 0.0 0 3.5 15 280 M M 10 1 18 270
3 48 36 42 -4 23 0 0.06 0.0 0 6.1 18 260 M M 10 1 25 240
4 49 35 42 -4 23 0 T 0.0 0 5.1 14 50 M M 10 19 50
5 57 36 47 1 18 0 0.00 0.0 0 5.5 13 50 M M 7 17 260
6 55 28 42 -4 23 0 0.00 0.0 0 3.9 14 240 M M 1 17 250
7 53 33 43 -3 22 0 0.00 0.0 0 3.7 14 260 M M 5 18 250
8 62 29 46 0 19 0 0.00 0.0 0 5.8 15 330 M M 0 20 320
9 63 32 48 2 17 0 0.00 0.0 0 4.3 16 340 M M 2 18 23 340
10 52 46 49 3 16 0 0.00 0.0 0 4.4 12 270 M M 10 18 17 260
11 61 37 49 3 16 0 0.00 0.0 0 5.3 18 230 M M 4 1 26 70
12 64 28 46 0 19 0 0.00 0.0 0 5.6 18 20 M M 0 24 30
13 61 27 44 -2 21 0 0.00 0.0 0 3.8 15 240 M M 0 18 270
14 55 36 46 0 19 0 0.00 0.0 0 3.3 14 260 M M 10 12 17 220
15 57 40 49 3 16 0 0.00 0.0 0 5.1 16 240 M M 5 12 18 280
16 66 33 50 3 15 0 0.00 0.0 0 4.9 14 220 M M 0 1 18 260
17 61 33 47 0 18 0 0.00 0.0 0 3.5 16 270 M M 5 12 19 270
18 58 45 52 5 13 0 0.01 0.0 0 3.5 12 220 M M 10 1 16 210
19 60 39 50 3 15 0 0.04 0.0 0 4.1 16 250 M M 7 1 21 250
20 57 36 47 0 18 0 0.00 0.0 0 3.7 14 250 M M 8 12 17 260
21 59 47 53 6 12 0 0.01 0.0 0 5.9 16 220 M M 10 1 20 220
22 54 47 51 4 14 0 1.04 0.0 0 4.9 10 200 M M 9 12 14 200
23 57 46 52 4 13 0 0.04 0.0 0 4.4 12 250 M M 10 18 17 200
24 58 45 52 4 13 0 0.11 0.0 0 4.4 13 200 M M 9 18 20 180
25 56 47 52 4 13 0 0.68 0.0 0 10.3 24 250 M M 9 1 30 240
26 57 44 51 3 14 0 0.67 0.0 0 7.0 18 140 M M 8 1 27 200
27 55 40 48 0 17 0 0.07 0.0 0 8.1 20 240 M M 7 1 25 250
28 55 40 48 0 17 0 0.09 0.0 0 4.2 12 180 M M 7 1 17 190
29 58 44 51 3 14 0 0.44 0.0 0 6.5 21 190 M M 8 1 33 180
30 55 44 50 1 15 0 0.19 0.0 0 5.8 16 220 M M 8 1 21 210
================================================================================
SM 1701 1141 520 0 3.56 0.0 151.8 M 195
================================================================================
AV 56.7 38.0 5.1 FASTST M M 7 MAX(MPH)
MISC ----> # 24 250 # 33 180
================================================================================
NOTES:
# LAST OF SEVERAL OCCURRENCES
COLUMN 17 PEAK WIND IN M.P.H.
PRELIMINARY LOCAL CLIMATOLOGICAL DATA (WS FORM: F-6) , PAGE 2
STATION: QUILLAYUTE WA AIRPORT
MONTH: APRIL
YEAR: 2020
LATITUDE: 47 57 N
LONGITUDE: 124 33 W
[TEMPERATURE DATA] [PRECIPITATION DATA] SYMBOLS USED IN COLUMN 16
AVERAGE MONTHLY: 47.4 TOTAL FOR MONTH: 3.56 1 = FOG OR MIST
DPTR FM NORMAL: 0.7 DPTR FM NORMAL: -4.29 2 = FOG REDUCING VISIBILITY
HIGHEST: 66 ON 16 GRTST 24HR 1.04 ON 22-22 TO 1/4 MILE OR LESS
LOWEST: 27 ON 13 3 = THUNDER
SNOW, ICE PELLETS, HAIL 4 = ICE PELLETS
TOTAL MONTH: 0.0 INCH 5 = HAIL
GRTST 24HR 0.0 6 = FREEZING RAIN OR DRIZZLE
GRTST DEPTH: 0 7 = DUSTSTORM OR SANDSTORM:
VSBY 1/2 MILE OR LESS
8 = SMOKE OR HAZE
[NO. OF DAYS WITH] [WEATHER - DAYS WITH] 9 = BLOWING SNOW
X = TORNADO
MAX 32 OR BELOW: 0 0.01 INCH OR MORE: 15
MAX 90 OR ABOVE: 0 0.10 INCH OR MORE: 6
MIN 32 OR BELOW: 6 0.50 INCH OR MORE: 3
MIN 0 OR BELOW: 0 1.00 INCH OR MORE: 1
[HDD (BASE 65) ]
TOTAL THIS MO. 520 CLEAR (SCALE 0-3) 6
DPTR FM NORMAL -29 PTCLDY (SCALE 4-7) 13
TOTAL FM JUL 1 4830 CLOUDY (SCALE 8-10) 11
DPTR FM NORMAL -212
[CDD (BASE 65) ]
TOTAL THIS MO. 0
DPTR FM NORMAL 0 [PRESSURE DATA]
TOTAL FM JAN 1 0 HIGHEST SLP 30.44 ON 13
DPTR FM NORMAL 0 LOWEST SLP 29.60 ON 5
[REMARKS]
CORRECTED@ @
#FINAL-04-20#