000
CXUS53 KLSX 011500
CF6UIN
PRELIMINARY LOCAL CLIMATOLOGICAL DATA (WS FORM: F-6)
STATION: QUINCY IL
MONTH: DECEMBER
YEAR: 2021
LATITUDE: 39 57 N
LONGITUDE: 91 12 W
TEMPERATURE IN F: :PCPN: SNOW: WIND :SUNSHINE: SKY :PK WND
================================================================================
1 2 3 4 5 6A 6B 7 8 9 10 11 12 13 14 15 16 17 18
12Z AVG MX 2MIN
DY MAX MIN AVG DEP HDD CDD WTR SNW DPTH SPD SPD DIR MIN PSBL S-S WX SPD DR
================================================================================
1 59 40 50 14 15 0 0.21 0.0 0 8.9 16 240 M M 3 1 23 150
2 64 44 54 18 11 0 0.00 0.0 0 9.0 16 240 M M 0 24 230
3 62 37 50 15 15 0 0.00 0.0 0 8.2 14 10 M M 0 8 18 360
4 48 31 40 5 25 0 0.00 0.0 0 9.1 17 110 M M 0 1 25 110
5 59 35 47 12 18 0 T 0.0 0 12.0 24 320 M M 8 35 320
6 45 17 31 -3 34 0 0.00 0.0 0 16.1 32 320 M M 1 42 320
7 29 18 24 -10 41 0 0.00 0.0 0 9.4 16 150 M M 3 21 140
8 42 25 34 0 31 0 0.00 0.0 0 8.2 15 120 M M 2 21 120
9 61 32 47 14 18 0 0.00 0.0 0 10.9 23 230 M M 1 33 250
10 63 33 48 15 17 0 0.25 0.0 0 12.5 24 250 M M 4 128 35 200
11 59 30 45 12 20 0 0.00 0.0 0 17.2 35 270 M M 5 46 260
12 51 29 40 8 25 0 0.00 0.0 0 12.1 20 210 M M 0 27 210
13 53 33 43 11 22 0 0.00 0.0 0 8.2 14 230 M M 0 18 230
14 60 34 47 15 18 0 0.00 0.0 0 10.2 17 180 M M 1 27 180
15 75 60 68 36 0 3 T 0.0 0 20.1 41 250 M M 9 8 61 240
16 63 33 48 17 17 0 0.00 0.0 0 12.2 29 260 M M 2 8 43 250
17 36 23 30 -1 35 0 0.07 0.0 0 8.5 15 100 M M 6 1 21 110
18 38 21 30 -1 35 0 0.00 0.0 0 10.7 22 340 M M 5 1 27 340
19 35 17 26 -5 39 0 0.00 0.0 0 6.2 14 180 M M 0 22 180
20 47 26 37 7 28 0 0.00 0.0 0 9.6 20 200 M M 0 25 190
21 46 20 33 3 32 0 0.00 0.0 0 8.4 21 290 M M 0 29 260
22 39 17 28 -2 37 0 0.00 0.0 0 7.9 16 340 M M 0 22 150
23 58 34 46 16 19 0 0.00 0.0 0 12.3 25 210 M M 0 35 240
24 69 43 56 27 9 0 T 0.0 0 11.6 29 200 M M 1 1 40 190
25 59 34 47 18 18 0 0.02 0.0 0 7.5 15 350 M M 8 12 20 360
26 53 29 41 12 24 0 T 0.0 0 12.0 26 120 M M 9 12 38 120
27 61 35 48 19 17 0 0.00 0.0 0 11.4 24 230 M M 2 18 40 220
28 46 34 40 12 25 0 0.77 0.0 0 12.0 25 120 M M 8 1 34 130
29 34 27 31 3 34 0 T M M 10.3 17 40 M M 7 18 23 30
30 37 29 33 5 32 0 0.00 0.0 M 5.1 15 250 M M 9 18 21 230
31 58 28 43 15 22 0 0.00 0.0 M 10.1 20 350 M M 6 12 26 330
================================================================================
SM 1609 948 733 3 1.32 0.0 327.9 M 100
================================================================================
AV 51.9 30.6 10.6 FASTST M M 3 MAX(MPH)
MISC ----> 41 250 61 240
================================================================================
NOTES:
# LAST OF SEVERAL OCCURRENCES
COLUMN 17 PEAK WIND IN M.P.H.
PRELIMINARY LOCAL CLIMATOLOGICAL DATA (WS FORM: F-6) , PAGE 2
STATION: QUINCY IL
MONTH: DECEMBER
YEAR: 2021
LATITUDE: 39 57 N
LONGITUDE: 91 12 W
[TEMPERATURE DATA] [PRECIPITATION DATA] SYMBOLS USED IN COLUMN 16
AVERAGE MONTHLY: 41.2 TOTAL FOR MONTH: 1.32 1 = FOG OR MIST
DPTR FM NORMAL: 9.6 DPTR FM NORMAL: -0.48 2 = FOG REDUCING VISIBILITY
HIGHEST: 75 ON 15 GRTST 24HR 0.77 ON 28-28 TO 1/4 MILE OR LESS
LOWEST: 17 ON 22,19 3 = THUNDER
SNOW, ICE PELLETS, HAIL 4 = ICE PELLETS
TOTAL MONTH: 0.0 INCH 5 = HAIL
GRTST 24HR 0.0 6 = FREEZING RAIN OR DRIZZLE
GRTST DEPTH: 0 7 = DUSTSTORM OR SANDSTORM:
VSBY 1/2 MILE OR LESS
8 = SMOKE OR HAZE
[NO. OF DAYS WITH] [WEATHER - DAYS WITH] 9 = BLOWING SNOW
X = TORNADO
MAX 32 OR BELOW: 1 0.01 INCH OR MORE: 5
MAX 90 OR ABOVE: 0 0.10 INCH OR MORE: 3
MIN 32 OR BELOW: 17 0.50 INCH OR MORE: 1
MIN 0 OR BELOW: 0 1.00 INCH OR MORE: 0
[HDD (BASE 65) ]
TOTAL THIS MO. 733 CLEAR (SCALE 0-3) 19
DPTR FM NORMAL -302 PTCLDY (SCALE 4-7) 7
TOTAL FM JUL 1 1616 CLOUDY (SCALE 8-10) 5
DPTR FM NORMAL -510
[CDD (BASE 65) ]
TOTAL THIS MO. 3
DPTR FM NORMAL 3 [PRESSURE DATA]
TOTAL FM JAN 1 1362 HIGHEST SLP 30.43 ON 19
DPTR FM NORMAL 209 LOWEST SLP 29.30 ON 10
[REMARKS]
#FINAL-12-21#