000
CXUS53 KLSX 011521
CLMUIN
CLIMATE REPORT
NATIONAL WEATHER SERVICE ST LOUIS MO
921 AM CST MON JAN 01 2024
...................................
...THE QUINCY IL CLIMATE SUMMARY FOR THE MONTH OF DECEMBER 2023...
CLIMATE NORMAL PERIOD 1991 TO 2020
CLIMATE RECORD PERIOD 1901 TO 2023
WEATHER OBSERVED NORMAL DEPART LAST YEAR`S
VALUE DATE(S) VALUE FROM VALUE
NORMAL
..............................................................
TEMPERATURE (F)
RECORD
HIGH 75 12/15/2021
LOW -22 12/22/1989
HIGHEST 65 12/07 70
LOWEST 17 12/19 -10
AVG. MAXIMUM 47.1 39.3 7.8 39.3
AVG. MINIMUM 33.5 23.9 9.6 22.6
MEAN 40.3 31.6 8.7 31.0
DAYS MAX >= 90 0 0.0 0.0 0
DAYS MAX <= 32 0 9.1 -9.1 9
DAYS MIN <= 32 15 24.7 -9.7 23
DAYS MIN <= 0 0 0.8 -0.8 2
PRECIPITATION (INCHES)
RECORD
MAXIMUM 8.62 1982
MINIMUM 0.15 1955
TOTALS 2.26 1.80 0.46 1.65
DAILY AVG. 0.07 0.06 0.01 0.06
DAYS >= .01 12 7.2 4.8 4
DAYS >= .10 7 3.8 3.2 3
DAYS >= .50 1 1.1 -0.1 1
DAYS >= 1.00 0 0.5 -0.5 1
GREATEST
24 HR. TOTAL 0.57 12/24 TO 12/25
DEGREE DAYS
HEATING TOTAL 760 1035 -275 1048
SINCE 7/1 1651 2126 -475 MM
COOLING TOTAL 0 0 0 0
SINCE 1/1 1279 1153 126 MM
..............................................................
WIND (MPH)
HIGHEST WIND SPEED/DIRECTION 33/320 DATE 12/18
HIGHEST GUST SPEED/DIRECTION 50/320 DATE 12/18
SKY COVER
NUMBER OF DAYS FAIR 11
NUMBER OF DAYS PC 5
NUMBER OF DAYS CLOUDY 15
WEATHER CONDITIONS. NUMBER OF DAYS WITH
THUNDERSTORM 2 MIXED PRECIP 0
HEAVY RAIN 2 RAIN 6
LIGHT RAIN 11 FREEZING RAIN 0
LT FREEZING RAIN 0 HAIL 0
HEAVY SNOW 0 SNOW 2
LIGHT SNOW 3 SLEET 0
FOG 19 FOG W/VIS <= 1/4 MILE 3
HAZE 3
- INDICATES NEGATIVE NUMBERS.
R INDICATES RECORD WAS SET OR TIED.
MM INDICATES DATA IS MISSING.
T INDICATES TRACE AMOUNT.
...MONTHLY...
6TH WARMEST DECEMBER ON RECORD (40.3 DEGREES)
10TH MOST DAYS WITH A HIGH TEMPERATURE GERATER THAN OR EQUAL TO 60 DEGREES (4 DAYS)
3RD LEAST DAYS WITH A LOW TEMPERATURE LESS THAN 20 DEGREES (1 DAY)
...DAILY...
NONE.
$$
CVKING