000
CDUS43 KUNR 190841
CLIUNR


CLIMATE REPORT
NATIONAL WEATHER SERVICE RAPID CITY SD
237 AM MDT SAT MAY 19 2018


...................................

...THE EAST RAPID CITY SD CLIMATE SUMMARY FOR MAY 18 2018...

CLIMATE NORMAL PERIOD 1981 TO 2010
CLIMATE RECORD PERIOD 1888 TO 2018


WEATHER ITEM   OBSERVED RECORD YEAR NORMAL DEPARTURE LAST
                VALUE   VALUE       VALUE  FROM      YEAR
                                           NORMAL
...........................................................
TEMPERATURE (F)
 YESTERDAY
  MAXIMUM         68     90    1948  67      1       48
  MINIMUM         43     22    1888  46     -3       36
  AVERAGE         56                 56      0       42

PRECIPITATION (IN)
  YESTERDAY        1.79R  1.33 1962   0.14   1.65     0.02
  MONTH TO DATE    3.05               2.22   0.83     1.03
  SINCE MAR 1      6.31               5.31   1.00     3.46
  SINCE JAN 1      7.50               6.08   1.42     4.25

SNOWFALL (IN)
  YESTERDAY        0.0    0.0  2002   0.1   -0.1      0.0
                               2001
                               2000
  MONTH TO DATE    0.0                1.8   -1.8      0.0
  SINCE MAR 1     34.3               22.4   11.9      6.0
  SINCE JUL 1     66.4               49.1   17.3     39.2
  SNOW DEPTH       0

DEGREE DAYS
 HEATING
  YESTERDAY        9                  9      0       23
  MONTH TO DATE  140                211    -71      148
  SINCE MAR 1   1847               1723    124     1461
  SINCE JUL 1   6949               6677    272     6057

 COOLING
  YESTERDAY        0                  1     -1        0
  MONTH TO DATE   14                  2     12       13
  SINCE MAR 1     14                  3     11       13
  SINCE JAN 1     14                  3     11       13
...........................................................


WIND (MPH)
  HIGHEST GUST SPEED    38   HIGHEST GUST DIRECTION    NW (310)



WEATHER CONDITIONS
 THE FOLLOWING WEATHER WAS RECORDED YESTERDAY.
  THUNDERSTORM
  HEAVY RAIN
  RAIN
  LIGHT RAIN


..........................................................


THE EAST RAPID CITY SD CLIMATE NORMALS FOR TODAY
                         NORMAL    RECORD    YEAR
 MAXIMUM TEMPERATURE (F)   67        93      2009
 MINIMUM TEMPERATURE (F)   46        28      1895


SUNRISE AND SUNSET
MAY 19 2018...........SUNRISE   522 AM MDT   SUNSET   817 PM MDT
MAY 20 2018...........SUNRISE   521 AM MDT   SUNSET   818 PM MDT


-  INDICATES NEGATIVE NUMBERS.
R  INDICATES RECORD WAS SET OR TIED.
MM INDICATES DATA IS MISSING.
T  INDICATES TRACE AMOUNT.




$$
