000
CDUS43 KUNR 190038
CLIUNR


CLIMATE REPORT
NATIONAL WEATHER SERVICE RAPID CITY SD
637 PM MDT WED APR 18 2018


...................................

...THE EAST RAPID CITY SD CLIMATE SUMMARY FOR APRIL 18 2018...
VALID TODAY AS OF 0600 PM LOCAL TIME.

CLIMATE NORMAL PERIOD 1981 TO 2010
CLIMATE RECORD PERIOD 1888 TO 2018


WEATHER ITEM   OBSERVED RECORD YEAR NORMAL DEPARTURE LAST
                VALUE   VALUE       VALUE  FROM      YEAR
                                           NORMAL
...........................................................
TEMPERATURE (F)
 TODAY
  MAXIMUM         53     84    1923  57     -4       63
  MINIMUM         33     16    1953  35     -2       44
  AVERAGE         43                 46     -3       54

PRECIPITATION (IN)
  TODAY            0.01   1.90 1903   0.08  -0.07     0.01
  MONTH TO DATE    1.45               1.07   0.38     0.96
  SINCE MAR 1      2.98               2.06   0.92     1.76
  SINCE JAN 1      4.17               2.83   1.34     2.55

SNOWFALL (IN)
  TODAY            0.0   20.0  1970   0.3   -0.3      0.0
  MONTH TO DATE   18.8                6.2   12.6      1.4
  SINCE MAR 1     34.3               18.0   16.3      2.7
  SINCE JUL 1     66.4               44.7   21.7     35.9
  SNOW DEPTH       T

DEGREE DAYS
 HEATING
  TODAY           22                 19      3       11
  MONTH TO DATE  589                401    188      292
  SINCE MAR 1   1537               1309    228     1061
  SINCE JUL 1   6639               6263    376     5657

 COOLING
  TODAY            0                  0      0        0
  MONTH TO DATE    0                  0      0        0
  SINCE MAR 1      0                  0      0        0
  SINCE JAN 1      0                  0      0        0
...........................................................





WEATHER CONDITIONS
 THE FOLLOWING WEATHER WAS RECORDED TODAY.
  LIGHT RAIN


..........................................................


THE EAST RAPID CITY SD CLIMATE NORMALS FOR TOMORROW
                         NORMAL    RECORD    YEAR
 MAXIMUM TEMPERATURE (F)   57        85      1936
 MINIMUM TEMPERATURE (F)   35        18      1966


SUNRISE AND SUNSET
APRIL 18 2018.........SUNRISE   604 AM MDT   SUNSET   741 PM MDT
APRIL 19 2018.........SUNRISE   603 AM MDT   SUNSET   742 PM MDT


-  INDICATES NEGATIVE NUMBERS.
R  INDICATES RECORD WAS SET OR TIED.
MM INDICATES DATA IS MISSING.
T  INDICATES TRACE AMOUNT.




$$
