000
CDUS43 KUNR 180850
CLIUNR


CLIMATE REPORT
NATIONAL WEATHER SERVICE RAPID CITY SD
250 AM MDT WED APR 18 2018


...................................

...THE EAST RAPID CITY SD CLIMATE SUMMARY FOR APRIL 17 2018...

CLIMATE NORMAL PERIOD 1981 TO 2010
CLIMATE RECORD PERIOD 1888 TO 2018


WEATHER ITEM   OBSERVED RECORD YEAR NORMAL DEPARTURE LAST
                VALUE   VALUE       VALUE  FROM      YEAR
                                           NORMAL
...........................................................
TEMPERATURE (F)
 YESTERDAY
  MAXIMUM         45     86    2005  56    -11       65
  MINIMUM         28     20    2001  34     -6       30
                               1953
  AVERAGE         37                 45     -8       48

PRECIPITATION (IN)
  YESTERDAY        T      1.06 1920   0.07  -0.07      T
  MONTH TO DATE    1.44               0.99   0.45     0.95
  SINCE MAR 1      2.97               1.98   0.99     1.75
  SINCE JAN 1      4.16               2.75   1.41     2.54

SNOWFALL (IN)
  YESTERDAY        0.0    6.8  1920   0.3   -0.3      0.0
  MONTH TO DATE   18.8                5.9   12.9      1.4
  SINCE MAR 1     34.3               17.7   16.6      2.7
  SINCE JUL 1     66.4               44.4   22.0     35.9
  SNOW DEPTH       T

DEGREE DAYS
 HEATING
  YESTERDAY       28                 20      8       17
  MONTH TO DATE  567                382    185      281
  SINCE MAR 1   1515               1290    225     1050
  SINCE JUL 1   6617               6244    373     5646

 COOLING
  YESTERDAY        0                  0      0        0
  MONTH TO DATE    0                  0      0        0
  SINCE MAR 1      0                  0      0        0
  SINCE JAN 1      0                  0      0        0
...........................................................


WIND (MPH)
  HIGHEST GUST SPEED    43   HIGHEST GUST DIRECTION    NW (330)



WEATHER CONDITIONS
 THE FOLLOWING WEATHER WAS RECORDED YESTERDAY.
  NO SIGNIFICANT WEATHER WAS OBSERVED.


..........................................................


THE EAST RAPID CITY SD CLIMATE NORMALS FOR TODAY
                         NORMAL    RECORD    YEAR
 MAXIMUM TEMPERATURE (F)   57        84      1923
 MINIMUM TEMPERATURE (F)   35        16      1953


SUNRISE AND SUNSET
APRIL 18 2018.........SUNRISE   604 AM MDT   SUNSET   741 PM MDT
APRIL 19 2018.........SUNRISE   603 AM MDT   SUNSET   742 PM MDT


-  INDICATES NEGATIVE NUMBERS.
R  INDICATES RECORD WAS SET OR TIED.
MM INDICATES DATA IS MISSING.
T  INDICATES TRACE AMOUNT.




$$
