000
CDUS43 KUNR 150036
CLIUNR


CLIMATE REPORT
NATIONAL WEATHER SERVICE RAPID CITY SD
636 PM MDT SAT APR 14 2018


...................................

...THE EAST RAPID CITY SD CLIMATE SUMMARY FOR APRIL 14 2018...
VALID TODAY AS OF 0600 PM LOCAL TIME.

CLIMATE NORMAL PERIOD 1981 TO 2010
CLIMATE RECORD PERIOD 1888 TO 2018


WEATHER ITEM   OBSERVED RECORD YEAR NORMAL DEPARTURE LAST
                VALUE   VALUE       VALUE  FROM      YEAR
                                           NORMAL
...........................................................
TEMPERATURE (F)
 TODAY
  MAXIMUM         27     85    1942  55    -28       73
  MINIMUM         18     14    1928  33    -15       48
  AVERAGE         23                 44    -21       61

PRECIPITATION (IN)
  TODAY            0.00   0.99 1927   0.06  -0.06     0.00
  MONTH TO DATE    1.44               0.77   0.67     0.95
  SINCE MAR 1      2.97               1.76   1.21     1.75
  SINCE JAN 1      4.16               2.53   1.63     2.54

SNOWFALL (IN)
  TODAY            0.0    9.8  1927   0.4   -0.4      0.0
  MONTH TO DATE   18.8                5.0   13.8      1.4
  SINCE MAR 1     34.3               16.8   17.5      2.7
  SINCE JUL 1     66.4               43.5   22.9     35.9
  SNOW DEPTH       3

DEGREE DAYS
 HEATING
  TODAY           42                 21     21        4
  MONTH TO DATE  473                322    151      233
  SINCE MAR 1   1421               1230    191     1002
  SINCE JUL 1   6523               6184    339     5598

 COOLING
  TODAY            0                  0      0        0
  MONTH TO DATE    0                  0      0        0
  SINCE MAR 1      0                  0      0        0
  SINCE JAN 1      0                  0      0        0
...........................................................





WEATHER CONDITIONS
 THE FOLLOWING WEATHER WAS RECORDED TODAY.
  NO SIGNIFICANT WEATHER WAS OBSERVED.


..........................................................


THE EAST RAPID CITY SD CLIMATE NORMALS FOR TOMORROW
                         NORMAL    RECORD    YEAR
 MAXIMUM TEMPERATURE (F)   56        84      2008
                                             1913
 MINIMUM TEMPERATURE (F)   34        17      2000


SUNRISE AND SUNSET
APRIL 14 2018.........SUNRISE   611 AM MDT   SUNSET   736 PM MDT
APRIL 15 2018.........SUNRISE   609 AM MDT   SUNSET   737 PM MDT


-  INDICATES NEGATIVE NUMBERS.
R  INDICATES RECORD WAS SET OR TIED.
MM INDICATES DATA IS MISSING.
T  INDICATES TRACE AMOUNT.




$$
