000
CDUS43 KUNR 150037
CLIUNR


CLIMATE REPORT
NATIONAL WEATHER SERVICE RAPID CITY SD
637 PM MDT MON MAY 14 2018


...................................

...THE EAST RAPID CITY SD CLIMATE SUMMARY FOR MAY 14 2018...
VALID TODAY AS OF 0600 PM LOCAL TIME.

CLIMATE NORMAL PERIOD 1981 TO 2010
CLIMATE RECORD PERIOD 1888 TO 2018


WEATHER ITEM   OBSERVED RECORD YEAR NORMAL DEPARTURE LAST
                VALUE   VALUE       VALUE  FROM      YEAR
                                           NORMAL
...........................................................
TEMPERATURE (F)
 TODAY
  MAXIMUM         68     91    1931  66      2       71
  MINIMUM         50     28    2004  45      5       49
  AVERAGE         59                 55      4       60

PRECIPITATION (IN)
  TODAY            0.01   2.71 1965   0.14  -0.13     0.11
  MONTH TO DATE    0.74               1.67  -0.93     0.49
  SINCE MAR 1      4.00               4.76  -0.76     2.92
  SINCE JAN 1      5.19               5.53  -0.34     3.71

SNOWFALL (IN)
  TODAY            0.0    0.3  1945   0.1   -0.1      0.0
  MONTH TO DATE    0.0                1.6   -1.6      0.0
  SINCE MAR 1     34.3               22.2   12.1      6.0
  SINCE JUL 1     66.4               48.9   17.5     39.2
  SNOW DEPTH       0

DEGREE DAYS
 HEATING
  TODAY            6                 10     -4        5
  MONTH TO DATE  130                173    -43       93
  SINCE MAR 1   1837               1685    152     1406
  SINCE JUL 1   6939               6639    300     6002

 COOLING
  TODAY            0                  0      0        0
  MONTH TO DATE    7                  0      7       13
  SINCE MAR 1      7                  1      6       13
  SINCE JAN 1      7                  1      6       13
...........................................................





WEATHER CONDITIONS
 THE FOLLOWING WEATHER WAS RECORDED TODAY.
  THUNDERSTORM
  LIGHT RAIN


..........................................................


THE EAST RAPID CITY SD CLIMATE NORMALS FOR TOMORROW
                         NORMAL    RECORD    YEAR
 MAXIMUM TEMPERATURE (F)   66        95      1936
 MINIMUM TEMPERATURE (F)   45        29      1945


SUNRISE AND SUNSET
MAY 14 2018...........SUNRISE   528 AM MDT   SUNSET   811 PM MDT
MAY 15 2018...........SUNRISE   527 AM MDT   SUNSET   813 PM MDT


-  INDICATES NEGATIVE NUMBERS.
R  INDICATES RECORD WAS SET OR TIED.
MM INDICATES DATA IS MISSING.
T  INDICATES TRACE AMOUNT.




$$
