485
CDUS43 KUNR 140837
CLIUNR


CLIMATE REPORT
NATIONAL WEATHER SERVICE RAPID CITY SD
237 AM MDT SAT APR 14 2018


...................................

...THE EAST RAPID CITY SD CLIMATE SUMMARY FOR APRIL 13 2018...

CLIMATE NORMAL PERIOD 1981 TO 2010
CLIMATE RECORD PERIOD 1888 TO 2018


WEATHER ITEM   OBSERVED RECORD YEAR NORMAL DEPARTURE LAST
                VALUE   VALUE       VALUE  FROM      YEAR
                                           NORMAL
...........................................................
TEMPERATURE (F)
 YESTERDAY
  MAXIMUM         33     83    2003  55    -22       75
                               1908
  MINIMUM         21     17    1997  33    -12       38
  AVERAGE         27                 44    -17       57

PRECIPITATION (IN)
  YESTERDAY        0.82   3.45 1941   0.07   0.75     0.00
  MONTH TO DATE    1.44               0.71   0.73     0.95
  SINCE MAR 1      2.97               1.70   1.27     1.75
  SINCE JAN 1      4.16               2.47   1.69     2.54

SNOWFALL (IN)
  YESTERDAY        9.7 R  5.5  1996   0.3    9.4      0.0
  MONTH TO DATE   18.8                4.6   14.2      1.4
  SINCE MAR 1     34.3               16.4   17.9      2.7
  SINCE JUL 1     66.4               43.1   23.3     35.9
  SNOW DEPTH       3

DEGREE DAYS
 HEATING
  YESTERDAY       38                 21     17        8
  MONTH TO DATE  431                301    130      229
  SINCE MAR 1   1379               1209    170      998
  SINCE JUL 1   6481               6163    318     5594

 COOLING
  YESTERDAY        0                  0      0        0
  MONTH TO DATE    0                  0      0        0
  SINCE MAR 1      0                  0      0        0
  SINCE JAN 1      0                  0      0        0
...........................................................


WIND (MPH)
  HIGHEST GUST SPEED    40   HIGHEST GUST DIRECTION     N (350)



WEATHER CONDITIONS
 THE FOLLOWING WEATHER WAS RECORDED YESTERDAY.
  SNOW
  LIGHT SNOW
  BLOWING SNOW


..........................................................


THE EAST RAPID CITY SD CLIMATE NORMALS FOR TODAY
                         NORMAL    RECORD    YEAR
 MAXIMUM TEMPERATURE (F)   55        85      1942
 MINIMUM TEMPERATURE (F)   33        14      1928


SUNRISE AND SUNSET
APRIL 14 2018.........SUNRISE   611 AM MDT   SUNSET   736 PM MDT
APRIL 15 2018.........SUNRISE   609 AM MDT   SUNSET   737 PM MDT


-  INDICATES NEGATIVE NUMBERS.
R  INDICATES RECORD WAS SET OR TIED.
MM INDICATES DATA IS MISSING.
T  INDICATES TRACE AMOUNT.




$$
