000
CDUS43 KUNR 131836
CLIUNR


CLIMATE REPORT
NATIONAL WEATHER SERVICE RAPID CITY SD
1234 PM MDT SUN MAY 13 2018


...................................

...THE EAST RAPID CITY SD CLIMATE SUMMARY FOR MAY 13 2018...
VALID AS OF 1200 PM LOCAL TIME.

CLIMATE NORMAL PERIOD 1981 TO 2010
CLIMATE RECORD PERIOD 1888 TO 2018


WEATHER ITEM   OBSERVED RECORD YEAR NORMAL DEPARTURE LAST
                VALUE   VALUE       VALUE  FROM      YEAR
                                           NORMAL
...........................................................
TEMPERATURE (F)
 TODAY
  MAXIMUM         51     94    2001  66    -15       85
  MINIMUM         43     24    1953  44     -1       52
  AVERAGE         47                 55     -8       69

PRECIPITATION (IN)
  TODAY            0.05   1.10 1942   0.14  -0.09      T
  MONTH TO DATE    0.76               1.53  -0.77     0.38
  SINCE MAR 1      4.02               4.62  -0.60     2.81
  SINCE JAN 1      5.21               5.39  -0.18     3.60

SNOWFALL (IN)
  TODAY            0.0    0.1  2005   0.1   -0.1      0.0
  MONTH TO DATE    0.0                1.5   -1.5      0.0
  SINCE MAR 1     34.3               22.1   12.2      6.0
  SINCE JUL 1     66.4               48.8   17.6     39.2
  SNOW DEPTH       0

DEGREE DAYS
 HEATING
  TODAY           18                 11      7        0
  MONTH TO DATE  128                163    -35       88
  SINCE MAR 1   1835               1675    160     1401
  SINCE JUL 1   6937               6629    308     5997

 COOLING
  TODAY            0                  0      0        4
  MONTH TO DATE    7                  0      7       13
  SINCE MAR 1      7                  1      6       13
  SINCE JAN 1      7                  1      6       13
...........................................................





WEATHER CONDITIONS
 THE FOLLOWING WEATHER WAS RECORDED TODAY.
  LIGHT RAIN
  FOG
  FOG W/VISIBILITY <= 1/4 MILE


..........................................................


THE EAST RAPID CITY SD CLIMATE NORMALS FOR TOMORROW
                         NORMAL    RECORD    YEAR
 MAXIMUM TEMPERATURE (F)   66        91      1931
 MINIMUM TEMPERATURE (F)   45        28      2004


SUNRISE AND SUNSET
MAY 13 2018...........SUNRISE   529 AM MDT   SUNSET   810 PM MDT
MAY 14 2018...........SUNRISE   528 AM MDT   SUNSET   811 PM MDT


-  INDICATES NEGATIVE NUMBERS.
R  INDICATES RECORD WAS SET OR TIED.
MM INDICATES DATA IS MISSING.
T  INDICATES TRACE AMOUNT.




$$
