468
CDUS43 KUNR 171832
CLIUNR


CLIMATE REPORT
NATIONAL WEATHER SERVICE RAPID CITY SD
1231 PM MDT THU MAY 17 2018


...................................

...THE EAST RAPID CITY SD CLIMATE SUMMARY FOR MAY 17 2018...
VALID AS OF 1200 PM LOCAL TIME.

CLIMATE NORMAL PERIOD 1981 TO 2010
CLIMATE RECORD PERIOD 1888 TO 2018


WEATHER ITEM   OBSERVED RECORD YEAR NORMAL DEPARTURE LAST
                VALUE   VALUE       VALUE  FROM      YEAR
                                           NORMAL
...........................................................
TEMPERATURE (F)
 TODAY
  MAXIMUM         72     91    1964  67      5       53
  MINIMUM         53     31    1888  46      7       43
  AVERAGE         63                 56      7       48

PRECIPITATION (IN)
  TODAY            0.00   1.31 1951   0.14  -0.14     0.30
  MONTH TO DATE    0.86               2.08  -1.22     1.01
  SINCE MAR 1      4.12               5.17  -1.05     3.44
  SINCE JAN 1      5.31               5.94  -0.63     4.23

SNOWFALL (IN)
  TODAY            0.0   10.0  1888   0.0    0.0      0.0
  MONTH TO DATE    0.0                1.7   -1.7      0.0
  SINCE MAR 1     34.3               22.3   12.0      6.0
  SINCE JUL 1     66.4               49.0   17.4     39.2
  SNOW DEPTH       0

DEGREE DAYS
 HEATING
  TODAY            2                  9     -7       17
  MONTH TO DATE  133                202    -69      125
  SINCE MAR 1   1840               1714    126     1438
  SINCE JUL 1   6942               6668    274     6034

 COOLING
  TODAY            0                  1     -1        0
  MONTH TO DATE   12                  1     11       13
  SINCE MAR 1     12                  2     10       13
  SINCE JAN 1     12                  2     10       13
...........................................................





WEATHER CONDITIONS
 THE FOLLOWING WEATHER WAS RECORDED TODAY.
  NO SIGNIFICANT WEATHER WAS OBSERVED.


..........................................................


THE EAST RAPID CITY SD CLIMATE NORMALS FOR TOMORROW
                         NORMAL    RECORD    YEAR
 MAXIMUM TEMPERATURE (F)   67        90      1948
 MINIMUM TEMPERATURE (F)   46        22      1888


SUNRISE AND SUNSET
MAY 17 2018...........SUNRISE   524 AM MDT   SUNSET   815 PM MDT
MAY 18 2018...........SUNRISE   523 AM MDT   SUNSET   816 PM MDT


-  INDICATES NEGATIVE NUMBERS.
R  INDICATES RECORD WAS SET OR TIED.
MM INDICATES DATA IS MISSING.
T  INDICATES TRACE AMOUNT.




$$
