000
CDUS43 KUNR 251830
CLIUNR


CLIMATE REPORT
NATIONAL WEATHER SERVICE RAPID CITY SD
1230 PM MDT FRI MAY 25 2018


...................................

...THE EAST RAPID CITY SD CLIMATE SUMMARY FOR MAY 25 2018...
VALID AS OF 1200 PM LOCAL TIME.

CLIMATE NORMAL PERIOD 1981 TO 2010
CLIMATE RECORD PERIOD 1888 TO 2018


WEATHER ITEM   OBSERVED RECORD YEAR NORMAL DEPARTURE LAST
                VALUE   VALUE       VALUE  FROM      YEAR
                                           NORMAL
...........................................................
TEMPERATURE (F)
 TODAY
  MAXIMUM         80     94    1931  69     11       68
  MINIMUM         63     33    1893  48     15       51
  AVERAGE         72                 58     14       60

PRECIPITATION (IN)
  TODAY            0.00   2.65 1997   0.14  -0.14     0.00
  MONTH TO DATE    3.56               3.29   0.27     1.28
  SINCE MAR 1      6.82               6.38   0.44     3.71
  SINCE JAN 1      8.01               7.15   0.86     4.50

SNOWFALL (IN)
  TODAY            0.0    0.0  2002   0.0    0.0      0.0
                               2001
                               2000
  MONTH TO DATE    0.0                2.0   -2.0      0.0
  SINCE MAR 1     34.3               22.6   11.7      6.0
  SINCE JUL 1     66.4               49.3   17.1     39.2
  SNOW DEPTH       0

DEGREE DAYS
 HEATING
  TODAY            0                  7     -7        5
  MONTH TO DATE  183                268    -85      238
  SINCE MAR 1   1890               1780    110     1551
  SINCE JUL 1   6992               6734    258     6147

 COOLING
  TODAY            7                  1      6        0
  MONTH TO DATE   26                  9     17       13
  SINCE MAR 1     26                 10     16       13
  SINCE JAN 1     26                 10     16       13
...........................................................





WEATHER CONDITIONS
 THE FOLLOWING WEATHER WAS RECORDED TODAY.
  NO SIGNIFICANT WEATHER WAS OBSERVED.


..........................................................


THE EAST RAPID CITY SD CLIMATE NORMALS FOR TOMORROW
                         NORMAL    RECORD    YEAR
 MAXIMUM TEMPERATURE (F)   69        96      1969
 MINIMUM TEMPERATURE (F)   48        32      1893


SUNRISE AND SUNSET
MAY 25 2018...........SUNRISE   517 AM MDT   SUNSET   823 PM MDT
MAY 26 2018...........SUNRISE   516 AM MDT   SUNSET   824 PM MDT


-  INDICATES NEGATIVE NUMBERS.
R  INDICATES RECORD WAS SET OR TIED.
MM INDICATES DATA IS MISSING.
T  INDICATES TRACE AMOUNT.




$$
