000
CDUS43 KUNR 170835
CLIUNR


CLIMATE REPORT
NATIONAL WEATHER SERVICE RAPID CITY SD
233 AM MDT TUE APR 17 2018


...................................

...THE EAST RAPID CITY SD CLIMATE SUMMARY FOR APRIL 16 2018...

CLIMATE NORMAL PERIOD 1981 TO 2010
CLIMATE RECORD PERIOD 1888 TO 2018


WEATHER ITEM   OBSERVED RECORD YEAR NORMAL DEPARTURE LAST
                VALUE   VALUE       VALUE  FROM      YEAR
                                           NORMAL
...........................................................
TEMPERATURE (F)
 YESTERDAY
  MAXIMUM         52     84    1958  56     -4       60
  MINIMUM         20     13    1907  34    -14       37
  AVERAGE         36                 45     -9       49

PRECIPITATION (IN)
  YESTERDAY        0.00   1.00 1960   0.08  -0.08     0.00
  MONTH TO DATE    1.44               0.92   0.52     0.95
  SINCE MAR 1      2.97               1.91   1.06     1.75
  SINCE JAN 1      4.16               2.68   1.48     2.54

SNOWFALL (IN)
  YESTERDAY        0.0    8.0  1960   0.3   -0.3      0.0
  MONTH TO DATE   18.8                5.6   13.2      1.4
  SINCE MAR 1     34.3               17.4   16.9      2.7
  SINCE JUL 1     66.4               44.1   22.3     35.9
  SNOW DEPTH       T

DEGREE DAYS
 HEATING
  YESTERDAY       29                 20      9       16
  MONTH TO DATE  539                362    177      264
  SINCE MAR 1   1487               1270    217     1033
  SINCE JUL 1   6589               6224    365     5629

 COOLING
  YESTERDAY        0                  0      0        0
  MONTH TO DATE    0                  0      0        0
  SINCE MAR 1      0                  0      0        0
  SINCE JAN 1      0                  0      0        0
...........................................................


WIND (MPH)
  HIGHEST GUST SPEED    35   HIGHEST GUST DIRECTION    SE (140)



WEATHER CONDITIONS
 THE FOLLOWING WEATHER WAS RECORDED YESTERDAY.
  NO SIGNIFICANT WEATHER WAS OBSERVED.


..........................................................


THE EAST RAPID CITY SD CLIMATE NORMALS FOR TODAY
                         NORMAL    RECORD    YEAR
 MAXIMUM TEMPERATURE (F)   56        86      2005
 MINIMUM TEMPERATURE (F)   34        20      2001
                                             1953


SUNRISE AND SUNSET
APRIL 17 2018.........SUNRISE   606 AM MDT   SUNSET   739 PM MDT
APRIL 18 2018.........SUNRISE   604 AM MDT   SUNSET   741 PM MDT


-  INDICATES NEGATIVE NUMBERS.
R  INDICATES RECORD WAS SET OR TIED.
MM INDICATES DATA IS MISSING.
T  INDICATES TRACE AMOUNT.




$$
