544
CDUS43 KUNR 241832
CLIUNR


CLIMATE REPORT
NATIONAL WEATHER SERVICE RAPID CITY SD
1231 PM MDT THU MAY 24 2018


...................................

...THE EAST RAPID CITY SD CLIMATE SUMMARY FOR MAY 24 2018...
VALID AS OF 1200 PM LOCAL TIME.

CLIMATE NORMAL PERIOD 1981 TO 2010
CLIMATE RECORD PERIOD 1888 TO 2018


WEATHER ITEM   OBSERVED RECORD YEAR NORMAL DEPARTURE LAST
                VALUE   VALUE       VALUE  FROM      YEAR
                                           NORMAL
...........................................................
TEMPERATURE (F)
 TODAY
  MAXIMUM         77     90    1926  69      8       77
  MINIMUM         54     28    1924  48      6       38
  AVERAGE         66                 58      8       58

PRECIPITATION (IN)
  TODAY            0.00   2.55 1907   0.16  -0.16     0.00
  MONTH TO DATE    3.56               3.15   0.41     1.28
  SINCE MAR 1      6.82               6.24   0.58     3.71
  SINCE JAN 1      8.01               7.01   1.00     4.50

SNOWFALL (IN)
  TODAY            0.0    0.0  2002   0.1   -0.1      0.0
                               2001
                               1949
  MONTH TO DATE    0.0                2.0   -2.0      0.0
  SINCE MAR 1     34.3               22.6   11.7      6.0
  SINCE JUL 1     66.4               49.3   17.1     39.2
  SNOW DEPTH       0

DEGREE DAYS
 HEATING
  TODAY            0                  8     -8        7
  MONTH TO DATE  183                261    -78      233
  SINCE MAR 1   1890               1773    117     1546
  SINCE JUL 1   6992               6727    265     6142

 COOLING
  TODAY            1                  1      0        0
  MONTH TO DATE   18                  8     10       13
  SINCE MAR 1     18                  9      9       13
  SINCE JAN 1     18                  9      9       13
...........................................................





WEATHER CONDITIONS
 THE FOLLOWING WEATHER WAS RECORDED TODAY.
  NO SIGNIFICANT WEATHER WAS OBSERVED.


..........................................................


THE EAST RAPID CITY SD CLIMATE NORMALS FOR TOMORROW
                         NORMAL    RECORD    YEAR
 MAXIMUM TEMPERATURE (F)   69        94      1931
 MINIMUM TEMPERATURE (F)   48        33      1893


SUNRISE AND SUNSET
MAY 24 2018...........SUNRISE   518 AM MDT   SUNSET   822 PM MDT
MAY 25 2018...........SUNRISE   517 AM MDT   SUNSET   823 PM MDT


-  INDICATES NEGATIVE NUMBERS.
R  INDICATES RECORD WAS SET OR TIED.
MM INDICATES DATA IS MISSING.
T  INDICATES TRACE AMOUNT.




$$
