000
CXUS54 KEWX 011110
CF6UVA
PRELIMINARY LOCAL CLIMATOLOGICAL DATA (WS FORM: F-6)
STATION: UVALDE
MONTH: NOVEMBER
YEAR: 2021
LATITUDE: 29 12 N
LONGITUDE: 99 44 W
TEMPERATURE IN F: :PCPN: SNOW: WIND :SUNSHINE: SKY :PK WND
================================================================================
1 2 3 4 5 6A 6B 7 8 9 10 11 12 13 14 15 16 17 18
12Z AVG MX 2MIN
DY MAX MIN AVG DEP HDD CDD WTR SNW DPTH SPD SPD DIR MIN PSBL S-S WX SPD DR
================================================================================
1 84 59 72 M 0 7 0.00 M M 8.2 12 100 M M 3 22 100
2 82 60 71 M 0 6 0.00 M M 8.2 13 120 M M 6 18 120
3 71 52 62 M 3 0 0.01 M M 8.4 16 50 M M 9 3 23 120
4 57 50 54 M 11 0 0.00 M M 3.0 8 100 M M 10 M M
5 62 46 54 M 11 0 0.00 M M 2.0 7 230 M M 5 M M
6 70 43 57 M 8 0 0.00 M M 4.9 7 170 M M 1 1 M M
7 74 45 60 M 5 0 0.00 M M 6.2 9 160 M M 0 M M
8 79 50 65 M 0 0 0.00 M M 6.2 12 160 M M 5 1 21 180
9 77 59 68 M 0 3 0.00 M M 5.9 10 160 M M 8 18 160
10 83 60 72 M 0 7 0.00 M M 6.3 15 160 M M 5 20 200
11 79 52 66 M 0 1 0.00 M M 7.9 17 50 M M 1 21 50
12 77 48 63 M 2 0 0.00 M M 4.3 10 40 M M 2 M M
13 73 50 62 M 3 0 0.00 M M 3.6 10 160 M M 2 M M
14 80 45 63 M 2 0 0.00 M M 4.7 8 200 M M 0 M M
15 82 54 68 M 0 3 0.00 M M 4.8 10 150 M M 3 1 M M
16 84 54 69 M 0 4 0.00 M M 6.3 12 160 M M 3 18 18 190
17 83 56 70 M 0 5 0.00 M M 7.0 9 120 M M 2 1 9 180
18 71 56 64 M 1 0 0.00 M M 8.2 16 30 M M 10 23 30
19 68 49 59 M 6 0 0.00 M M 5.1 8 50 M M 4 M M
20 73 44 59 M 6 0 0.00 M M 5.7 14 150 M M 3 18 150
21 77 60 69 M 0 4 0.00 M M 3.6 6 80 M M 9 1 M M
22 70 45 58 M 7 0 0.00 M M 3.6 8 20 M M 3 8 M M
23 73 38 56 M 9 0 0.00 M M 5.7 10 160 M M 1 8 16 140
24 77 51 64 M 1 0 0.00 M M 6.0 13 140 M M 6 18 140
25 68 53 61 M 4 0 0.41 M M 8.0 16 20 M M 4 24 30
26 58 44 51 M 14 0 0.00 M M 3.0 8 60 M M 1 M M
27 52 43 48 M 17 0 0.00 M M 1.7 7 90 M M 8 M M
28 73 42 58 M 7 0 0.00 M M 2.9 8 340 M M 0 M M
29 72 39 56 M 9 0 0.00 M M 3.1 8 170 M M 0 M M
30 74 43 59 M 6 0 0.00 M M 6.1 10 150 M M 0 M M
================================================================================
SM 2203 1490 132 40 0.42 M 160.4 M 114
================================================================================
AV 73.4 49.7 5.3 FASTST M M 4 MAX(MPH)
MISC ----> 17 50 24 30
================================================================================
NOTES:
# LAST OF SEVERAL OCCURRENCES
COLUMN 17 PEAK WIND IN M.P.H.
PRELIMINARY LOCAL CLIMATOLOGICAL DATA (WS FORM: F-6) , PAGE 2
STATION: UVALDE
MONTH: NOVEMBER
YEAR: 2021
LATITUDE: 29 12 N
LONGITUDE: 99 44 W
[TEMPERATURE DATA] [PRECIPITATION DATA] SYMBOLS USED IN COLUMN 16
AVERAGE MONTHLY: 61.6 TOTAL FOR MONTH: 0.42 1 = FOG OR MIST
DPTR FM NORMAL: 0.0 DPTR FM NORMAL: M 2 = FOG REDUCING VISIBILITY
HIGHEST: 84 ON 16, 1 GRTST 24HR 0.41 ON 25-25 TO 1/4 MILE OR LESS
LOWEST: 38 ON 23 3 = THUNDER
SNOW, ICE PELLETS, HAIL 4 = ICE PELLETS
TOTAL MONTH: M 5 = HAIL
GRTST 24HR M ON M 6 = FREEZING RAIN OR DRIZZLE
GRTST DEPTH: M ON M 7 = DUSTSTORM OR SANDSTORM:
VSBY 1/2 MILE OR LESS
8 = SMOKE OR HAZE
[NO. OF DAYS WITH] [WEATHER - DAYS WITH] 9 = BLOWING SNOW
X = TORNADO
MAX 32 OR BELOW: 0 0.01 INCH OR MORE: 2
MAX 90 OR ABOVE: 0 0.10 INCH OR MORE: 1
MIN 32 OR BELOW: 0 0.50 INCH OR MORE: 0
MIN 0 OR BELOW: 0 1.00 INCH OR MORE: 0
[HDD (BASE 65) ]
TOTAL THIS MO. 132 CLEAR (SCALE 0-3) 16
DPTR FM NORMAL M PTCLDY (SCALE 4-7) 10
TOTAL FM JUL 1 142 CLOUDY (SCALE 8-10) 4
DPTR FM NORMAL M
[CDD (BASE 65) ]
TOTAL THIS MO. 40
DPTR FM NORMAL M [PRESSURE DATA]
TOTAL FM JAN 1 2996 HIGHEST SLP M ON M
DPTR FM NORMAL M LOWEST SLP M ON M
[REMARKS]
#FINAL-11-21#