000
CXUS54 KCRP 012042
CF6VCT
PRELIMINARY LOCAL CLIMATOLOGICAL DATA (WS FORM: F-6)
STATION: VICTORIA
MONTH: MAY
YEAR: 2021
LATITUDE: 28 51 N
LONGITUDE: 96 55 W
TEMPERATURE IN F: :PCPN: SNOW: WIND :SUNSHINE: SKY :PK WND
================================================================================
1 2 3 4 5 6A 6B 7 8 9 10 11 12 13 14 15 16 17 18
12Z AVG MX 2MIN
DY MAX MIN AVG DEP HDD CDD WTR SNW DPTH SPD SPD DIR MIN PSBL S-S WX SPD DR
================================================================================
1 74 66 70 -4 0 5 5.01 0.0 0 14.6 33 140 M M 9 1238 39 150
2 86 66 76 2 0 11 0.00 0.0 0 11.6 22 150 M M 5 12 28 170
3 86 75 81 7 0 16 0.00 0.0 0 16.1 25 150 M M 9 18 30 150
4 85 69 77 3 0 12 T 0.0 0 11.1 21 360 M M 7 18 27 10
5 84 62 73 -2 0 8 0.00 0.0 0 8.4 17 20 M M 0 22 10
6 86 62 74 -1 0 9 0.00 0.0 0 7.5 16 50 M M 0 1 20 40
7 85 63 74 -1 0 9 0.00 0.0 0 9.2 20 110 M M 0 12 24 120
8 87 68 78 3 0 13 0.00 0.0 0 16.8 29 160 M M 7 35 150
9 87 77 82 6 0 17 0.00 0.0 0 17.3 28 160 M M 10 8 32 170
10 90 75 83 7 0 18 0.00 0.0 0 10.7 21 140 M M 8 1 25 150
11 90 68 79 3 0 14 0.09 0.0 0 11.9 24 40 M M 6 138 31 20
12 78 65 72 -4 0 7 0.00 0.0 0 13.5 23 360 M M 7 1 29 10
13 79 63 71 -5 0 6 0.00 0.0 0 8.5 15 360 M M 8 19 360
14 85 63 74 -3 0 9 0.00 0.0 0 8.1 20 140 M M 4 24 120
15 82 64 73 -4 0 8 0.03 0.0 0 11.1 28 130 M M 4 1 34 130
16 78 67 73 -4 0 8 3.43 0.0 0 10.0 25 80 M M 7 123 32 80
17 86 71 79 1 0 14 0.00 0.0 0 13.6 24 110 M M 8 1 32 120
18 89 67 78 0 0 13 5.30 0.0 0 14.6 31 150 M M 7 13 40 150
19 68 64 66 -12 0 1 2.60 0.0 0 9.1 24 300 M M 6 13 39 320
20 84 64 74 -4 0 9 0.00 0.0 0 4.4 10 90 M M 3 1 17 40
21 88 69 79 1 0 14 0.10 0.0 0 7.4 23 110 M M 4 13 28 110
22 83 73 78 -1 0 13 1.84 0.0 0 15.1 32 80 M M 7 13 39 80
23 81 73 77 -2 0 12 1.13 0.0 0 11.9 22 110 M M 9 138 28 100
24 86 74 80 1 0 15 0.02 0.0 0 11.9 25 150 M M 9 1 30 140
25 87 74 81 1 0 16 0.06 0.0 0 13.9 24 160 M M 9 138 29 160
26 89 74 82 2 0 17 0.00 0.0 0 11.1 20 130 M M 10 1 26 120
27 89 74 82 2 0 17 0.00 0.0 0 11.5 22 150 M M 10 1 28 150
28 88 67 78 -2 0 13 0.65 0.0 0 13.4 29 80 M M 10 138 37 40
29 87 67 77 -3 0 12 0.02 0.0 0 7.6 25 100 M M 2 36 100
30 87 71 79 -1 0 14 0.00 0.0 0 9.7 20 140 M M 3 1 24 130
31 87 73 80 -1 0 15 T 0.0 0 11.9 23 130 M M 5 1 28 130
================================================================================
SM 2621 2128 0 365 20.28 0.0 353.5 M 193
================================================================================
AV 84.5 68.6 11.4 FASTST M M 6 MAX(MPH)
MISC ----> 33 140 40 150
================================================================================
NOTES:
# LAST OF SEVERAL OCCURRENCES
COLUMN 17 PEAK WIND IN M.P.H.
PRELIMINARY LOCAL CLIMATOLOGICAL DATA (WS FORM: F-6) , PAGE 2
STATION: VICTORIA
MONTH: MAY
YEAR: 2021
LATITUDE: 28 51 N
LONGITUDE: 96 55 W
[TEMPERATURE DATA] [PRECIPITATION DATA] SYMBOLS USED IN COLUMN 16
AVERAGE MONTHLY: 76.6 TOTAL FOR MONTH: 20.28 1 = FOG OR MIST
DPTR FM NORMAL: -0.7 DPTR FM NORMAL: 15.05 2 = FOG REDUCING VISIBILITY
HIGHEST: 90 ON 11,10 GRTST 24HR 7.90 ON 18-19 TO 1/4 MILE OR LESS
LOWEST: 62 ON 6, 5 3 = THUNDER
SNOW, ICE PELLETS, HAIL 4 = ICE PELLETS
TOTAL MONTH: 0.0 INCH 5 = HAIL
GRTST 24HR 0.0 6 = FREEZING RAIN OR DRIZZLE
GRTST DEPTH: 0 7 = DUSTSTORM OR SANDSTORM:
VSBY 1/2 MILE OR LESS
8 = SMOKE OR HAZE
[NO. OF DAYS WITH] [WEATHER - DAYS WITH] 9 = BLOWING SNOW
X = TORNADO
MAX 32 OR BELOW: 0 0.01 INCH OR MORE: 13
MAX 90 OR ABOVE: 2 0.10 INCH OR MORE: 8
MIN 32 OR BELOW: 0 0.50 INCH OR MORE: 7
MIN 0 OR BELOW: 0 1.00 INCH OR MORE: 6
[HDD (BASE 65) ]
TOTAL THIS MO. 0 CLEAR (SCALE 0-3) 6
DPTR FM NORMAL -1 PTCLDY (SCALE 4-7) 13
TOTAL FM JUL 1 1230 CLOUDY (SCALE 8-10) 12
DPTR FM NORMAL 65
[CDD (BASE 65) ]
TOTAL THIS MO. 365
DPTR FM NORMAL -16 [PRESSURE DATA]
TOTAL FM JAN 1 715 HIGHEST SLP 30.26 ON 13
DPTR FM NORMAL 4 LOWEST SLP 29.54 ON 3
[REMARKS]
#FINAL-05-21#