000
CXUS55 KGJT 010910
CF6VEL
PRELIMINARY LOCAL CLIMATOLOGICAL DATA (WS FORM: F-6)
STATION: VERNAL UT
MONTH: MAY
YEAR: 2022
LATITUDE: 40 27 N
LONGITUDE: 109 31 W
TEMPERATURE IN F: :PCPN: SNOW: WIND :SUNSHINE: SKY :PK WND
================================================================================
1 2 3 4 5 6A 6B 7 8 9 10 11 12 13 14 15 16 17 18
12Z AVG MX 2MIN
DY MAX MIN AVG DEP HDD CDD WTR SNW DPTH SPD SPD DIR MIN PSBL S-S WX SPD DR
================================================================================
1 67 40 54 2 11 0 0.00 M M 4.8 25 190 M M 3 38 170
2 67 42 55 3 10 0 0.01 M M 5.6 15 210 M M 5 23 210
3 54 35 45 -8 20 0 0.05 M M 7.7 22 350 M M 5 1 27 340
4 55 33 44 -9 21 0 T M M 3.5 9 120 M M 8 14 190
5 71 33 52 -2 13 0 0.00 M M 3.2 10 240 M M 0 17 200
6 83 40 62 8 3 0 0.00 M M 8.5 29 260 M M 0 39 260
7 77 48 63 9 2 0 0.00 M M 10.1 28 290 M M 1 40 280
8 71 35 53 -2 12 0 0.06 M M 9.8 30 20 M M 4 1 43 360
9 56 33 45 -10 20 0 0.09 M M 12.2 31 260 M M 2 1 42 270
10 73 30 52 -3 13 0 0.00 M M 8.3 33 200 M M 0 43 200
11 77 36 57 1 8 0 0.00 M M 9.5 30 210 M M 0 43 210
12 62 40 51 -5 14 0 0.00 M M 11.7 26 230 M M 1 37 220
13 71 32 52 -4 13 0 0.00 M M 8.6 28 230 M M 0 37 240
14 81 38 60 3 5 0 0.00 M M 8.3 26 240 M M 0 36 240
15 85 45 65 8 0 0 0.00 M M 5.1 16 240 M M 0 23 250
16 87 45 66 8 0 1 0.00 M M 5.4 20 230 M M 0 32 230
17 83 53 68 10 0 3 0.08 M M 6.2 31 10 M M 3 38 41 10
18 82 46 64 6 1 0 0.00 M M 6.4 21 250 M M 0 8 33 240
19 82 45 64 5 1 0 0.00 M M 15.1 39 270 M M 0 59 260
20 54 39 47 -12 18 0 T M M 9.4 23 40 M M 7 30 40
21 60 34 47 -12 18 0 0.00 M M 7.4 18 80 M M 1 26 20
22 69 33 51 -9 14 0 0.00 M M 8.0 20 360 M M 1 29 300
23 65 35 50 -10 15 0 T M M 6.6 21 330 M M 4 31 330
24 69 41 55 -5 10 0 T M M 6.8 25 330 M M 5 36 340
25 75 39 57 -4 8 0 0.00 M M 5.5 13 210 M M 0 21 240
26 85 41 63 2 2 0 0.00 M M 3.9 12 300 M M 0 19 350
27 89 52 71 10 0 6 0.00 M M 7.8 38 210 M M 0 8 58 210
28 80 52 66 4 0 1 T M M 8.7 30 290 M M 2 43 220
29 61 40 51 -11 14 0 0.30 M M 7.8 29 310 M M 7 3 37 300
30 64 40 52 -10 13 0 T M M 6.7 21 220 M M 6 34 260
31 63 41 52 -10 13 0 T M M 6.4 20 20 M M 5 1 27 20
================================================================================
SM 2218 1236 292 11 0.59 M 235.0 M 70
================================================================================
AV 71.5 39.9 7.6 FASTST M M 2 MAX(MPH)
MISC ----> 39 270 59 260
================================================================================
NOTES:
# LAST OF SEVERAL OCCURRENCES
COLUMN 17 PEAK WIND IN M.P.H.
PRELIMINARY LOCAL CLIMATOLOGICAL DATA (WS FORM: F-6) , PAGE 2
STATION: VERNAL UT
MONTH: MAY
YEAR: 2022
LATITUDE: 40 27 N
LONGITUDE: 109 31 W
[TEMPERATURE DATA] [PRECIPITATION DATA] SYMBOLS USED IN COLUMN 16
AVERAGE MONTHLY: 55.7 TOTAL FOR MONTH: 0.59 1 = FOG OR MIST
DPTR FM NORMAL: -1.8 DPTR FM NORMAL: -0.37 2 = FOG REDUCING VISIBILITY
HIGHEST: 89 ON 27 GRTST 24HR 0.30 ON 29-29 TO 1/4 MILE OR LESS
LOWEST: 30 ON 10 3 = THUNDER
SNOW, ICE PELLETS, HAIL 4 = ICE PELLETS
TOTAL MONTH: M 5 = HAIL
GRTST 24HR M ON M 6 = FREEZING RAIN OR DRIZZLE
GRTST DEPTH: M ON M 7 = DUSTSTORM OR SANDSTORM:
VSBY 1/2 MILE OR LESS
8 = SMOKE OR HAZE
[NO. OF DAYS WITH] [WEATHER - DAYS WITH] 9 = BLOWING SNOW
X = TORNADO
MAX 32 OR BELOW: 0 0.01 INCH OR MORE: 6
MAX 90 OR ABOVE: 0 0.10 INCH OR MORE: 1
MIN 32 OR BELOW: 2 0.50 INCH OR MORE: 0
MIN 0 OR BELOW: 0 1.00 INCH OR MORE: 0
[HDD (BASE 65) ]
TOTAL THIS MO. 292 CLEAR (SCALE 0-3) 21
DPTR FM NORMAL 44 PTCLDY (SCALE 4-7) 10
TOTAL FM JUL 1 6530 CLOUDY (SCALE 8-10) 0
DPTR FM NORMAL -323
[CDD (BASE 65) ]
TOTAL THIS MO. 11
DPTR FM NORMAL -4 [PRESSURE DATA]
TOTAL FM JAN 1 11 HIGHEST SLP M ON M
DPTR FM NORMAL -4 LOWEST SLP 29.20 ON 8
[REMARKS]
#FINAL-05-22#