000
CXUS52 KTAE 010900
CF6VLD
PRELIMINARY LOCAL CLIMATOLOGICAL DATA (WS FORM: F-6)
STATION: VALDOSTA
MONTH: NOVEMBER
YEAR: 2022
LATITUDE: 30 46 N
LONGITUDE: 83 17 W
TEMPERATURE IN F: :PCPN: SNOW: WIND :SUNSHINE: SKY :PK WND
================================================================================
1 2 3 4 5 6A 6B 7 8 9 10 11 12 13 14 15 16 17 18
12Z AVG MX 2MIN
DY MAX MIN AVG DEP HDD CDD WTR SNW DPTH SPD SPD DIR MIN PSBL S-S WX SPD DR
================================================================================
1 82 57 70 7 0 5 0.00 M M 2.5 12 360 M M 1 15 20
2 86 55 71 8 0 6 0.00 0.0 0 2.7 8 140 M M 2 12 50
3 83 57 70 8 0 5 0.00 0.0 0 4.6 14 20 M M 1 1 20 40
4 83 52 68 6 0 3 0.00 M M 3.8 10 100 M M 0 1 15 80
5 89 60 75 13 0 10 T M M 3.7 16 170 M M 5 1 20 160
6 88 69 79 17 0 14 0.00 0.0 0 3.5 12 80 M M 4 1 16 80
7 87 63 75 14 0 10 0.00 0.0 0 4.8 15 40 M M 1 1 21 10
8 87 62 75 14 0 10 0.00 0.0 0 9.2 25 30 M M 0 32 40
9 70 56 63 2 2 0 0.00 0.0 0 14.5 23 30 M M 6 32 20
10 73 64 69 9 0 4 1.75 0.0 0 19.5 36 10 M M 10 1 45 20
11 78 67 73 13 0 8 0.38 0.0 0 6.6 23 160 M M 8 1 30 170
12 84 62 73 13 0 8 0.00 0.0 0 3.9 21 220 M M 4 1 25 270
13 67 40 54 -5 11 0 0.00 0.0 0 7.1 18 360 M M 4 23 360
14 68 42 55 -4 10 0 0.00 0.0 M 6.6 12 50 M M 4 18 100
15 80 57 69 10 0 4 T 0.0 M 5.6 14 190 M M 8 18 22 200
16 70 46 58 -1 7 0 0.00 0.0 M 4.3 18 360 M M 6 1 22 10
17 55 41 48 -10 17 0 0.00 M M 4.4 18 360 M M 0 23 10
18 59 31 45 -13 20 0 0.00 0.0 M 4.0 14 20 M M 0 17 10
19 62 33 48 -10 17 0 0.01 0.0 M 3.7 15 10 M M 5 18 20
20 51 42 47 -11 18 0 0.12 0.0 0 6.3 16 10 M M 5 1 21 10
21 69 41 55 -2 10 0 0.00 0.0 0 6.7 13 40 M M 1 18 30
22 73 54 64 7 1 0 0.00 0.0 0 5.9 12 20 M M 6 15 40
23 74 59 67 10 0 2 0.00 0.0 0 6.1 14 30 M M 8 18 20
24 74 63 69 12 0 4 T 0.0 0 5.5 10 40 M M 10 13 40
25 74 62 68 11 0 3 0.01 0.0 0 3.3 16 10 M M 10 1 19 360
26 72 61 67 11 0 2 0.02 0.0 M 4.8 10 120 M M 9 1 16 110
27 79 51 65 9 0 0 0.13 0.0 M 5.4 15 170 M M 5 1 20 250
28 79 47 63 7 2 0 0.00 0.0 M 1.1 8 300 M M 1 1 17 270
29 78 51 65 9 0 0 0.00 0.0 M 3.4 12 140 M M 6 12 15 150
30 73 52 63 7 2 0 0.45 0.0 0 4.9 14 180 M M 5 123 23 300
================================================================================
SM 2247 1597 117 98 2.87 0.0 168.4 M 135
================================================================================
AV 74.9 53.2 5.6 FASTST M M 5 MAX(MPH)
MISC ----> 36 10 45 20
================================================================================
NOTES:
# LAST OF SEVERAL OCCURRENCES
COLUMN 17 PEAK WIND IN M.P.H.
PRELIMINARY LOCAL CLIMATOLOGICAL DATA (WS FORM: F-6) , PAGE 2
STATION: VALDOSTA
MONTH: NOVEMBER
YEAR: 2022
LATITUDE: 30 46 N
LONGITUDE: 83 17 W
[TEMPERATURE DATA] [PRECIPITATION DATA] SYMBOLS USED IN COLUMN 16
AVERAGE MONTHLY: 64.1 TOTAL FOR MONTH: 2.87 1 = FOG OR MIST
DPTR FM NORMAL: 5.1 DPTR FM NORMAL: 0.40 2 = FOG REDUCING VISIBILITY
HIGHEST: 89 ON 5 GRTST 24HR 2.10 ON 10-11 TO 1/4 MILE OR LESS
LOWEST: 31 ON 18 3 = THUNDER
SNOW, ICE PELLETS, HAIL 4 = ICE PELLETS
TOTAL MONTH: 0.0 INCH 5 = HAIL
GRTST 24HR 0.0 6 = FREEZING RAIN OR DRIZZLE
GRTST DEPTH: 0 7 = DUSTSTORM OR SANDSTORM:
VSBY 1/2 MILE OR LESS
8 = SMOKE OR HAZE
[NO. OF DAYS WITH] [WEATHER - DAYS WITH] 9 = BLOWING SNOW
X = TORNADO
MAX 32 OR BELOW: 0 0.01 INCH OR MORE: 8
MAX 90 OR ABOVE: 0 0.10 INCH OR MORE: 5
MIN 32 OR BELOW: 1 0.50 INCH OR MORE: 1
MIN 0 OR BELOW: 0 1.00 INCH OR MORE: 1
[HDD (BASE 65) ]
TOTAL THIS MO. 117 CLEAR (SCALE 0-3) 10
DPTR FM NORMAL -96 PTCLDY (SCALE 4-7) 15
TOTAL FM JUL 1 173 CLOUDY (SCALE 8-10) 5
DPTR FM NORMAL -86
[CDD (BASE 65) ]
TOTAL THIS MO. 98
DPTR FM NORMAL 65 [PRESSURE DATA]
TOTAL FM JAN 1 2879 HIGHEST SLP 30.40 ON 21
DPTR FM NORMAL 480 LOWEST SLP 29.47 ON 10
[REMARKS]
#FINAL-11-22#