000
CXUS51 KBTV 010700
CF6VSF
PRELIMINARY LOCAL CLIMATOLOGICAL DATA (WS FORM: F-6)
STATION: SPRINGFIELD VT
MONTH: AUGUST
YEAR: 2022
LATITUDE: 43 19 N
LONGITUDE: 72 31 W
TEMPERATURE IN F: :PCPN: SNOW: WIND :SUNSHINE: SKY :PK WND
================================================================================
1 2 3 4 5 6A 6B 7 8 9 10 11 12 13 14 15 16 17 18
12Z AVG MX 2MIN
DY MAX MIN AVG DEP HDD CDD WTR SNW DPTH SPD SPD DIR MIN PSBL S-S WX SPD DR
================================================================================
1 85 62 74 5 0 9 0.00 M M 3.2 13 140 M M 1 17 140
2 87 60 74 5 0 9 0.00 M M 3.7 15 270 M M 5 21 270
3 87 59 73 4 0 8 0.00 M M 3.0 14 250 M M 1 19 260
4 95 59 77 8 0 12 0.82 M M 3.2 26 240 M M 1 138 37 230
5 89 68 79 10 0 14 T M M 2.0 12 280 M M 5 123 18 260
6 88 68 78 9 0 13 0.29 M M 1.2 14 280 M M 5 123 16 130
7 89 69 79 10 0 14 0.43 M M 2.7 17 260 M M 3 1 22 270
8 93 69 81 12 0 16 0.34 M M 3.3 18 250 M M 4 123 26 210
9 86 64 75 7 0 10 0.01 M M 4.6 15 290 M M 5 1 20 310
10 77 60 69 1 0 4 0.00 M M 0.6 9 10 M M 9 12 20
11 83 61 72 4 0 7 0.05 M M 1.6 18 290 M M 6 128 25 300
12 75 53 64 -4 1 0 0.00 M M 3.8 13 290 M M 3 12 18 260
13 73 49 61 -7 4 0 0.00 M M 2.2 8 30 M M 5 13 30
14 80 49 65 -3 0 0 0.00 M M 1.3 7 280 M M 2 12 11 100
15 83 49 66 -2 0 1 0.00 M M 1.5 9 160 M M 1 12 120
16 83 50 67 -1 0 2 0.02 M M 2.8 17 60 M M 2 24 70
17 79 61 70 2 0 5 0.04 M M 3.5 16 70 M M 6 23 70
18 76 61 69 1 0 4 0.10 M M 7.2 17 290 M M 8 24 290
19 86 54 70 3 0 5 0.00 M M 3.3 16 280 M M 1 22 260
20 89 55 72 5 0 7 0.00 M M 1.6 10 160 M M 1 17 40
21 88 60 74 7 0 9 0.00 M M 4.0 15 140 M M 0 24 140
22 78 63 71 4 0 6 0.14 M M 1.2 9 140 M M 5 1 15 150
23 75 67 71 4 0 6 1.66 M M 1.5 13 160 M M 9 1 18 170
24 84 64 74 7 0 9 0.01 M M 2.5 13 270 M M 7 12 18 290
25 85 60 73 7 0 8 0.00 M M 2.4 14 250 M M 3 12 18 270
26 80 61 71 5 0 6 1.97 M M 2.9 21 50 M M 4 1 28 60
27 77 56 67 1 0 2 0.00 M M 1.6 7 340 M M 6 12 10 330
28 79 54 67 1 0 2 0.00 M M 2.7 13 160 M M 5 12 17 150
29 88 62 75 9 0 10 T M M 2.8 13 190 M M 4 17 160
30 90 67 79 14 0 14 0.28 M M 5.3 20 250 M M 5 18 26 260
31 77 57 67 2 0 2 0.20 M M 4.5 20 260 M M 4 1 27 260
================================================================================
SM 2584 1851 5 214 6.36 M 87.7 M 126
================================================================================
AV 83.4 59.7 2.8 FASTST M M 4 MAX(MPH)
MISC ----> 26 240 37 230
================================================================================
NOTES:
# LAST OF SEVERAL OCCURRENCES
COLUMN 17 PEAK WIND IN M.P.H.
PRELIMINARY LOCAL CLIMATOLOGICAL DATA (WS FORM: F-6) , PAGE 2
STATION: SPRINGFIELD VT
MONTH: AUGUST
YEAR: 2022
LATITUDE: 43 19 N
LONGITUDE: 72 31 W
[TEMPERATURE DATA] [PRECIPITATION DATA] SYMBOLS USED IN COLUMN 16
AVERAGE MONTHLY: 71.5 TOTAL FOR MONTH: 6.36 1 = FOG OR MIST
DPTR FM NORMAL: 4.0 DPTR FM NORMAL: 2.80 2 = FOG REDUCING VISIBILITY
HIGHEST: 95 ON 4 GRTST 24HR 1.97 ON 26-26 TO 1/4 MILE OR LESS
LOWEST: 49 ON 15,14 3 = THUNDER
SNOW, ICE PELLETS, HAIL 4 = ICE PELLETS
TOTAL MONTH: M 5 = HAIL
GRTST 24HR M ON M 6 = FREEZING RAIN OR DRIZZLE
GRTST DEPTH: M ON M 7 = DUSTSTORM OR SANDSTORM:
VSBY 1/2 MILE OR LESS
8 = SMOKE OR HAZE
[NO. OF DAYS WITH] [WEATHER - DAYS WITH] 9 = BLOWING SNOW
X = TORNADO
MAX 32 OR BELOW: 0 0.01 INCH OR MORE: 15
MAX 90 OR ABOVE: 3 0.10 INCH OR MORE: 10
MIN 32 OR BELOW: 0 0.50 INCH OR MORE: 3
MIN 0 OR BELOW: 0 1.00 INCH OR MORE: 2
[HDD (BASE 65) ]
TOTAL THIS MO. 5 CLEAR (SCALE 0-3) 10
DPTR FM NORMAL -29 PTCLDY (SCALE 4-7) 18
TOTAL FM JUL 1 10 CLOUDY (SCALE 8-10) 3
DPTR FM NORMAL -43
[CDD (BASE 65) ]
TOTAL THIS MO. 214
DPTR FM NORMAL 101 [PRESSURE DATA]
TOTAL FM JAN 1 525 HIGHEST SLP M ON M
DPTR FM NORMAL 181 LOWEST SLP 29.71 ON 30
[REMARKS]
#FINAL-08-22#