000
CXUS55 KLBF 011410
CF6VTN
PRELIMINARY LOCAL CLIMATOLOGICAL DATA (WS FORM: F-6)
STATION: VALENTINE
MONTH: AUGUST
YEAR: 2021
LATITUDE: 42 52 N
LONGITUDE: 100 33 W
TEMPERATURE IN F: :PCPN: SNOW: WIND :SUNSHINE: SKY :PK WND
================================================================================
1 2 3 4 5 6A 6B 7 8 9 10 11 12 13 14 15 16 17 18
12Z AVG MX 2MIN
DY MAX MIN AVG DEP HDD CDD WTR SNW DPTH SPD SPD DIR MIN PSBL S-S WX SPD DR
================================================================================
1 88 52 70 -6 0 5 0.00 0.0 0 5.0 14 110 M M 1 18 18 80
2 92 56 74 -2 0 9 0.00 0.0 0 7.4 20 110 M M 0 18 25 110
3 92 58 75 -1 0 10 0.00 0.0 0 8.9 17 170 M M 0 18 27 150
4 88 64 76 0 0 11 T 0.0 0 8.2 23 350 M M 2 8 30 340
5 101 61 81 5 0 16 T 0.0 0 8.8 24 220 M M 1 38 37 210
6 96 59 78 3 0 13 0.11 0.0 0 9.0 43 270 M M 1 138 57 230
7 92 64 78 3 0 13 0.00 0.0 0 4.0 14 120 M M 0 17 120
8 101 61 81 6 0 16 0.00 0.0 0 6.6 17 120 M M 0 8 22 110
9 93 62 78 3 0 13 0.00 0.0 0 8.4 18 310 M M 0 8 25 340
10 93 58 76 1 0 11 0.00 0.0 0 6.9 17 160 M M 0 25 140
11 97 59 78 3 0 13 0.00 0.0 0 7.7 18 240 M M 0 8 24 240
12 87 62 75 1 0 10 0.00 0.0 0 9.8 23 40 M M 0 31 40
13 91 51 71 -3 0 6 0.00 0.0 0 5.4 14 60 M M 1 17 70
14 94 59 77 3 0 12 0.00 0.0 0 12.8 25 160 M M 1 8 34 160
15 99 66 83 9 0 18 0.00 0.0 0 16.3 32 200 M M 0 44 200
16 102 67 85 11 0 20 0.00 0.0 0 12.5 23 180 M M 0 31 170
17 100 67 84 10 0 19 0.00 0.0 M 15.4 28 170 M M 0 36 160
18 98 72 85 12 0 20 0.00 0.0 0 18.4 28 170 M M 0 39 210
19 91 67 79 6 0 14 0.43 0.0 0 11.8 26 160 M M 5 13 33 170
20 84 62 73 0 0 8 0.37 0.0 0 12.4 30 260 M M 3 13 40 260
21 80 50 65 -8 0 0 0.00 0.0 0 7.6 16 130 M M 1 22 340
22 96 62 79 7 0 14 T 0.0 0 12.3 35 170 M M 2 48 190
23 98 56 77 5 0 12 0.00 0.0 0 9.0 23 140 M M 0 8 32 150
24 99 68 84 12 0 19 0.10 0.0 0 11.1 44 250 M M 0 38 57 250
25 79 59 69 -3 0 4 0.41 0.0 0 11.4 32 350 M M 3 13 40 290
26 93 67 80 8 0 15 0.00 0.0 0 9.0 18 190 M M 3 18 25 190
27 94 63 79 8 0 14 0.01 0.0 M 7.6 21 350 M M 3 13 27 350
28 89 64 77 6 0 12 0.34 0.0 0 8.9 47 270 M M 3 138 65 260
29 84 51 68 -3 0 3 0.00 0.0 0 5.8 18 340 M M 1 25 340
30 89 67 78 8 0 13 0.62 0.0 0 11.0 26 150 M M 7 13 36 160
31 83 61 72 2 0 7 0.09 0.0 0 12.0 31 360 M M 0 13 47 360
================================================================================
SM 2863 1895 0 370 2.48 0.0 301.4 M 38
================================================================================
AV 92.4 61.1 9.7 FASTST M M 1 MAX(MPH)
MISC ----> 47 270 65 260
================================================================================
NOTES:
# LAST OF SEVERAL OCCURRENCES
COLUMN 17 PEAK WIND IN M.P.H.
PRELIMINARY LOCAL CLIMATOLOGICAL DATA (WS FORM: F-6) , PAGE 2
STATION: VALENTINE
MONTH: AUGUST
YEAR: 2021
LATITUDE: 42 52 N
LONGITUDE: 100 33 W
[TEMPERATURE DATA] [PRECIPITATION DATA] SYMBOLS USED IN COLUMN 16
AVERAGE MONTHLY: 76.7 TOTAL FOR MONTH: 2.48 1 = FOG OR MIST
DPTR FM NORMAL: 3.1 DPTR FM NORMAL: 0.44 2 = FOG REDUCING VISIBILITY
HIGHEST: 102 ON 16 GRTST 24HR 0.80 ON 19-20 TO 1/4 MILE OR LESS
LOWEST: 50 ON 21 3 = THUNDER
SNOW, ICE PELLETS, HAIL 4 = ICE PELLETS
TOTAL MONTH: 0.0 INCH 5 = HAIL
GRTST 24HR 0.0 6 = FREEZING RAIN OR DRIZZLE
GRTST DEPTH: 0 7 = DUSTSTORM OR SANDSTORM:
VSBY 1/2 MILE OR LESS
8 = SMOKE OR HAZE
[NO. OF DAYS WITH] [WEATHER - DAYS WITH] 9 = BLOWING SNOW
X = TORNADO
MAX 32 OR BELOW: 0 0.01 INCH OR MORE: 9
MAX 90 OR ABOVE: 21 0.10 INCH OR MORE: 7
MIN 32 OR BELOW: 0 0.50 INCH OR MORE: 1
MIN 0 OR BELOW: 0 1.00 INCH OR MORE: 0
[HDD (BASE 65) ]
TOTAL THIS MO. 0 CLEAR (SCALE 0-3) 26
DPTR FM NORMAL -14 PTCLDY (SCALE 4-7) 5
TOTAL FM JUL 1 0 CLOUDY (SCALE 8-10) 0
DPTR FM NORMAL -15
[CDD (BASE 65) ]
TOTAL THIS MO. 370
DPTR FM NORMAL 91 [PRESSURE DATA]
TOTAL FM JAN 1 1135 HIGHEST SLP 30.28 ON 1
DPTR FM NORMAL 316 LOWEST SLP 29.65 ON 8
[REMARKS]
#FINAL-08-21#