000
CXUS51 KAKQ 030245
CF6WAL
PRELIMINARY LOCAL CLIMATOLOGICAL DATA (WS FORM: F-6)
STATION: WALLOPS ISLAND VA
MONTH: DECEMBER
YEAR: 2020
LATITUDE: 37 55 N
LONGITUDE: 75 28 W
TEMPERATURE IN F: :PCPN: SNOW: WIND :SUNSHINE: SKY :PK WND
================================================================================
1 2 3 4 5 6A 6B 7 8 9 10 11 12 13 14 15 16 17 18
12Z AVG MX 2MIN
DY MAX MIN AVG DEP HDD CDD WTR SNW DPTH SPD SPD DIR MIN PSBL S-S WX SPD DR
================================================================================
1 M M M M M M 0.00 0.0 0 M M M M M M M M
2 M M M M M M 0.00 0.0 0 M M M M M M M M
3 M M M M M M 0.00 0.0 0 M M M M M M M M
4 59 43 51 7 14 0 0.43 0.0 0 9.5 20 200 M M 7 1 24 200
5 60 43 52 9 13 0 1.27 0.0 0 16.4 33 310 M M 10 1 51 310
6 45 32 39 -4 26 0 0.00 0.0 0 8.9 22 290 M M 5 29 300
7 35 32 34 -9 31 0 0.06 T 0 6.0 10 320 M M 7 1 15 330
8 44 31 38 -4 27 0 0.00 0.0 0 10.5 23 300 M M 2 31 300
9 44 27 36 -6 29 0 0.00 0.0 0 3.9 13 260 M M 3 20 100
10 53 28 41 -1 24 0 0.00 0.0 0 3.4 10 280 M M 0 13 310
11 59 31 45 3 20 0 0.00 0.0 0 7.9 15 190 M M 1 1 19 200
12 61 50 56 15 9 0 0.00 0.0 0 12.5 20 200 M M 4 29 230
13 65 48 57 16 8 0 0.03 0.0 0 6.9 16 250 M M 5 1 28 250
14 49 36 43 2 22 0 0.91 0.0 0 11.8 21 330 M M 8 1 32 350
15 43 30 37 -3 28 0 0.00 0.0 0 6.2 15 360 M M 2 20 20
16 57 31 44 4 21 0 1.80 0.0 0 11.7 30 90 M M 8 1 35 90
17 44 30 37 -3 28 0 T 0.0 0 11.0 26 280 M M 7 1 36 280
18 39 29 34 -6 31 0 0.00 0.0 0 8.8 18 340 M M 7 26 320
19 39 24 32 -8 33 0 0.00 0.0 0 3.1 9 320 M M 0 11 310
20 44 29 37 -2 28 0 0.28 0.0 0 2.8 10 190 M M 7 1 24 190
21 44 37 41 2 24 0 0.05 0.0 0 6.7 15 190 M M 10 12 18 270
22 52 39 46 7 19 0 0.01 0.0 0 9.8 29 310 M M 4 42 300
23 48 29 39 0 26 0 0.00 0.0 0 5.6 13 170 M M 2 16 180
24 62 46 54 16 11 0 0.35 0.0 0 16.8 36 150 M M 7 1 50 150
25 63 29 46 8 19 0 0.21 T 0 14.7 30 210 M M 7 1 41 250
26 36 26 31 -7 34 0 0.00 0.0 0 7.7 16 230 M M 2 22 230
27 43 24 34 -4 31 0 0.00 0.0 0 4.7 12 190 M M 0 16 190
28 55 39 47 9 18 0 0.00 0.0 0 8.4 16 240 M M 3 32 100
29 47 27 37 -1 28 0 0.00 0.0 0 8.3 25 310 M M 1 36 300
30 50 25 38 0 27 0 T 0.0 0 8.0 17 190 M M 4 26 190
31 59 43 51 14 14 0 0.24 0.0 0 10.0 18 210 M M 9 1 32 260
================================================================================
SM 1399 938 643 0 5.64 T 242.0 M 132
================================================================================
AV 50.0 33.5 8.6 FASTST M M 5 MAX(MPH)
MISC ----> 36 150 51 310
================================================================================
NOTES:
# LAST OF SEVERAL OCCURRENCES
COLUMN 17 PEAK WIND IN M.P.H.
PRELIMINARY LOCAL CLIMATOLOGICAL DATA (WS FORM: F-6) , PAGE 2
STATION: WALLOPS ISLAND VA
MONTH: DECEMBER
YEAR: 2020
LATITUDE: 37 55 N
LONGITUDE: 75 28 W
[TEMPERATURE DATA] [PRECIPITATION DATA] SYMBOLS USED IN COLUMN 16
AVERAGE MONTHLY: 41.7 TOTAL FOR MONTH: 5.64 1 = FOG OR MIST
DPTR FM NORMAL: 1.2 DPTR FM NORMAL: 2.21 2 = FOG REDUCING VISIBILITY
HIGHEST: 65 ON 13 GRTST 24HR 1.80 ON 16-16 TO 1/4 MILE OR LESS
LOWEST: 24 ON 27,19 3 = THUNDER
SNOW, ICE PELLETS, HAIL 4 = ICE PELLETS
TOTAL MONTH: T 5 = HAIL
GRTST 24HR T ON 7- 7 6 = FREEZING RAIN OR DRIZZLE
GRTST DEPTH: 0 7 = DUSTSTORM OR SANDSTORM:
VSBY 1/2 MILE OR LESS
8 = SMOKE OR HAZE
[NO. OF DAYS WITH] [WEATHER - DAYS WITH] 9 = BLOWING SNOW
X = TORNADO
MAX 32 OR BELOW: 0 0.01 INCH OR MORE: 12
MAX 90 OR ABOVE: 0 0.10 INCH OR MORE: 8
MIN 32 OR BELOW: 18 0.50 INCH OR MORE: 3
MIN 0 OR BELOW: 0 1.00 INCH OR MORE: 2
[HDD (BASE 65) ]
TOTAL THIS MO. 643 CLEAR (SCALE 0-3) 11
DPTR FM NORMAL -115 PTCLDY (SCALE 4-7) 13
TOTAL FM JUL 1 1072 CLOUDY (SCALE 8-10) 7
DPTR FM NORMAL -389
[CDD (BASE 65) ]
TOTAL THIS MO. 0
DPTR FM NORMAL 0 [PRESSURE DATA]
TOTAL FM JAN 1 1488 HIGHEST SLP 30.57 ON 30
DPTR FM NORMAL 291 LOWEST SLP 29.44 ON 5
[REMARKS]
#FINAL-12-20#