000
CXUS56 KLOX 011255
CF6WJF
PRELIMINARY LOCAL CLIMATOLOGICAL DATA (WS FORM: F-6)
STATION: LANCASTER FOX FIELD CA
MONTH: DECEMBER
YEAR: 2022
LATITUDE: 34 43 N
LONGITUDE: 118 13 W
TEMPERATURE IN F: :PCPN: SNOW: WIND :SUNSHINE: SKY :PK WND
================================================================================
1 2 3 4 5 6A 6B 7 8 9 10 11 12 13 14 15 16 17 18
12Z AVG MX 2MIN
DY MAX MIN AVG DEP HDD CDD WTR SNW DPTH SPD SPD DIR MIN PSBL S-S WX SPD DR
================================================================================
1 54 45 50 4 15 0 0.00 M M 16.8 25 210 M M 6 33 230
2 58 44 51 6 14 0 T M M 7.0 17 280 M M 9 22 240
3 65 44 55 10 10 0 0.02 M M 4.1 15 250 M M 6 1 17 250
4 62 44 53 8 12 0 0.00 M M 12.4 21 220 M M 4 26 240
5 58 42 50 6 15 0 0.00 M M 15.1 30 260 M M 2 35 260
6 56 38 47 3 18 0 0.00 M M 10.8 18 240 M M 0 23 220
7 55 27 41 -3 24 0 0.00 M M 7.5 17 250 M M 0 20 220
8 55 24 40 -4 25 0 0.00 M M 3.0 10 300 M M 0 11 300
9 64 25 45 1 20 0 0.00 M M 9.5 24 270 M M 0 8 30 270
10 55 34 45 1 20 0 T M M 12.7 29 200 M M 3 1 35 210
11 53 37 45 1 20 0 0.46 M M 15.9 33 210 M M 7 1 44 200
12 50 36 43 -1 22 0 0.01 M M 11.0 23 290 M M 4 27 300
13 52 31 42 -1 23 0 0.00 M M 5.6 14 280 M M 0 16 280
14 52 25 39 -4 26 0 0.00 M M 1.9 7 270 M M 0 9 300
15 53 27 40 -3 25 0 0.00 M M 3.2 12 50 M M 0 8 14 60
16 54 28 41 -2 24 0 0.00 M M 5.0 17 60 M M 0 21 50
17 49 20 35 -8 30 0 0.00 M M 1.9 7 290 M M 0 8 280
18 52 20 36 -7 29 0 0.00 M M 1.9 10 300 M M 0 12 300
19 54 19 37 -6 28 0 0.00 M M 2.6 8 270 M M 0 10 280
20 58 27 43 0 22 0 0.00 M M 1.8 8 300 M M 0 9 290
21 61 23 42 -1 23 0 0.00 M M 2.6 9 50 M M 0 11 270
22 58 29 44 1 21 0 0.00 M M 1.6 8 270 M M 0 9 270
23 64 28 46 3 19 0 0.00 M M 4.5 13 300 M M 0 14 290
24 67 27 47 4 18 0 0.00 M M 3.0 10 360 M M 0 11 260
25 69 30 50 7 15 0 0.00 M M 2.2 10 310 M M 0 12 310
26 66 31 49 6 16 0 0.00 M M 2.3 9 280 M M 0 10 280
27 64 39 52 9 13 0 0.11 M M 15.1 25 220 M M 8 33 220
28 60 45 53 9 12 0 0.00 M M 18.7 30 280 M M 1 8 36 290
29 53 49 51 7 14 0 T M M 15.7 28 220 M M 7 35 220
30 62 50 56 12 9 0 0.00 M M 21.9 35 260 M M 4 44 240
31 58 51 55 11 10 0 0.53 M M 14.7 33 220 M M 6 1 45 190
================================================================================
SM 1791 1039 592 0 1.13 M 252.0 M 67
================================================================================
AV 57.8 33.5 8.1 FASTST M M 2 MAX(MPH)
MISC ----> 35 260 45 190
================================================================================
NOTES:
# LAST OF SEVERAL OCCURRENCES
COLUMN 17 PEAK WIND IN M.P.H.
PRELIMINARY LOCAL CLIMATOLOGICAL DATA (WS FORM: F-6) , PAGE 2
STATION: LANCASTER FOX FIELD CA
MONTH: DECEMBER
YEAR: 2022
LATITUDE: 34 43 N
LONGITUDE: 118 13 W
[TEMPERATURE DATA] [PRECIPITATION DATA] SYMBOLS USED IN COLUMN 16
AVERAGE MONTHLY: 45.6 TOTAL FOR MONTH: 1.13 1 = FOG OR MIST
DPTR FM NORMAL: 1.9 DPTR FM NORMAL: 0.02 2 = FOG REDUCING VISIBILITY
HIGHEST: 69 ON 25 GRTST 24HR 0.53 ON 31-31 TO 1/4 MILE OR LESS
LOWEST: 19 ON 19 3 = THUNDER
SNOW, ICE PELLETS, HAIL 4 = ICE PELLETS
TOTAL MONTH: M 5 = HAIL
GRTST 24HR M ON M 6 = FREEZING RAIN OR DRIZZLE
GRTST DEPTH: M ON M 7 = DUSTSTORM OR SANDSTORM:
VSBY 1/2 MILE OR LESS
8 = SMOKE OR HAZE
[NO. OF DAYS WITH] [WEATHER - DAYS WITH] 9 = BLOWING SNOW
X = TORNADO
MAX 32 OR BELOW: 0 0.01 INCH OR MORE: 5
MAX 90 OR ABOVE: 0 0.10 INCH OR MORE: 3
MIN 32 OR BELOW: 17 0.50 INCH OR MORE: 1
MIN 0 OR BELOW: 0 1.00 INCH OR MORE: 0
[HDD (BASE 65) ]
TOTAL THIS MO. 592 CLEAR (SCALE 0-3) 20
DPTR FM NORMAL -68 PTCLDY (SCALE 4-7) 10
TOTAL FM JUL 1 1200 CLOUDY (SCALE 8-10) 1
DPTR FM NORMAL -14
[CDD (BASE 65) ]
TOTAL THIS MO. 0
DPTR FM NORMAL 0 [PRESSURE DATA]
TOTAL FM JAN 1 2561 HIGHEST SLP 30.47 ON 24
DPTR FM NORMAL 655 LOWEST SLP 29.63 ON 31
[REMARKS]
#FINAL-12-22#