000
CXUS56 KLOX 011155
CF6WJF
PRELIMINARY LOCAL CLIMATOLOGICAL DATA (WS FORM: F-6)
STATION: LANCASTER FOX FIELD CA
MONTH: MARCH
YEAR: 2021
LATITUDE: 34 43 N
LONGITUDE: 118 13 W
TEMPERATURE IN F: :PCPN: SNOW: WIND :SUNSHINE: SKY :PK WND
================================================================================
1 2 3 4 5 6A 6B 7 8 9 10 11 12 13 14 15 16 17 18
12Z AVG MX 2MIN
DY MAX MIN AVG DEP HDD CDD WTR SNW DPTH SPD SPD DIR MIN PSBL S-S WX SPD DR
================================================================================
1 64 18 41 -10 24 0 0.00 M M 5.0 14 50 M M 0 20 70
2 68 24 46 -5 19 0 0.00 M M 5.1 15 60 M M 0 20 60
3 56 26 41 -10 24 0 0.00 M M 9.0 23 250 M M 2 26 240
4 69 29 49 -2 16 0 0.00 M M 4.6 16 240 M M 0 20 240
5 73 28 51 -1 14 0 0.00 M M 4.8 14 230 M M 0 19 50
6 67 41 54 2 11 0 0.00 M M 18.5 31 290 M M 0 38 280
7 67 38 53 1 12 0 0.00 M M 11.2 30 240 M M 0 36 240
8 65 45 55 3 10 0 0.00 M M 17.4 32 260 M M 3 38 270
9 59 41 50 -2 15 0 T M M 17.2 29 280 M M 2 8 34 280
10 51 38 45 -7 20 0 0.02 M M 13.5 30 240 M M 6 35 240
11 53 29 41 -11 24 0 0.00 M M 10.3 24 240 M M 2 30 250
12 57 25 41 -12 24 0 0.05 M M 6.2 23 30 M M 4 3 30 20
13 64 39 52 -1 13 0 0.00 M M 17.3 32 280 M M 0 38 290
14 68 35 52 -1 13 0 0.00 M M 16.0 32 250 M M 0 8 39 250
15 50 34 42 -11 23 0 0.07 M M 21.1 30 280 M M 6 1 49 290
16 61 34 48 -5 17 0 0.00 M M 16.5 22 270 M M 0 29 270
17 65 26 46 -7 19 0 0.00 M M 5.4 16 260 M M 0 M M
18 74 40 57 3 8 0 0.00 M M 5.9 17 250 M M 0 25 230
19 75 40 58 4 7 0 0.00 M M 11.0 22 230 M M 0 33 220
20 58 44 51 -3 14 0 T M M 24.2 37 270 M M 3 43 270
21 64 36 50 -4 15 0 0.00 M M 11.0 24 270 M M 1 28 300
22 68 41 55 1 10 0 0.00 M M 17.2 37 270 M M 0 43 270
23 63 43 53 -1 12 0 0.00 M M 15.4 35 260 M M 4 41 290
24 68 31 50 -4 15 0 0.00 M M 8.7 20 280 M M 0 24 110
25 55 44 50 -4 15 0 0.00 M M 21.9 30 240 M M 4 40 240
26 68 44 56 1 9 0 T M M 9.7 29 50 M M 3 35 50
27 73 29 51 -4 14 0 0.00 M M 4.7 9 320 M M 0 21 60
28 81 32 57 2 8 0 0.00 M M 4.6 18 270 M M 0 22 280
29 80 53 67 12 0 2 0.00 M M 19.3 36 280 M M 0 41 290
30 75 51 63 8 2 0 0.00 M M 15.2 21 70 M M 0 30 60
31 76 31 54 -1 11 0 0.00 M M 13.2 21 90 M M 0 28 90
================================================================================
SM 2035 1109 438 2 0.14 M 381.1 M 40
================================================================================
AV 65.6 35.8 12.3 FASTST M M 1 MAX(MPH)
MISC ----> # 37 270 49 290
================================================================================
NOTES:
# LAST OF SEVERAL OCCURRENCES
COLUMN 17 PEAK WIND IN M.P.H.
PRELIMINARY LOCAL CLIMATOLOGICAL DATA (WS FORM: F-6) , PAGE 2
STATION: LANCASTER FOX FIELD CA
MONTH: MARCH
YEAR: 2021
LATITUDE: 34 43 N
LONGITUDE: 118 13 W
[TEMPERATURE DATA] [PRECIPITATION DATA] SYMBOLS USED IN COLUMN 16
AVERAGE MONTHLY: 50.7 TOTAL FOR MONTH: 0.14 1 = FOG OR MIST
DPTR FM NORMAL: -2.5 DPTR FM NORMAL: -1.00 2 = FOG REDUCING VISIBILITY
HIGHEST: 81 ON 28 GRTST 24HR 0.07 ON 15-15 TO 1/4 MILE OR LESS
LOWEST: 18 ON 1 3 = THUNDER
SNOW, ICE PELLETS, HAIL 4 = ICE PELLETS
TOTAL MONTH: M 5 = HAIL
GRTST 24HR M ON M 6 = FREEZING RAIN OR DRIZZLE
GRTST DEPTH: M ON M 7 = DUSTSTORM OR SANDSTORM:
VSBY 1/2 MILE OR LESS
8 = SMOKE OR HAZE
[NO. OF DAYS WITH] [WEATHER - DAYS WITH] 9 = BLOWING SNOW
X = TORNADO
MAX 32 OR BELOW: 0 0.01 INCH OR MORE: 3
MAX 90 OR ABOVE: 0 0.10 INCH OR MORE: 0
MIN 32 OR BELOW: 12 0.50 INCH OR MORE: 0
MIN 0 OR BELOW: 0 1.00 INCH OR MORE: 0
[HDD (BASE 65) ]
TOTAL THIS MO. 438 CLEAR (SCALE 0-3) 26
DPTR FM NORMAL 70 PTCLDY (SCALE 4-7) 5
TOTAL FM JUL 1 2639 CLOUDY (SCALE 8-10) 0
DPTR FM NORMAL -21
[CDD (BASE 65) ]
TOTAL THIS MO. 2
DPTR FM NORMAL 0 [PRESSURE DATA]
TOTAL FM JAN 1 2 HIGHEST SLP M ON M
DPTR FM NORMAL 0 LOWEST SLP 29.78 ON 29
[REMARKS]
#FINAL-03-21#