000
CXUS55 KRIW 011010
CF6WRL
PRELIMINARY LOCAL CLIMATOLOGICAL DATA (WS FORM: F-6)
STATION: WORLAND WY
MONTH: JULY
YEAR: 2021
LATITUDE: 43 58 N
LONGITUDE: 107 57 W
TEMPERATURE IN F: :PCPN: SNOW: WIND :SUNSHINE: SKY :PK WND
================================================================================
1 2 3 4 5 6A 6B 7 8 9 10 11 12 13 14 15 16 17 18
12Z AVG MX 2MIN
DY MAX MIN AVG DEP HDD CDD WTR SNW DPTH SPD SPD DIR MIN PSBL S-S WX SPD DR
================================================================================
1 91 59 75 6 0 10 0.00 M M 8.6 25 130 M M 1 3 35 130
2 95 56 76 6 0 11 0.00 M M 5.6 20 300 M M 0 27 310
3 96 59 78 8 0 13 0.00 M M 6.8 24 330 M M 0 44 330
4 98 57 78 8 0 13 T M M 6.8 28 350 M M 0 39 350
5 79 59 69 -1 0 4 0.01 M M 6.3 15 330 M M 3 22 290
6 94 52 73 2 0 8 0.00 M M 4.9 13 140 M M 0 18 150
7 99 58 79 8 0 14 T M M 8.8 27 280 M M 1 55 280
8 97 60 79 8 0 14 0.00 M M 6.2 13 30 M M 0 8 19 20
9 94 58 76 5 0 11 0.00 M M 9.3 28 330 M M 0 8 35 310
10 90 52 71 -1 0 6 0.00 M M 3.9 13 120 M M 0 16 140
11 95 51 73 1 0 8 0.00 M M 5.4 22 30 M M 0 31 20
12 94 62 78 6 0 13 0.00 M M 8.8 20 110 M M 0 3 28 120
13 91 59 75 3 0 10 0.09 M M 6.9 24 330 M M 1 3 32 350
14 84 55 70 -2 0 5 0.00 M M 5.5 13 120 M M 1 3 16 120
15 98 56 77 4 0 12 0.00 M M 6.5 22 260 M M 0 31 270
16 95 60 78 5 0 13 0.01 M M 7.8 46 320 M M 1 8 63 330
17 99 57 78 5 0 13 0.00 M M 5.8 15 140 M M 0 19 140
18 101 55 78 5 0 13 0.00 M M 6.4 20 180 M M 0 28 190
19 106 61 84 11 0 19 0.00 M M 7.6 21 140 M M 0 29 150
20 95 68 82 9 0 17 0.00 M M 5.2 20 320 M M 2 38 30 340
21 95 60 78 5 0 13 0.00 M M 4.9 13 360 M M 1 18 350
22 93 62 78 5 0 13 0.00 M M 4.6 20 340 M M 0 8 26 330
23 92 58 75 2 0 10 0.00 M M 5.2 12 30 M M 0 15 30
24 95 56 76 2 0 11 0.00 M M 4.8 9 170 M M 0 M M
25 100 58 79 5 0 14 0.00 M M 4.9 10 10 M M 0 14 10
26 100 60 80 6 0 15 0.00 M M 4.7 10 180 M M 0 8 13 350
27 106 61 84 10 0 19 0.00 M M 4.5 12 170 M M 0 8 14 340
28 97 68 83 10 0 18 0.00 M M 9.7 26 310 M M 1 38 38 290
29 88 63 76 3 0 11 0.02 M M 5.7 22 320 M M 4 138 29 310
30 87 61 74 1 0 9 0.26 M M 5.8 21 160 M M 2 3 26 20
31 92 64 78 5 0 13 0.00 M M 5.7 16 240 M M 2 24 150
================================================================================
SM 2936 1825 0 373 0.39 M 193.6 M 20
================================================================================
AV 94.7 58.9 6.2 FASTST M M 1 MAX(MPH)
MISC ----> 46 320 63 330
================================================================================
NOTES:
# LAST OF SEVERAL OCCURRENCES
COLUMN 17 PEAK WIND IN M.P.H.
PRELIMINARY LOCAL CLIMATOLOGICAL DATA (WS FORM: F-6) , PAGE 2
STATION: WORLAND WY
MONTH: JULY
YEAR: 2021
LATITUDE: 43 58 N
LONGITUDE: 107 57 W
[TEMPERATURE DATA] [PRECIPITATION DATA] SYMBOLS USED IN COLUMN 16
AVERAGE MONTHLY: 76.8 TOTAL FOR MONTH: 0.39 1 = FOG OR MIST
DPTR FM NORMAL: 4.6 DPTR FM NORMAL: -0.25 2 = FOG REDUCING VISIBILITY
HIGHEST: 106 ON 27,19 GRTST 24HR 0.26 ON 29-30 TO 1/4 MILE OR LESS
LOWEST: 51 ON 11 3 = THUNDER
SNOW, ICE PELLETS, HAIL 4 = ICE PELLETS
TOTAL MONTH: M 5 = HAIL
GRTST 24HR M ON M 6 = FREEZING RAIN OR DRIZZLE
GRTST DEPTH: M ON M 7 = DUSTSTORM OR SANDSTORM:
VSBY 1/2 MILE OR LESS
8 = SMOKE OR HAZE
[NO. OF DAYS WITH] [WEATHER - DAYS WITH] 9 = BLOWING SNOW
X = TORNADO
MAX 32 OR BELOW: 0 0.01 INCH OR MORE: 5
MAX 90 OR ABOVE: 27 0.10 INCH OR MORE: 1
MIN 32 OR BELOW: 0 0.50 INCH OR MORE: 0
MIN 0 OR BELOW: 0 1.00 INCH OR MORE: 0
[HDD (BASE 65) ]
TOTAL THIS MO. 0 CLEAR (SCALE 0-3) 30
DPTR FM NORMAL -11 PTCLDY (SCALE 4-7) 1
TOTAL FM JUL 1 0 CLOUDY (SCALE 8-10) 0
DPTR FM NORMAL -7
[CDD (BASE 65) ]
TOTAL THIS MO. 373
DPTR FM NORMAL 139 [PRESSURE DATA]
TOTAL FM JAN 1 591 HIGHEST SLP 30.21 ON 31
DPTR FM NORMAL 269 LOWEST SLP 29.69 ON 8
[REMARKS]
#FINAL-07-21#