000
CXUS55 KRIW 011110
CF6WRL
PRELIMINARY LOCAL CLIMATOLOGICAL DATA (WS FORM: F-6)
STATION: WORLAND WY
MONTH: NOVEMBER
YEAR: 2023
LATITUDE: 43 58 N
LONGITUDE: 107 57 W
TEMPERATURE IN F: :PCPN: SNOW: WIND :SUNSHINE: SKY :PK WND
================================================================================
1 2 3 4 5 6A 6B 7 8 9 10 11 12 13 14 15 16 17 18
12Z AVG MX 2MIN
DY MAX MIN AVG DEP HDD CDD WTR SNW DPTH SPD SPD DIR MIN PSBL S-S WX SPD DR
================================================================================
1 55 21 38 1 27 0 0.00 M M 2.7 10 170 M M 0 11 170
2 54 20 37 0 28 0 0.00 M M 3.0 12 150 M M 4 14 160
3 59 31 45 9 20 0 T M M 4.2 13 170 M M 5 14 170
4 61 23 42 6 23 0 0.00 M M 2.6 10 140 M M 2 12 100
5 62 33 48 13 17 0 0.00 M M 5.2 25 350 M M 2 36 340
6 64 34 49 14 16 0 0.00 M M 5.1 22 240 M M 1 31 240
7 56 34 45 11 20 0 0.00 M M 4.0 18 60 M M 0 31 50
8 48 23 36 2 29 0 0.00 M M 5.5 17 340 M M 2 8 24 330
9 45 17 31 -2 34 0 0.00 M M 4.7 10 120 M M 0 12 110
10 52 18 35 2 30 0 0.00 M M 4.4 10 170 M M 1 13 60
11 55 17 36 4 29 0 0.00 M M 3.2 12 180 M M 0 13 170
12 60 20 40 8 25 0 0.00 M M 3.9 12 140 M M 0 14 150
13 63 23 43 12 22 0 0.00 M M 3.5 15 160 M M 0 22 180
14 61 18 40 9 25 0 0.00 M M 4.3 12 160 M M 0 12 160
15 63 20 42 12 23 0 0.00 M M 5.5 14 150 M M 0 18 150
16 51 22 37 7 28 0 0.00 M M 4.3 17 130 M M 0 25 340
17 58 19 39 10 26 0 0.00 M M 4.4 12 170 M M 0 12 50
18 53 19 36 7 29 0 0.00 M M 4.3 12 170 M M 0 13 170
19 55 18 37 9 28 0 0.00 M M 3.5 12 330 M M 3 16 350
20 47 22 35 7 30 0 T M M 9.2 24 340 M M 3 32 330
21 53 14 34 7 31 0 0.00 M M 2.4 9 170 M M 0 11 170
22 55 24 40 13 25 0 0.00 M M 3.5 20 330 M M 3 31 320
23 43 20 32 6 33 0 0.16 M M 8.1 15 320 M M 10 1 20 320
24 20 7 14 -12 51 0 T M M 4.6 9 340 M M 10 1 12 360
25 21 0 11 -14 54 0 0.00 M M 1.7 8 220 M M 7 11 220
26 23 0 12 -13 53 0 0.05 M M 1.7 9 190 M M 2 11 180
27 29 3 16 -8 49 0 0.00 M M 1.8 8 230 M M 2 9 230
28 29 -1 14 -10 51 0 0.00 M M 3.3 9 220 M M 0 11 210
29 33 2 18 -5 47 0 0.00 M M 3.0 10 180 M M 0 8 11 190
30 25 3 14 -9 51 0 0.00 M M 2.3 9 170 M M 3 10 180
================================================================================
SM 1453 524 954 0 0.21 M 119.9 M 60
================================================================================
AV 48.4 17.5 4.0 FASTST M M 2 MAX(MPH)
MISC ----> 25 350 36 340
================================================================================
NOTES:
# LAST OF SEVERAL OCCURRENCES
COLUMN 17 PEAK WIND IN M.P.H.
PRELIMINARY LOCAL CLIMATOLOGICAL DATA (WS FORM: F-6) , PAGE 2
STATION: WORLAND WY
MONTH: NOVEMBER
YEAR: 2023
LATITUDE: 43 58 N
LONGITUDE: 107 57 W
[TEMPERATURE DATA] [PRECIPITATION DATA] SYMBOLS USED IN COLUMN 16
AVERAGE MONTHLY: 33.0 TOTAL FOR MONTH: 0.21 1 = FOG OR MIST
DPTR FM NORMAL: 2.9 DPTR FM NORMAL: -0.16 2 = FOG REDUCING VISIBILITY
HIGHEST: 64 ON 6 GRTST 24HR 0.16 ON 23-23 TO 1/4 MILE OR LESS
LOWEST: -1 ON 28 3 = THUNDER
SNOW, ICE PELLETS, HAIL 4 = ICE PELLETS
TOTAL MONTH: M 5 = HAIL
GRTST 24HR M ON M 6 = FREEZING RAIN OR DRIZZLE
GRTST DEPTH: M ON M 7 = DUSTSTORM OR SANDSTORM:
VSBY 1/2 MILE OR LESS
8 = SMOKE OR HAZE
[NO. OF DAYS WITH] [WEATHER - DAYS WITH] 9 = BLOWING SNOW
X = TORNADO
MAX 32 OR BELOW: 6 0.01 INCH OR MORE: 2
MAX 90 OR ABOVE: 0 0.10 INCH OR MORE: 1
MIN 32 OR BELOW: 27 0.50 INCH OR MORE: 0
MIN 0 OR BELOW: 3 1.00 INCH OR MORE: 0
[HDD (BASE 65) ]
TOTAL THIS MO. 954 CLEAR (SCALE 0-3) 25
DPTR FM NORMAL -93 PTCLDY (SCALE 4-7) 3
TOTAL FM JUL 1 1736 CLOUDY (SCALE 8-10) 2
DPTR FM NORMAL -174
[CDD (BASE 65) ]
TOTAL THIS MO. 0
DPTR FM NORMAL 0 [PRESSURE DATA]
TOTAL FM JAN 1 440 HIGHEST SLP 30.66 ON 21
DPTR FM NORMAL -88 LOWEST SLP 29.65 ON 7
[REMARKS]
#FINAL-11-23#