000
CXUS56 KMTR 010841
CLMWVI
CLIMATE REPORT
NATIONAL WEATHER SERVICE SAN FRANCISCO BAY AREA
141 AM PDT SAT APR 01 2023
...................................
...THE WATSONVILLE AIRPORT CLIMATE SUMMARY FOR THE MONTH OF MARCH 2023...
CLIMATE NORMAL PERIOD: 1991 TO 2020
CLIMATE RECORD PERIOD: 1998 TO 2023
WEATHER OBSERVED NORMAL DEPART LAST YEAR`S
VALUE DATE(S) VALUE FROM VALUE DATE(S)
NORMAL
................................................................
TEMPERATURE (F)
HIGHEST 68 03/18 MM 78 03/22
LOWEST 31R 03/27 MM 33 03/07
03/08
03/11
AVG. MAXIMUM 58.1 65.0
AVG. MINIMUM 41.3 40.6
MEAN 49.7 53.5 52.8
DAYS MAX >= 90 0 0
DAYS MAX <= 32 0 0
DAYS MIN <= 32 2 0
DAYS MIN <= 0 0 0
PRECIPITATION (INCHES)
TOTALS 8.97 1.32
DAILY AVG. 0.29 0.04
DAYS >= .01 19 5
DAYS >= .10 12 3
DAYS >= .50 7 1
DAYS >= 1.00 3 0
GREATEST
24 HR. TOTAL 3.16 03/09 TO 03/10 0.99 03/27 TO 03/28
DEGREE DAYS
HEATING TOTAL 470 369
SINCE 7/1 2786 MM
COOLING TOTAL 0 0
SINCE 1/1 0 MM
................................................................
WIND (MPH)
AVERAGE WIND SPEED 5.5
RESULTANT WIND SPEED/DIRECTION 2/250
HIGHEST WIND SPEED/DIRECTION 39/200 DATE 03/21
HIGHEST GUST SPEED/DIRECTION 58/200 DATE 03/21
SKY COVER
POSSIBLE SUNSHINE (PERCENT) MM
AVERAGE SKY COVER 0.45
NUMBER OF DAYS FAIR 9
NUMBER OF DAYS PC 10
NUMBER OF DAYS CLOUDY 7
AVERAGE RH (PERCENT) 75
WEATHER CONDITIONS. NUMBER OF DAYS WITH
THUNDERSTORM 1 MIXED PRECIP 0
HEAVY RAIN 10 RAIN 11
LIGHT RAIN 15 FREEZING RAIN 0
LT FREEZING RAIN 0 HAIL 0
HEAVY SNOW 0 SNOW 0
LIGHT SNOW 0 SLEET 0
FOG 16 FOG W/VIS <= 1/4 MILE 0
HAZE 0
- INDICATES NEGATIVE NUMBERS.
R INDICATES RECORD WAS SET OR TIED.
MM INDICATES DATA IS MISSING.
T INDICATES TRACE AMOUNT.
$$