088
CXUS54 KTSA 012011
CF6XNA
PRELIMINARY LOCAL CLIMATOLOGICAL DATA (WS FORM: F-6)
STATION: HIGHFILL ARKANSAS
MONTH: JUNE
YEAR: 2020
LATITUDE: 36 16 N
LONGITUDE: 94 19 W
TEMPERATURE IN F: :PCPN: SNOW: WIND :SUNSHINE: SKY :PK WND
================================================================================
1 2 3 4 5 6A 6B 7 8 9 10 11 12 13 14 15 16 17 18
12Z AVG MX 2MIN
DY MAX MIN AVG DEP HDD CDD WTR SNW DPTH SPD SPD DIR MIN PSBL S-S WX SPD DR
================================================================================
1 81 59 70 2 0 5 0.00 0.0 0 5.3 16 170 M M 0 21 180
2 84 60 72 3 0 7 0.00 0.0 0 6.1 13 180 M M 0 18 210
3 87 68 78 9 0 13 0.01 0.0 0 8.2 16 250 M M 1 23 230
4 85 64 75 6 0 10 1.05 0.0 0 8.5 29 10 M M 1 13 39 30
5 91 69 80 10 0 15 0.00 0.0 0 4.2 10 200 M M 0 15 180
6 94 71 83 13 0 18 0.00 0.0 0 4.9 14 110 M M 1 22 90
7 91 67 79 9 0 14 0.00 0.0 0 6.1 15 90 M M 0 22 80
8 87 71 79 9 0 14 0.13 0.0 0 8.7 20 70 M M 1 27 90
9 91 61 76 5 0 11 0.01 0.0 0 13.5 26 240 M M 5 123 39 200
10 78 59 69 -2 0 4 0.00 0.0 0 13.8 25 230 M M 5 39 220
11 86 53 70 -1 0 5 0.00 0.0 0 1.9 8 300 M M 0 11 350
12 87 58 73 1 0 8 0.00 0.0 0 4.1 15 180 M M 1 18 180
13 91 60 76 4 0 11 0.00 0.0 0 2.0 8 130 M M 0 16 120
14 90 64 77 5 0 12 0.00 0.0 0 3.9 15 170 M M 1 19 180
15 89 63 76 4 0 11 0.00 0.0 0 3.8 13 180 M M 1 1 19 180
16 87 66 77 4 0 12 T 0.0 0 5.7 16 40 M M 3 22 30
17 87 64 76 3 0 11 0.00 0.0 0 7.4 14 180 M M 1 23 170
18 89 66 78 5 0 13 0.00 0.0 0 8.4 18 150 M M 0 25 180
19 90 66 78 4 0 13 T 0.0 0 6.4 28 300 M M 1 39 300
20 81 63 72 -2 0 7 0.00 0.0 0 5.6 14 140 M M 1 19 210
21 85 60 73 -1 0 8 T 0.0 0 6.9 17 200 M M 1 138 26 200
22 87 65 76 2 0 11 T 0.0 0 6.0 14 190 M M 4 17 280
23 88 60 74 -1 0 9 0.00 0.0 0 6.0 14 340 M M 1 20 340
24 88 56 72 -3 0 7 0.00 0.0 0 3.7 10 160 M M 1 14 230
25 90 62 76 1 0 11 0.00 0.0 0 8.0 18 160 M M 0 23 170
26 87 68 78 3 0 13 0.00 0.0 0 10.0 21 170 M M 4 28 170
27 89 70 80 5 0 15 T 0.0 0 11.6 24 210 M M 3 18 33 210
28 89 74 82 6 0 17 T 0.0 0 13.6 23 180 M M 2 31 190
29 87 74 81 5 0 16 0.10 0.0 0 14.8 23 170 M M 4 3 30 160
30 90 74 82 6 0 17 T 0.0 0 10.4 24 180 M M 5 31 180
================================================================================
SM 2626 1935 0 338 1.30 0.0 219.5 M 48
================================================================================
AV 87.5 64.5 7.3 FASTST M M 2 MAX(MPH)
MISC ----> # 29 10 # 39 30
================================================================================
NOTES:
# LAST OF SEVERAL OCCURRENCES
COLUMN 17 PEAK WIND IN M.P.H.
PRELIMINARY LOCAL CLIMATOLOGICAL DATA (WS FORM: F-6) , PAGE 2
STATION: HIGHFILL ARKANSAS
MONTH: JUNE
YEAR: 2020
LATITUDE: 36 16 N
LONGITUDE: 94 19 W
[TEMPERATURE DATA] [PRECIPITATION DATA] SYMBOLS USED IN COLUMN 16
AVERAGE MONTHLY: 76.0 TOTAL FOR MONTH: 1.30 1 = FOG OR MIST
DPTR FM NORMAL: 3.5 DPTR FM NORMAL: -3.81 2 = FOG REDUCING VISIBILITY
HIGHEST: 94 ON 6 GRTST 24HR 1.05 ON 4- 4 TO 1/4 MILE OR LESS
LOWEST: 53 ON 11 3 = THUNDER
SNOW, ICE PELLETS, HAIL 4 = ICE PELLETS
TOTAL MONTH: 0.0 INCH 5 = HAIL
GRTST 24HR 0.0 6 = FREEZING RAIN OR DRIZZLE
GRTST DEPTH: 0 7 = DUSTSTORM OR SANDSTORM:
VSBY 1/2 MILE OR LESS
8 = SMOKE OR HAZE
[NO. OF DAYS WITH] [WEATHER - DAYS WITH] 9 = BLOWING SNOW
X = TORNADO
MAX 32 OR BELOW: 0 0.01 INCH OR MORE: 5
MAX 90 OR ABOVE: 9 0.10 INCH OR MORE: 3
MIN 32 OR BELOW: 0 0.50 INCH OR MORE: 1
MIN 0 OR BELOW: 0 1.00 INCH OR MORE: 1
[HDD (BASE 65) ]
TOTAL THIS MO. 0 CLEAR (SCALE 0-3) 23
DPTR FM NORMAL -7 PTCLDY (SCALE 4-7) 7
TOTAL FM JUL 1 3848 CLOUDY (SCALE 8-10) 0
DPTR FM NORMAL -472
[CDD (BASE 65) ]
TOTAL THIS MO. 338
DPTR FM NORMAL 106 [PRESSURE DATA]
TOTAL FM JAN 1 440 HIGHEST SLP M ON M
DPTR FM NORMAL 112 LOWEST SLP 29.50 ON 9
[REMARKS]
#FINAL-06-20#