000
CXUS56 KPDT 011910
CF6YKM
PRELIMINARY LOCAL CLIMATOLOGICAL DATA (WS FORM: F-6)
STATION: YAKIMA WA
MONTH: DECEMBER
YEAR: 2023
LATITUDE: 46 34 N
LONGITUDE: 120 32 W
TEMPERATURE IN F: :PCPN: SNOW: WIND :SUNSHINE: SKY :PK WND
================================================================================
1 2 3 4 5 6A 6B 7 8 9 10 11 12 13 14 15 16 17 18
12Z AVG MX 2MIN
DY MAX MIN AVG DEP HDD CDD WTR SNW DPTH SPD SPD DIR MIN PSBL S-S WX SPD DR
================================================================================
1 35 21 28 -5 37 0 0.05 M M 2.3 8 260 M M 7 128 10 30
2 51 27 39 6 26 0 0.09 M M 6.3 26 270 M M 4 1268 39 260
3 41 31 36 3 29 0 0.18 M M 2.8 12 290 M M 9 12 14 270
4 44 30 37 5 28 0 0.01 M M 3.2 10 300 M M 6 1 12 300
5 60 38 49 17 16 0 T M M 3.7 21 170 M M 6 18 29 180
6 59 40 50 18 15 0 0.55 M M 6.7 23 190 M M 9 1 32 200
7 51 32 42 10 23 0 0.02 M M 6.1 25 280 M M 3 1 34 190
8 48 26 37 5 28 0 0.00 M M 3.2 10 250 M M 0 12 250
9 35 26 31 0 34 0 0.05 M M 3.6 8 140 M M 5 18 14 140
10 44 33 39 8 26 0 0.01 M M 2.1 8 10 M M 9 1 9 10
11 48 32 40 9 25 0 0.00 M M 5.1 15 20 M M 8 1 18 10
12 M 38 M M M M T M M 3.3 8 270 M M 10 9 250
13 42 34 38 7 27 0 0.02 M M 1.9 6 260 M M 10 1 6 50
14 44 37 41 11 24 0 0.00 M M 1.3 7 170 M M 10 18 9 170
15 45 39 42 12 23 0 0.00 M M 2.1 7 250 M M 9 9 240
16 41 38 40 10 25 0 0.00 M M 1.9 7 180 M M 10 10 170
17 39 36 38 8 27 0 0.00 M M 2.3 9 30 M M 10 18 13 10
18 40 34 37 7 28 0 0.07 M M 0.8 6 190 M M 10 1 7 190
19 44 36 40 10 25 0 0.23 M M 2.3 8 260 M M 10 1 12 240
20 43 40 42 12 23 0 0.00 M M 2.6 8 300 M M 10 1 11 290
21 41 38 40 10 25 0 0.00 M M 1.7 6 130 M M 10 1 8 250
22 42 28 35 5 30 0 0.00 M M 3.1 12 300 M M 6 1 14 60
23 46 23 35 5 30 0 0.00 M M 3.7 12 290 M M 0 14 280
24 36 20 28 -2 37 0 0.00 M M 4.0 10 330 M M 5 1 14 260
25 37 30 34 4 31 0 0.04 M M 4.2 9 240 M M 10 1 13 250
26 37 32 35 5 30 0 0.03 M M 2.7 9 250 M M 10 1 13 250
27 42 31 37 7 28 0 0.01 M M 4.9 10 260 M M 6 13 250
28 41 28 35 5 30 0 0.00 M M 4.4 9 280 M M 5 1 11 260
29 52 36 44 14 21 0 0.01 M M 6.5 13 260 M M 5 14 270
30 44 32 38 8 27 0 0.05 M M 1.0 7 270 M M 8 12 7 260
31 38 33 36 6 29 0 0.00 M M 3.3 8 250 M M 10 12 11 260
================================================================================
SM 1310 999 807 0 1.42 M 103.1 M 230
================================================================================
AV 43.7 32.2 3.3 FASTST M M 7 MAX(MPH)
MISC ----> 26 270 39 260
================================================================================
NOTES:
# LAST OF SEVERAL OCCURRENCES
COLUMN 17 PEAK WIND IN M.P.H.
PRELIMINARY LOCAL CLIMATOLOGICAL DATA (WS FORM: F-6) , PAGE 2
STATION: YAKIMA WA
MONTH: DECEMBER
YEAR: 2023
LATITUDE: 46 34 N
LONGITUDE: 120 32 W
[TEMPERATURE DATA] [PRECIPITATION DATA] SYMBOLS USED IN COLUMN 16
AVERAGE MONTHLY: 37.9 TOTAL FOR MONTH: 1.42 1 = FOG OR MIST
DPTR FM NORMAL: 7.3 DPTR FM NORMAL: -0.02 2 = FOG REDUCING VISIBILITY
HIGHEST: 60 ON 5 GRTST 24HR 0.56 ON 6- 7 TO 1/4 MILE OR LESS
LOWEST: 20 ON 24 3 = THUNDER
SNOW, ICE PELLETS, HAIL 4 = ICE PELLETS
TOTAL MONTH: M 5 = HAIL
GRTST 24HR M ON M 6 = FREEZING RAIN OR DRIZZLE
GRTST DEPTH: M ON M 7 = DUSTSTORM OR SANDSTORM:
VSBY 1/2 MILE OR LESS
8 = SMOKE OR HAZE
[NO. OF DAYS WITH] [WEATHER - DAYS WITH] 9 = BLOWING SNOW
X = TORNADO
MAX 32 OR BELOW: 0 0.01 INCH OR MORE: 16
MAX 90 OR ABOVE: 0 0.10 INCH OR MORE: 3
MIN 32 OR BELOW: 16 0.50 INCH OR MORE: 1
MIN 0 OR BELOW: 0 1.00 INCH OR MORE: 0
[HDD (BASE 65) ]
TOTAL THIS MO. 807 CLEAR (SCALE 0-3) 3
DPTR FM NORMAL -258 PTCLDY (SCALE 4-7) 12
TOTAL FM JUL 1 2136 CLOUDY (SCALE 8-10) 16
DPTR FM NORMAL -369
[CDD (BASE 65) ]
TOTAL THIS MO. 0
DPTR FM NORMAL 0 [PRESSURE DATA]
TOTAL FM JAN 1 868 HIGHEST SLP 30.50 ON 9
DPTR FM NORMAL 262 LOWEST SLP 29.58 ON 2
[REMARKS]
#FINAL-12-23#