000
CXUS51 KCLE 011648
CLMYNG
CLIMATE REPORT
NATIONAL WEATHER SERVICE CLEVELAND, OH
1248 PM EDT SAT JUL 01 2023
...................................
...THE YOUNGSTOWN OH CLIMATE SUMMARY FOR THE MONTH OF JUNE 2023...
CLIMATE NORMAL PERIOD 1991 TO 2020
CLIMATE RECORD PERIOD 1897 TO 2023
WEATHER OBSERVED NORMAL DEPART LAST YEAR`S
VALUE DATE(S) VALUE FROM VALUE
NORMAL
..............................................................
TEMPERATURE (F)
RECORD
HIGH 99 06/25/1988
06/26/1952
LOW 30 06/11/1972
HIGHEST 90 06/02
LOWEST 40 06/05
AVG. MAXIMUM 78.0 78.8 -0.8 80.4
AVG. MINIMUM 53.6 56.2 -2.6 56.3
MEAN 65.8 67.5 -1.7 68.3
DAYS MAX >= 90 1 1.3 -0.3 4
DAYS MAX <= 32 0 0.0 0.0 0
DAYS MIN <= 32 0 0.0 0.0 0
DAYS MIN <= 0 0 0.0 0.0 0
PRECIPITATION (INCHES)
RECORD
MAXIMUM 10.66 1986
MINIMUM 0.71
TOTALS 1.98 3.90 -1.92 2.77
DAYS >= .01 11 12.7 -1.7 9
DAYS >= .10 7 8.0 -1.0 5
DAYS >= .50 0 2.6 -2.6 1
DAYS >= 1.00 0 0.7 -0.7 1
GREATEST
24 HR. TOTAL 0.56 06/15 TO 06/16 1.15
SNOWFALL (INCHES)
RECORDS
TOTAL T MM
TOTALS 0.0 0.0 0.0 0.0
SINCE 7/1 22.8 67.8 -45.0 60.8
DAYS >= 1.0 0 0.0 0.0 0
GREATEST
24 HR TOTAL 0.0
DEGREE DAYS
HEATING TOTAL 58 52 6 39
SINCE 7/1 5358 6093 -735 5584
COOLING TOTAL 89 127 -38 146
SINCE 1/1 128 178 -50 222
..............................................................
WIND (MPH)
AVERAGE WIND SPEED 7.3
HIGHEST WIND SPEED/DIRECTION 23/020 DATE 06/03
23/330 06/16
HIGHEST GUST SPEED/DIRECTION 35/230 DATE 06/13
SKY COVER
AVERAGE SKY COVER 0.62
AVERAGE RH (PERCENT) 67
WEATHER CONDITIONS. NUMBER OF DAYS WITH
THUNDERSTORM 4 MIXED PRECIP 0
HEAVY RAIN 0 RAIN 5
LIGHT RAIN 11 FREEZING RAIN 0
LT FREEZING RAIN 0 HAIL 0
HEAVY SNOW 0 SNOW 0
LIGHT SNOW 0 SLEET 0
FOG 13 FOG W/VIS <= 1/4 MILE 0
HAZE 5
- INDICATES NEGATIVE NUMBERS.
R INDICATES RECORD WAS SET OR TIED.
MM INDICATES DATA IS MISSING.
T INDICATES TRACE AMOUNT.
$$