000
CXUS51 KCLE 021655
CLMYNG
CLIMATE REPORT
NATIONAL WEATHER SERVICE CLEVELAND, OH
1155 AM EST FRI FEB 02 2024
...................................
...THE YOUNGSTOWN OH CLIMATE SUMMARY FOR THE MONTH OF JANUARY 2024...
CLIMATE NORMAL PERIOD 1991 TO 2020
CLIMATE RECORD PERIOD 1897 TO 2024
WEATHER OBSERVED NORMAL DEPART LAST YEAR`S
VALUE DATE(S) VALUE FROM VALUE
NORMAL
..............................................................
TEMPERATURE (F)
RECORD
HIGH 99 01/01/2021
LOW -22 01/19/1994
HIGHEST 61 01/26
LOWEST 0 01/15
AVG. MAXIMUM 36.3 34.3 2.0 40.8
AVG. MINIMUM 25.3 19.3 6.0 30.2
MEAN 30.8 26.8 4.0 35.5
DAYS MAX >= 90 0 0.0 0.0 0
DAYS MAX <= 32 10 14.7 -4.7 5
DAYS MIN <= 32 22 26.7 -4.7 21
DAYS MIN <= 0 1 1.9 -0.9 0
PRECIPITATION (INCHES)
RECORD
MAXIMUM 7.64 1950
MINIMUM 0.73
TOTALS 4.09 3.03 1.06 4.85
DAYS >= .01 22 19.4 2.6 22
DAYS >= .10 11 8.1 2.9 8
DAYS >= .50 2 1.5 0.5 4
DAYS >= 1.00 1 0.3 0.7 1
GREATEST
24 HR. TOTAL 1.21 01/27 TO 01/28 1.17
SNOWFALL (INCHES)
RECORDS
TOTAL 36.4 5
TOTALS 15.7 19.6 -3.9 9.1
SINCE 7/1 21.7 39.6 -17.9 17.8
DAYS >= 1.0 4 6.7 -2.7 2
GREATEST
24 HR TOTAL 3.8 01/19 TO 01/19
DEGREE DAYS
HEATING TOTAL 1053 1184 -131 905
SINCE 7/1 2915 3465 -550 3060
COOLING TOTAL 0 0 0 0
SINCE 1/1 0 0 0 0
..............................................................
WIND (MPH)
AVERAGE WIND SPEED 9.7
HIGHEST WIND SPEED/DIRECTION 36/120 DATE 01/09
HIGHEST GUST SPEED/DIRECTION 56/130 DATE 01/12
SKY COVER
AVERAGE SKY COVER 0.91
AVERAGE RH (PERCENT) 77
WEATHER CONDITIONS. NUMBER OF DAYS WITH
THUNDERSTORM 0 MIXED PRECIP 0
HEAVY RAIN 0 RAIN 1
LIGHT RAIN 14 FREEZING RAIN 0
LT FREEZING RAIN 4 HAIL 1
HEAVY SNOW 0 SNOW 4
LIGHT SNOW 20 SLEET 1
FOG 22 FOG W/VIS <= 1/4 MILE 5
HAZE 6
- INDICATES NEGATIVE NUMBERS.
R INDICATES RECORD WAS SET OR TIED.
MM INDICATES DATA IS MISSING.
T INDICATES TRACE AMOUNT.
$$