000
CXUS51 KCLE 011633
CLMYNG
CLIMATE REPORT
NATIONAL WEATHER SERVICE CLEVELAND, OH
1133 AM EST FRI DEC 01 2023
...................................
...THE YOUNGSTOWN OH CLIMATE SUMMARY FOR THE MONTH OF NOVEMBER 2023...
CLIMATE NORMAL PERIOD 1991 TO 2020
CLIMATE RECORD PERIOD 1897 TO 2023
WEATHER OBSERVED NORMAL DEPART LAST YEAR`S
VALUE DATE(S) VALUE FROM VALUE
NORMAL
..............................................................
TEMPERATURE (F)
RECORD
HIGH 80 11/03/1961
LOW 1 11/30/1976
11/30/1958
HIGHEST 66 11/09
11/16
LOWEST 16 11/29
AVG. MAXIMUM 51.2 49.6 1.6 52.5
AVG. MINIMUM 31.7 33.4 -1.7 35.1
MEAN 41.4 41.5 -0.1 43.8
DAYS MAX >= 90 0 0.0 0.0 0
DAYS MAX <= 32 2 1.7 0.3 3
DAYS MIN <= 32 17 15.1 1.9 15
DAYS MIN <= 0 0 0.0 0.0 0
PRECIPITATION (INCHES)
RECORD
MAXIMUM 9.11 1985
MINIMUM 0.82
TOTALS 1.84 2.96 -1.12 4.40
DAYS >= .01 7 14.0 -7.0 15
DAYS >= .10 3 7.2 -4.2 4
DAYS >= .50 2 1.5 0.5 3
DAYS >= 1.00 0 0.3 -0.3 2
GREATEST
24 HR. TOTAL 0.81 11/17 TO 11/17 2.31
SNOWFALL (INCHES)
RECORDS
TOTAL 30.6 1950
TOTALS 1.7 4.5 -2.8 1.8
SINCE 7/1 1.8 5.2 -3.4 3.3
DAYS >= 1.0 1 1.5 -0.5 0
GREATEST
24 HR TOTAL 1.1 11/28 TO 11/28
DEGREE DAYS
HEATING TOTAL 702 705 -3 632
SINCE 7/1 1115 1257 -142 1151
COOLING TOTAL 0 0 0 4
SINCE 1/1 614 633 -19 773
..............................................................
WIND (MPH)
AVERAGE WIND SPEED 8.6
HIGHEST WIND SPEED/DIRECTION 25/240 DATE 11/27
HIGHEST GUST SPEED/DIRECTION 37/260 DATE 11/27
SKY COVER
AVERAGE SKY COVER 0.65
AVERAGE RH (PERCENT) 64
WEATHER CONDITIONS. NUMBER OF DAYS WITH
THUNDERSTORM 0 MIXED PRECIP 0
HEAVY RAIN 0 RAIN 2
LIGHT RAIN 8 FREEZING RAIN 0
LT FREEZING RAIN 0 HAIL 0
HEAVY SNOW 0 SNOW 1
LIGHT SNOW 4 SLEET 0
FOG 8 FOG W/VIS <= 1/4 MILE 0
HAZE 0
- INDICATES NEGATIVE NUMBERS.
R INDICATES RECORD WAS SET OR TIED.
MM INDICATES DATA IS MISSING.
T INDICATES TRACE AMOUNT.
$$