985
CXUS56 KSGX 211445
CF6AJO
PRELIMINARY LOCAL CLIMATOLOGICAL DATA (WS FORM: F-6)

                                          STATION:   CORONA AIRPORT CA
                                          MONTH:     APRIL
                                          YEAR:      2018
                                          LATITUDE:   33 53 N
                                          LONGITUDE: 117 36 W

  TEMPERATURE IN F:       :PCPN:    SNOW:  WIND      :SUNSHINE: SKY     :PK WND
================================================================================
1   2   3   4   5  6A  6B    7    8   9   10  11  12  13   14  15   16   17  18
                                     12Z  AVG MX 2MIN
DY MAX MIN AVG DEP HDD CDD  WTR  SNW DPTH SPD SPD DIR MIN PSBL S-S WX    SPD DR
================================================================================

 1  75  49  62   M   3   0 0.00  0.0    0  6.4 15 280   M    M   0 18     20 280
 2  71  50  61   M   4   0 0.00  0.0    0  5.0 13 280   M    M   7 1      18 280
 3  75  50  63   M   2   0 0.00  0.0    0  4.7 12 270   M    M   4        18 260
 4  73  45  59   M   6   0 0.00    M    0  5.9 15 290   M    M   0 128    22 290
 5  75  48  62   M   3   0 0.00  0.0    0  5.2 17 270   M    M   3 128    24 260
 6  75  47  61   M   4   0 0.00  0.0    0  5.2 16 280   M    M   0        21 280
 7  78  49  64   M   1   0 0.00  0.0    0  7.0 15 260   M    M   3        24 260
 8  80  52  66   M   0   1 0.00  0.0    0  6.5 17 280   M    M   5        23 260
 9  98  43  71   M   0   6 0.00  0.0    0  5.0 13 240   M    M   0        20  90
10  93  48  71   M   0   6 0.00  0.0    0  7.1 15 300   M    M   0        23 280
11  83  46  65   M   0   0 0.00  0.0    0  8.1 18 280   M    M   0        25 260
12  72  44  58   M   7   0 0.00  0.0    0  6.8 16 240   M    M   1        30 250
13  83  49  66   M   0   1 0.00  0.0    0 14.3 30  50   M    M   0        38  60
14  88  39  64   M   1   0 0.00  0.0    0  5.6 15 270   M    M   0        20 270
15  81  36  59   M   6   0 0.00  0.0    0  6.0 15 280   M    M   0        22 270
16  66  43  55   M  10   0 0.00  0.0    0  7.0 14 250   M    M   2        24 250
17  74  33  54   M  11   0 0.00  0.0    0  5.0 13 270   M    M   0        22 270
18  76  33  55   M  10   0 0.00  0.0    0  6.2 16 290   M    M   0        28 260
19  65  39  52   M  13   0    T    M    0  6.0 13 260   M    M   3        18 260
20  79  38  59   M   6   0 0.00  0.0    0  4.5 18 270   M    M   0        27 250
================================================================================
SM 1560  881        87  14    T      0.0 127.5          M       28
================================================================================
AV 78.0 44.1                               6.4 FASTST   M    M   1    MAX(MPH)
                                 MISC ---->  # 30  50               # 38   60
================================================================================
NOTES:
# LAST OF SEVERAL OCCURRENCES

COLUMN 17 PEAK WIND IN M.P.H.

PRELIMINARY LOCAL CLIMATOLOGICAL DATA (WS FORM: F-6) , PAGE 2

                                          STATION:  CORONA AIRPORT CA
                                          MONTH:    APRIL
                                          YEAR:     2018
                                          LATITUDE:   33 53 N
                                          LONGITUDE: 117 36 W

[TEMPERATURE DATA]      [PRECIPITATION DATA]       SYMBOLS USED IN COLUMN 16

AVERAGE MONTHLY: 61.0   TOTAL FOR MONTH:      T    1 = FOG OR MIST
DPTR FM NORMAL:     M   DPTR FM NORMAL:       M    2 = FOG REDUCING VISIBILITY
HIGHEST:    98 ON  9    GRTST 24HR    T  ON 19-19      TO 1/4 MILE OR LESS
LOWEST:     33 ON 18,17                            3 = THUNDER
                        SNOW, ICE PELLETS, HAIL    4 = ICE PELLETS
                        TOTAL MONTH:   0.0 INCH    5 = HAIL
                        GRTST 24HR     0.0         6 = FREEZING RAIN OR DRIZZLE
                        GRTST DEPTH:   0           7 = DUSTSTORM OR SANDSTORM:
                                                       VSBY 1/2 MILE OR LESS
                                                   8 = SMOKE OR HAZE
[NO. OF DAYS WITH]      [WEATHER - DAYS WITH]      9 = BLOWING SNOW
                                                   X = TORNADO
MAX 32 OR BELOW:   0    0.01 INCH OR MORE:   0
MAX 90 OR ABOVE:   2    0.10 INCH OR MORE:   0
MIN 32 OR BELOW:   0    0.50 INCH OR MORE:   0
MIN  0 OR BELOW:   0    1.00 INCH OR MORE:   0

[HDD (BASE 65) ]
TOTAL THIS MO.    87    CLEAR  (SCALE 0-3)  17
DPTR FM NORMAL     M    PTCLDY (SCALE 4-7)   3
TOTAL FM JUL 1  1232    CLOUDY (SCALE 8-10)  0
DPTR FM NORMAL     M

[CDD (BASE 65) ]
TOTAL THIS MO.    14
DPTR FM NORMAL     M    [PRESSURE DATA]
TOTAL FM JAN 1    40    HIGHEST SLP M ON M
DPTR FM NORMAL     M    LOWEST  SLP M ON M

[REMARKS]
