000
CXUS51 KBOX 191200
CF6BDL
PRELIMINARY LOCAL CLIMATOLOGICAL DATA (WS FORM: F-6)

                                          STATION:   HARTFORD CT
                                          MONTH:     APRIL
                                          YEAR:      2018
                                          LATITUDE:   41 55 N
                                          LONGITUDE:  72 41 W

  TEMPERATURE IN F:       :PCPN:    SNOW:  WIND      :SUNSHINE: SKY     :PK WND
================================================================================
1   2   3   4   5  6A  6B    7    8   9   10  11  12  13   14  15   16   17  18
                                     12Z  AVG MX 2MIN
DY MAX MIN AVG DEP HDD CDD  WTR  SNW DPTH SPD SPD DIR MIN PSBL S-S WX    SPD DR
================================================================================

 1  57  32  45   1  20   0    T  0.0    0 12.0 22 300   M    M   7        28 300
 2  42  29  36  -8  29   0 0.28  4.9    1  3.6  9 160   M    M   8 1      14 220
 3  43  26  35 -10  30   0 0.46  0.0    0  5.1 17 160   M    M   8 1      22 170
 4  53  37  45   0  20   0 0.15  0.0    0  7.1 33 300   M    M   8 12     43 300
 5  43  26  35 -10  30   0 0.00  0.0    0 15.0 36 290   M    M   4        45 270
 6  41  21  31 -15  34   0 0.21  1.3    0  5.1 18 160   M    M   7 12     22 160
 7  46  30  38  -8  27   0 0.04    T    0 10.4 22 290   M    M   7 1      27 330
 8  46  26  36 -11  29   0 0.00  0.0    0 12.1 23 290   M    M   6        30 320
 9  47  23  35 -12  30   0 0.00  0.0    0  6.9 18 290   M    M   6        23 290
10  43  29  36 -11  29   0 0.10  0.3    0  3.5 13 320   M    M   8 1      16 320
11  53  23  38 -10  27   0 0.00  0.0    0  4.6 16 250   M    M   4        22 250
12  59  30  45  -3  20   0 0.04  0.0    0  7.3 22 170   M    M   7        26 170
13  73  46  60  11   5   0    T  0.0    0  6.4 16 190   M    M   7        19 210
14  71  40  56   7   9   0 0.00  0.0    0 10.6 26  20   M    M   6        33  10
15  40  31  36 -13  29   0 0.38  0.5    0 13.4 21  50   M    M  10 146    26  70
16  44  31  38 -12  27   0 2.15  0.6    1 10.1 22  20   M    M  10 1346   25  20
17  50  34  42  -8  23   0 0.02  0.0    0  9.9 23 300   M    M   8        37 290
18  53  32  43  -8  22   0 0.00  0.0    0  9.5 23 300   M    M   7        34 300
================================================================================
SM  904  546       440   0  3.83     7.6 152.6          M      128
================================================================================
AV 50.2 30.3                               8.5 FASTST   M    M   7    MAX(MPH)
                                 MISC ---->  # 36 290               # 45  270
================================================================================
NOTES:
# LAST OF SEVERAL OCCURRENCES

COLUMN 17 PEAK WIND IN M.P.H.

PRELIMINARY LOCAL CLIMATOLOGICAL DATA (WS FORM: F-6) , PAGE 2

                                          STATION:  HARTFORD CT
                                          MONTH:    APRIL
                                          YEAR:     2018
                                          LATITUDE:   41 55 N
                                          LONGITUDE:  72 41 W

[TEMPERATURE DATA]      [PRECIPITATION DATA]       SYMBOLS USED IN COLUMN 16

AVERAGE MONTHLY: 40.3   TOTAL FOR MONTH:   3.83    1 = FOG OR MIST
DPTR FM NORMAL:  -6.9   DPTR FM NORMAL:    1.58    2 = FOG REDUCING VISIBILITY
HIGHEST:    73 ON 13    GRTST 24HR  2.15 ON 16-16      TO 1/4 MILE OR LESS
LOWEST:     21 ON  6                               3 = THUNDER
                        SNOW, ICE PELLETS, HAIL    4 = ICE PELLETS
                        TOTAL MONTH:   7.6 INCHES  5 = HAIL
                        GRTST 24HR   4.9 ON  2- 2  6 = FREEZING RAIN OR DRIZZLE
                        GRTST DEPTH:   1 ON 16, 2  7 = DUSTSTORM OR SANDSTORM:
                                                       VSBY 1/2 MILE OR LESS
                                                   8 = SMOKE OR HAZE
[NO. OF DAYS WITH]      [WEATHER - DAYS WITH]      9 = BLOWING SNOW
                                                   X = TORNADO
MAX 32 OR BELOW:   0    0.01 INCH OR MORE:  10
MAX 90 OR ABOVE:   0    0.10 INCH OR MORE:   7
MIN 32 OR BELOW:  14    0.50 INCH OR MORE:   1
MIN  0 OR BELOW:   0    1.00 INCH OR MORE:   1

[HDD (BASE 65) ]
TOTAL THIS MO.   440    CLEAR  (SCALE 0-3)   0
DPTR FM NORMAL   116    PTCLDY (SCALE 4-7)  15
TOTAL FM JUL 1  5488    CLOUDY (SCALE 8-10)  3
DPTR FM NORMAL  -117

[CDD (BASE 65) ]
TOTAL THIS MO.     0
DPTR FM NORMAL     0    [PRESSURE DATA]
TOTAL FM JAN 1     0    HIGHEST SLP M ON M
DPTR FM NORMAL     0    LOWEST  SLP 29.29 ON  4

[REMARKS]
