000
CXUS54 KLZK 261130
CF6BPK
PRELIMINARY LOCAL CLIMATOLOGICAL DATA (WS FORM: F-6)

                                          STATION:   Mountain Home Airport
                                          MONTH:     APRIL
                                          YEAR:      2018
                                          LATITUDE:   36 22 N
                                          LONGITUDE:  92 28 W

  TEMPERATURE IN F:       :PCPN:    SNOW:  WIND      :SUNSHINE: SKY     :PK WND
================================================================================
1   2   3   4   5  6A  6B    7    8   9   10  11  12  13   14  15   16   17  18
                                     12Z  AVG MX 2MIN
DY MAX MIN AVG DEP HDD CDD  WTR  SNW DPTH SPD SPD DIR MIN PSBL S-S WX    SPD DR
================================================================================

 1  51  33  42 -12  23   0 0.23    M    M  6.0 12 130   M    M  10 13     19  50
 2  48  33  41 -13  24   0 0.03    M    0  7.0 10 170   M    M   9 1       M  M
 3  77  36  57   2   8   0 0.02    M    0 10.0 22 350   M    M   8 12     39 340
 4  50  30  40 -15  25   0 0.00  0.0    0  5.6 14 350   M    M   0        21 360
 5  63  33  48  -7  17   0    T    M    0  6.3 15 200   M    M   3        21 200
 6  60  37  49  -7  16   0    T    M    0  5.1 18  50   M    M   6        28  30
 7  48  24  36 -20  29   0 0.02    M    0  5.5 12  30   M    M   5 1      19  30
 8  46  29  38 -18  27   0 0.00  0.0    0  8.0 15 130   M    M   4        21 150
 9  66  30  48  -9  17   0 0.00  0.0    0  5.1 13 360   M    M   3        20  20
10  59  31  45 -12  20   0 0.00  0.0    M  3.8 10 310   M    M   0        16 270
11  75  43  59   2   6   0 0.00  0.0    0  8.8 17 210   M    M   0        27 210
12  83  56  70  12   0   5 0.00  0.0    M 11.8 23 200   M    M   0        35 210
13  76  59  68  10   0   3 1.34  0.0    0 13.1 20 220   M    M   4 1      32 220
14  59  39  49  -9  16   0 0.13    M    0  7.8 20 170   M    M   7 1      29 160
15  39  32  36 -22  29   0    T    M    0  9.8 15 330   M    M  10        30 290
16  59  32  46 -13  19   0 0.00  0.0    0  6.1 15 350   M    M   4        24 340
17  84  39  62   3   3   0 0.00  0.0    0  8.1 20 210   M    M   0        29 210
18  69  43  56  -3   9   0 0.00  0.0    0  9.9 17 340   M    M   1        31 360
19  58  36  47 -13  18   0 0.00  0.0    0  4.9 16  10   M    M   2        29  20
20  67  36  52  -8  13   0 0.00  0.0    0  7.5 16 130   M    M   0        23 130
21  70  45  58  -2   7   0 0.01    M    M  8.2 18 160   M    M   2        29 180
22  61  51  56  -5   9   0 1.18  0.0    0  5.7 13  70   M    M   9 1      20  60
23  67  50  59  -2   6   0 0.08  0.0    0  5.2 13  70   M    M   6 1      21  90
24  77  47  62   1   3   0 0.00  0.0    0  3.5 14 310   M    M   1        21 260
25  57  48  53  -9  12   0 0.50  0.0    0  1.7 10 340   M    M   5 1      16 340
================================================================================
SM 1569  972       356   8  3.54     0.0 174.5          M       99
================================================================================
AV 62.8 38.9                               7.0 FASTST   M    M   4    MAX(MPH)
                                 MISC ---->  # 23 200               # 39  340
================================================================================
NOTES:
# LAST OF SEVERAL OCCURRENCES

COLUMN 17 PEAK WIND IN M.P.H.

PRELIMINARY LOCAL CLIMATOLOGICAL DATA (WS FORM: F-6) , PAGE 2

                                          STATION:  Mountain Home Airport
                                          MONTH:    APRIL
                                          YEAR:     2018
                                          LATITUDE:   36 22 N
                                          LONGITUDE:  92 28 W

[TEMPERATURE DATA]      [PRECIPITATION DATA]       SYMBOLS USED IN COLUMN 16

AVERAGE MONTHLY: 50.8   TOTAL FOR MONTH:   3.54    1 = FOG OR MIST
DPTR FM NORMAL:  -7.0   DPTR FM NORMAL:   -0.07    2 = FOG REDUCING VISIBILITY
HIGHEST:    84 ON 17    GRTST 24HR  1.34 ON 13-13      TO 1/4 MILE OR LESS
LOWEST:     24 ON  7                               3 = THUNDER
                        SNOW, ICE PELLETS, HAIL    4 = ICE PELLETS
                        TOTAL MONTH:   0.0 INCH    5 = HAIL
                        GRTST 24HR     0.0         6 = FREEZING RAIN OR DRIZZLE
                        GRTST DEPTH:   0           7 = DUSTSTORM OR SANDSTORM:
                                                       VSBY 1/2 MILE OR LESS
                                                   8 = SMOKE OR HAZE
[NO. OF DAYS WITH]      [WEATHER - DAYS WITH]      9 = BLOWING SNOW
                                                   X = TORNADO
MAX 32 OR BELOW:   0    0.01 INCH OR MORE:  10
MAX 90 OR ABOVE:   0    0.10 INCH OR MORE:   5
MIN 32 OR BELOW:   7    0.50 INCH OR MORE:   3
MIN  0 OR BELOW:   0    1.00 INCH OR MORE:   2

[HDD (BASE 65) ]
TOTAL THIS MO.   356    CLEAR  (SCALE 0-3)  12
DPTR FM NORMAL   152    PTCLDY (SCALE 4-7)   9
TOTAL FM JUL 1  3785    CLOUDY (SCALE 8-10)  4
DPTR FM NORMAL    72

[CDD (BASE 65) ]
TOTAL THIS MO.     8
DPTR FM NORMAL   -17    [PRESSURE DATA]
TOTAL FM JAN 1    15    HIGHEST SLP M ON M
DPTR FM NORMAL   -19    LOWEST  SLP 29.47 ON 14

[REMARKS]
