000
CXUS54 KLCH 240831
CF6BPT
PRELIMINARY LOCAL CLIMATOLOGICAL DATA (WS FORM: F-6)

                                          STATION:   BEAUMONT PORT ARTHUR
                                          MONTH:     APRIL
                                          YEAR:      2018
                                          LATITUDE:   29 57 N
                                          LONGITUDE:  94  1 W

  TEMPERATURE IN F:       :PCPN:    SNOW:  WIND      :SUNSHINE: SKY     :PK WND
================================================================================
1   2   3   4   5  6A  6B    7    8   9   10  11  12  13   14  15   16   17  18
                                     12Z  AVG MX 2MIN
DY MAX MIN AVG DEP HDD CDD  WTR  SNW DPTH SPD SPD DIR MIN PSBL S-S WX    SPD DR
================================================================================

 1  79  60  70   5   0   5 0.00  0.0    0  8.8 15 170   M    M   5        22 180
 2  82  67  75   9   0  10    T  0.0    0 11.4 20 160   M    M   6 1      25 140
 3  82  68  75   9   0  10    T  0.0    0 12.3 24 160   M    M   7 13     30 170
 4  74  54  64  -2   1   0 0.06  0.0    0 14.2 28  10   M    M   1 13     35  10
 5  71  53  62  -4   3   0    T  0.0    0 11.7 17 120   M    M   6        23 120
 6  77  68  73   7   0   8 0.00  0.0    0 13.5 24 180   M    M   9        32 180
 7  72  45  59  -8   6   0 0.57    M    0 12.0 24  20   M    M  10 13     30  10
 8  58  44  51 -16  14   0    T    M    0  7.3 18  20   M    M  10        21  20
 9  66  53  60  -7   5   0 0.02  0.0    0  9.2 15  20   M    M  10 1      20  30
10  78  53  66  -1   0   1 0.00  0.0    0  9.6 18 360   M    M   1        24 360
11  75  49  62  -5   3   0    T    M    0  6.9 14 150   M    M   0        19 170
12  79  57  68   0   0   3    T  0.0    0 12.8 22 160   M    M   3        29 160
13  82  70  76   8   0  11 0.00  0.0    0 18.2 29 160   M    M   9        40 180
14  73  47  60  -8   5   0 1.01    M    0  9.1 36 320   M    M   6 13     46 320
15  67  44  56 -12   9   0 0.00  0.0    0 10.4 23 300   M    M   0        31 310
16  75  40  58 -11   7   0    T    M    0  5.0 14 170   M    M   0 8      18 190
17  79  56  68  -1   0   3    T  0.0    0 11.9 22 180   M    M   1        30 170
18  83  63  73   4   0   8    T  0.0    0  8.6 16 180   M    M   7 1      23 180
19  76  58  67  -2   0   2 0.00  0.0    0 11.4 18  20   M    M   3 1      25  10
20  68  50  59 -11   6   0    T  0.0    0 10.5 17  60   M    M   0        24  60
21  74  60  67  -3   0   2 0.37  0.0    0 13.5 26 120   M    M   8 13     30 120
22  69  55  62  -8   3   0 1.06  0.0    0  9.6 20 130   M    M   5 13     25 130
23  79  49  64  -6   1   0 0.00  0.0    0  7.8 17 260   M    M   0        24 260
================================================================================
SM 1718 1263        63  63  3.09     0.0 245.7          M      107
================================================================================
AV 74.7 54.9                              10.7 FASTST   M    M   5    MAX(MPH)
                                 MISC ---->  # 36 320               # 46  320
================================================================================
NOTES:
# LAST OF SEVERAL OCCURRENCES

COLUMN 17 PEAK WIND IN M.P.H.

PRELIMINARY LOCAL CLIMATOLOGICAL DATA (WS FORM: F-6) , PAGE 2

                                          STATION:  BEAUMONT PORT ARTHUR
                                          MONTH:    APRIL
                                          YEAR:     2018
                                          LATITUDE:   29 57 N
                                          LONGITUDE:  94  1 W

[TEMPERATURE DATA]      [PRECIPITATION DATA]       SYMBOLS USED IN COLUMN 16

AVERAGE MONTHLY: 64.8   TOTAL FOR MONTH:   3.09    1 = FOG OR MIST
DPTR FM NORMAL:  -2.9   DPTR FM NORMAL:    0.75    2 = FOG REDUCING VISIBILITY
HIGHEST:    83 ON 18    GRTST 24HR  1.06 ON 22-22      TO 1/4 MILE OR LESS
LOWEST:     40 ON 16                               3 = THUNDER
                        SNOW, ICE PELLETS, HAIL    4 = ICE PELLETS
                        TOTAL MONTH:   0.0 INCH    5 = HAIL
                        GRTST 24HR     0.0         6 = FREEZING RAIN OR DRIZZLE
                        GRTST DEPTH:   0           7 = DUSTSTORM OR SANDSTORM:
                                                       VSBY 1/2 MILE OR LESS
                                                   8 = SMOKE OR HAZE
[NO. OF DAYS WITH]      [WEATHER - DAYS WITH]      9 = BLOWING SNOW
                                                   X = TORNADO
MAX 32 OR BELOW:   0    0.01 INCH OR MORE:   6
MAX 90 OR ABOVE:   0    0.10 INCH OR MORE:   4
MIN 32 OR BELOW:   0    0.50 INCH OR MORE:   3
MIN  0 OR BELOW:   0    1.00 INCH OR MORE:   2

[HDD (BASE 65) ]
TOTAL THIS MO.    63    CLEAR  (SCALE 0-3)  10
DPTR FM NORMAL    25    PTCLDY (SCALE 4-7)   8
TOTAL FM JUL 1  1253    CLOUDY (SCALE 8-10)  5
DPTR FM NORMAL  -146

[CDD (BASE 65) ]
TOTAL THIS MO.    63
DPTR FM NORMAL   -36    [PRESSURE DATA]
TOTAL FM JAN 1   276    HIGHEST SLP M ON M
DPTR FM NORMAL    96    LOWEST  SLP 29.73 ON 14

[REMARKS]
