000
CXUS55 KLOX 221655
CF6CQT
PRELIMINARY LOCAL CLIMATOLOGICAL DATA (WS FORM: F-6)

                                          STATION:   DOWNTOWN LOS ANGELES (USC) CA
                                          MONTH:     APRIL
                                          YEAR:      2018
                                          LATITUDE:   34  1 N
                                          LONGITUDE: 118 17 W

  TEMPERATURE IN F:       :PCPN:    SNOW:  WIND      :SUNSHINE: SKY     :PK WND
================================================================================
1   2   3   4   5  6A  6B    7    8   9   10  11  12  13   14  15   16   17  18
                                     12Z  AVG MX 2MIN
DY MAX MIN AVG DEP HDD CDD  WTR  SNW DPTH SPD SPD DIR MIN PSBL S-S WX    SPD DR
================================================================================

 1  70  55  63   1   2   0 0.00  0.0    0  1.9  8 130   M    M   5 18     11 270
 2  69  56  63   1   2   0 0.00  0.0    0  1.9  8 270   M    M   9 8      13 270
 3  70  55  63   1   2   0 0.00  0.0    0  1.7  9 270   M    M   3 1      17 270
 4  66  54  60  -2   5   0 0.00  0.0    0  1.5  9 260   M    M   7 18     15 260
 5  68  57  63   1   2   0 0.00  0.0    0  0.3  7 260   M    M   5 18     12 270
 6  70  55  63   1   2   0 0.00  0.0    0  1.3  9 270   M    M   0        15 270
 7  72  59  66   4   0   1 0.00  0.0    0  1.7  9 270   M    M   4        16 270
 8  75  55  65   3   0   0 0.00  0.0    0  1.6  9 270   M    M   0        16 270
 9  95  56  76  14   0  11 0.00  0.0    0  1.2 10 280   M    M   0 8      17 270
10  88  61  75  13   0  10 0.00  0.0    0  1.3  6 270   M    M   0        13 270
11  80  58  69   7   0   4 0.00  0.0    0  2.0 13 260   M    M   0 8      22 270
12  70  55  63   0   2   0 0.00  0.0    0  6.7 15 350   M    M   1        28 300
13  79  56  68   5   0   3 0.00  0.0    0  1.8  9 270   M    M   0        18 330
14  87  57  72   9   0   7 0.00  0.0    0  1.5  9 260   M    M   0        16 260
15  79  55  67   4   0   2 0.00  0.0    M  0.9  9 280   M    M   0        13 260
16  65  52  59  -4   6   0 0.00  0.0    0  3.2 17 260   M    M   0 1      32 270
17  71  51  61  -2   4   0 0.00  0.0    0  3.0 10 280   M    M   0         M  M
18  72  53  63   0   2   0 0.00  0.0    M  2.1  9 260   M    M   0         M  M
19  63  51  57  -7   8   0 0.02  0.0    0  2.2 10 260   M    M   3        18 280
20  74  54  64   0   1   0 0.00  0.0    0  3.2 10 270   M    M   1        18 270
21  83  53  68   4   0   3 0.00  0.0    0  1.3  8 260   M    M   0        13 260
================================================================================
SM 1566 1158        38  41  0.02     0.0  42.3          M       38
================================================================================
AV 74.6 55.1                               2.0 FASTST   M    M   2    MAX(MPH)
                                 MISC ---->  # 17 260               # 32  270
================================================================================
NOTES:
# LAST OF SEVERAL OCCURRENCES

COLUMN 17 PEAK WIND IN M.P.H.

PRELIMINARY LOCAL CLIMATOLOGICAL DATA (WS FORM: F-6) , PAGE 2

                                          STATION:  DOWNTOWN LOS ANGELES (USC) CA
                                          MONTH:    APRIL
                                          YEAR:     2018
                                          LATITUDE:   34  1 N
                                          LONGITUDE: 118 17 W

[TEMPERATURE DATA]      [PRECIPITATION DATA]       SYMBOLS USED IN COLUMN 16

AVERAGE MONTHLY: 64.9   TOTAL FOR MONTH:   0.02    1 = FOG OR MIST
DPTR FM NORMAL:   2.2   DPTR FM NORMAL:   -0.69    2 = FOG REDUCING VISIBILITY
HIGHEST:    95 ON  9    GRTST 24HR  0.02 ON 19-19      TO 1/4 MILE OR LESS
LOWEST:     51 ON 19,17                            3 = THUNDER
                        SNOW, ICE PELLETS, HAIL    4 = ICE PELLETS
                        TOTAL MONTH:   0.0 INCH    5 = HAIL
                        GRTST 24HR     0.0         6 = FREEZING RAIN OR DRIZZLE
                        GRTST DEPTH:   0           7 = DUSTSTORM OR SANDSTORM:
                                                       VSBY 1/2 MILE OR LESS
                                                   8 = SMOKE OR HAZE
[NO. OF DAYS WITH]      [WEATHER - DAYS WITH]      9 = BLOWING SNOW
                                                   X = TORNADO
MAX 32 OR BELOW:   0    0.01 INCH OR MORE:   1
MAX 90 OR ABOVE:   1    0.10 INCH OR MORE:   0
MIN 32 OR BELOW:   0    0.50 INCH OR MORE:   0
MIN  0 OR BELOW:   0    1.00 INCH OR MORE:   0

[HDD (BASE 65) ]
TOTAL THIS MO.    38    CLEAR  (SCALE 0-3)  14
DPTR FM NORMAL   -37    PTCLDY (SCALE 4-7)   6
TOTAL FM JUL 1   594    CLOUDY (SCALE 8-10)  1
DPTR FM NORMAL  -413

[CDD (BASE 65) ]
TOTAL THIS MO.    41
DPTR FM NORMAL    16    [PRESSURE DATA]
TOTAL FM JAN 1    77    HIGHEST SLP M ON M
DPTR FM NORMAL     9    LOWEST  SLP 29.79 ON  2

[REMARKS]
