000
CXUS55 KDVN 251100
CF6DBQ
PRELIMINARY LOCAL CLIMATOLOGICAL DATA (WS FORM: F-6)

                                          STATION:   DUBUQUE IA
                                          MONTH:     APRIL
                                          YEAR:      2018
                                          LATITUDE:   42 24 N
                                          LONGITUDE:  90 42 W

  TEMPERATURE IN F:       :PCPN:    SNOW:  WIND      :SUNSHINE: SKY     :PK WND
================================================================================
1   2   3   4   5  6A  6B    7    8   9   10  11  12  13   14  15   16   17  18
                                     12Z  AVG MX 2MIN
DY MAX MIN AVG DEP HDD CDD  WTR  SNW DPTH SPD SPD DIR MIN PSBL S-S WX    SPD DR
================================================================================

 1  32  16  24 -18  41   0 0.00  0.0    0  9.2 21 330   M    M   0        26 330
 2  40  14  27 -16  38   0 0.00  0.0    0  7.3 18 150   M    M   4 18     24 150
 3  34  29  32 -11  33   0 0.17  2.4    0 15.0 22 330   M    M  10 16     29  60
 4  29  17  23 -21  42   0 0.01  0.2    2 14.6 25 320   M    M   4 1      32 320
 5  37  18  28 -16  37   0 0.01    T    T  5.8 14 160   M    M   5 18     20 170
 6  33  16  25 -19  40   0 0.00  0.0    T 18.4 35 310   M    M   2        41 300
 7  36  11  24 -21  41   0 0.00  0.0    0 11.1 23 330   M    M   0        28 330
 8  38  14  26 -19  39   0 0.01  0.7    0  4.3 14 220   M    M   5 18     17 190
 9  36  26  31 -15  34   0 0.04  0.9    2  6.4 13 340   M    M   8 1      15 340
10  41  22  32 -14  33   0 0.00  0.0    0  9.3 17 230   M    M   5        21 250
11  59  28  44  -2  21   0 0.26  0.0    0  7.8 22 150   M    M   5 18     27 140
12  63  42  53   6  12   0 0.02  0.0    0 12.5 25  60   M    M   2 8      33  70
13  48  36  42  -5  23   0 0.09  0.0    0 22.4 33  50   M    M   9 138    43  30
14  37  29  33 -15  32   0 0.47  0.2    0 25.6 38  60   M    M  10 1      52  70
15  29  24  27 -21  38   0 0.11  1.2    T 15.2 23  30   M    M  10 128    28  40
16  32  24  28 -20  37   0    T  0.1    1 16.5 24 300   M    M  10 1      29 320
17  43  26  35 -14  30   0 0.00  0.0    1  9.5 17 340   M    M   3        21 350
18  32  29  31 -18  34   0 0.40  2.9    0 12.0 22  80   M    M   8 136    27  80
19  49  24  37 -13  28   0 0.00  0.0    3  6.9 16 300   M    M   2        21 300
20  57  27  42  -8  23   0 0.00  0.0    0  3.5 10 220   M    M   0        14 250
21  56  42  49  -1  16   0    T  0.0    0  8.2 16 110   M    M   6        20  60
22  64  40  52   1  13   0 0.00  0.0    0  9.4 20  70   M    M   2        23  80
23  69  40  55   4  10   0 0.00  0.0    0 10.4 21  40   M    M   0        26  30
24  73  39  56   4   9   0 0.00  0.0    0 10.0 24 360   M    M   2        29  10
================================================================================
SM 1067  633       704   0  1.59     8.6 271.3          M      112
================================================================================
AV 44.5 26.4                              11.3 FASTST   M    M   5    MAX(MPH)
                                 MISC ---->  # 38  60               # 52   70
================================================================================
NOTES:
# LAST OF SEVERAL OCCURRENCES

COLUMN 17 PEAK WIND IN M.P.H.

PRELIMINARY LOCAL CLIMATOLOGICAL DATA (WS FORM: F-6) , PAGE 2

                                          STATION:  DUBUQUE IA
                                          MONTH:    APRIL
                                          YEAR:     2018
                                          LATITUDE:   42 24 N
                                          LONGITUDE:  90 42 W

[TEMPERATURE DATA]      [PRECIPITATION DATA]       SYMBOLS USED IN COLUMN 16

AVERAGE MONTHLY: 35.4   TOTAL FOR MONTH:   1.59    1 = FOG OR MIST
DPTR FM NORMAL: -11.6   DPTR FM NORMAL:   -1.26    2 = FOG REDUCING VISIBILITY
HIGHEST:    73 ON 24    GRTST 24HR  0.47 ON 14-14      TO 1/4 MILE OR LESS
LOWEST:     11 ON  7                               3 = THUNDER
                        SNOW, ICE PELLETS, HAIL    4 = ICE PELLETS
                        TOTAL MONTH:   8.6 INCHES  5 = HAIL
                        GRTST 24HR   2.9 ON 18-18  6 = FREEZING RAIN OR DRIZZLE
                        GRTST DEPTH:   3 ON 19     7 = DUSTSTORM OR SANDSTORM:
                                                       VSBY 1/2 MILE OR LESS
                                                   8 = SMOKE OR HAZE
[NO. OF DAYS WITH]      [WEATHER - DAYS WITH]      9 = BLOWING SNOW
                                                   X = TORNADO
MAX 32 OR BELOW:   5    0.01 INCH OR MORE:  11
MAX 90 OR ABOVE:   0    0.10 INCH OR MORE:   5
MIN 32 OR BELOW:  18    0.50 INCH OR MORE:   0
MIN  0 OR BELOW:   0    1.00 INCH OR MORE:   0

[HDD (BASE 65) ]
TOTAL THIS MO.   704    CLEAR  (SCALE 0-3)  10
DPTR FM NORMAL   269    PTCLDY (SCALE 4-7)   8
TOTAL FM JUL 1  6963    CLOUDY (SCALE 8-10)  6
DPTR FM NORMAL   217

[CDD (BASE 65) ]
TOTAL THIS MO.     0
DPTR FM NORMAL     0    [PRESSURE DATA]
TOTAL FM JAN 1     0    HIGHEST SLP M ON M
DPTR FM NORMAL     0    LOWEST  SLP 29.56 ON M

[REMARKS]
