000
CXUS54 KHUN 240810
CF6DCU
PRELIMINARY LOCAL CLIMATOLOGICAL DATA (WS FORM: F-6)
STATION: DECATUR
MONTH: APRIL
YEAR: 2024
LATITUDE: 34 39 N
LONGITUDE: 86 56 W
TEMPERATURE IN F: :PCPN: SNOW: WIND :SUNSHINE: SKY :PK WND
================================================================================
1 2 3 4 5 6A 6B 7 8 9 10 11 12 13 14 15 16 17 18
12Z AVG MX 2MIN
DY MAX MIN AVG DEP HDD CDD WTR SNW DPTH SPD SPD DIR MIN PSBL S-S WX SPD DR
================================================================================
1 76 66 71 14 0 6 0.00 0.0 0 10.6 26 180 M M 6 35 180
2 80 61 71 13 0 6 T 0.0 0 15.0 28 200 M M 9 3 39 190
3 63 48 56 -2 9 0 T 0.0 0 16.0 30 280 M M 6 42 300
4 63 45 54 -4 11 0 0.00 0.0 0 12.1 23 300 M M 2 36 260
5 62 35 49 -9 16 0 0.00 0.0 0 7.2 15 350 M M 1 22 40
6 66 33 50 -9 15 0 0.00 0.0 0 3.6 13 50 M M 0 18 70
7 81 39 60 1 5 0 0.00 0.0 0 8.9 20 170 M M 2 25 180
8 80 59 70 11 0 5 0.11 0.0 0 8.0 22 210 M M 8 13 35 210
9 63 57 60 0 5 0 1.06 0.0 0 8.1 23 150 M M 10 1 29 150
10 70 60 65 5 0 0 0.17 0.0 0 9.5 24 130 M M 6 1 30 140
11 72 55 64 4 1 0 0.44 0.0 0 11.9 28 300 M M 8 1 41 290
12 69 48 59 -2 6 0 0.00 0.0 0 11.9 26 280 M M 0 41 300
13 78 40 59 -2 6 0 0.00 0.0 0 2.6 13 300 M M 0 18 280
14 85 50 68 7 0 3 0.00 0.0 0 7.2 20 210 M M 0 27 200
15 85 56 71 9 0 6 0.00 0.0 0 6.9 17 190 M M 0 8 22 170
16 85 62 74 12 0 9 0.00 0.0 0 10.8 23 170 M M 0 8 28 160
17 73 66 70 8 0 5 0.39 0.0 0 9.0 20 200 M M 7 13 26 200
18 82 67 75 13 0 10 0.01 0.0 0 5.6 14 210 M M 7 1 20 210
19 79 61 70 7 0 5 0.08 0.0 0 7.9 16 350 M M 9 13 19 360
20 66 52 59 -4 6 0 0.08 0.0 0 10.1 18 360 M M 9 13 28 10
21 64 44 54 -9 11 0 T 0.0 0 11.1 21 360 M M 5 28 350
22 66 38 52 -12 13 0 0.00 0.0 0 4.4 14 10 M M 0 19 350
23 77 39 58 -6 7 0 0.00 0.0 0 9.2 22 180 M M 0 28 190
================================================================================
SM 1685 1181 111 55 2.34 0.0 207.6 M 95
================================================================================
AV 73.3 51.3 9.0 FASTST M M 4 MAX(MPH)
MISC ----> 30 280 42 300
================================================================================
NOTES:
# LAST OF SEVERAL OCCURRENCES
COLUMN 17 PEAK WIND IN M.P.H.
PRELIMINARY LOCAL CLIMATOLOGICAL DATA (WS FORM: F-6) , PAGE 2
STATION: DECATUR
MONTH: APRIL
YEAR: 2024
LATITUDE: 34 39 N
LONGITUDE: 86 56 W
[TEMPERATURE DATA] [PRECIPITATION DATA] SYMBOLS USED IN COLUMN 16
AVERAGE MONTHLY: 62.3 TOTAL FOR MONTH: 2.34 1 = FOG OR MIST
DPTR FM NORMAL: 1.7 DPTR FM NORMAL: -1.12 2 = FOG REDUCING VISIBILITY
HIGHEST: 85 ON 16,15 GRTST 24HR 1.17 ON 9-10 TO 1/4 MILE OR LESS
LOWEST: 33 ON 6 3 = THUNDER
SNOW, ICE PELLETS, HAIL 4 = ICE PELLETS
TOTAL MONTH: 0.0 INCH 5 = HAIL
GRTST 24HR 0.0 6 = FREEZING RAIN OR DRIZZLE
GRTST DEPTH: 0 7 = DUSTSTORM OR SANDSTORM:
VSBY 1/2 MILE OR LESS
8 = SMOKE OR HAZE
[NO. OF DAYS WITH] [WEATHER - DAYS WITH] 9 = BLOWING SNOW
X = TORNADO
MAX 32 OR BELOW: 0 0.01 INCH OR MORE: 8
MAX 90 OR ABOVE: 0 0.10 INCH OR MORE: 5
MIN 32 OR BELOW: 0 0.50 INCH OR MORE: 1
MIN 0 OR BELOW: 0 1.00 INCH OR MORE: 1
[HDD (BASE 65) ]
TOTAL THIS MO. 111 CLEAR (SCALE 0-3) 11
DPTR FM NORMAL -27 PTCLDY (SCALE 4-7) 8
TOTAL FM JUL 1 2629 CLOUDY (SCALE 8-10) 4
DPTR FM NORMAL -436
[CDD (BASE 65) ]
TOTAL THIS MO. 55
DPTR FM NORMAL 19 [PRESSURE DATA]
TOTAL FM JAN 1 64 HIGHEST SLP M ON M
DPTR FM NORMAL 17 LOWEST SLP 29.44 ON 11
[REMARKS]