000
CXUS52 KTAE 190800
CF6DHN
PRELIMINARY LOCAL CLIMATOLOGICAL DATA (WS FORM: F-6)

                                          STATION:   DOTHAN
                                          MONTH:     APRIL
                                          YEAR:      2018
                                          LATITUDE:   31 19 N
                                          LONGITUDE:  85 27 W

  TEMPERATURE IN F:       :PCPN:    SNOW:  WIND      :SUNSHINE: SKY     :PK WND
================================================================================
1   2   3   4   5  6A  6B    7    8   9   10  11  12  13   14  15   16   17  18
                                     12Z  AVG MX 2MIN
DY MAX MIN AVG DEP HDD CDD  WTR  SNW DPTH SPD SPD DIR MIN PSBL S-S WX    SPD DR
================================================================================

 1  79  46  63   1   2   0 0.00  0.0    0  3.5 12 190   M    M   0        12 170
 2  83  58  71   9   0   6 0.00  0.0    0  6.4 14 200   M    M   6 12     18 190
 3  84  64  74  12   0   9 0.00  0.0    0 10.3 20 220   M    M   5 12     26 230
 4  70  50  60  -2   5   0 0.30  0.0    0  9.5 22 280   M    M   6 18     29 330
 5  73  40  57  -6   8   0 0.00  0.0    0  5.0 13  30   M    M   0        17  20
 6  80  45  63   0   2   0    T    M    0  7.5 17 190   M    M   1        23 190
 7  71  53  62  -1   3   0 0.35  0.0    0 10.0 23 330   M    M   9 1      29 300
 8  68  44  56  -8   9   0 0.00  0.0    0  8.7 18 330   M    M   8        21 340
 9  72  58  65   1   0   0    T  0.0    0  5.7 13  90   M    M  10 18     16  90
10  76  56  66   2   0   1 0.00  0.0    0  8.0 17  30   M    M   6        21  30
11  77  47  62  -2   3   0 0.00  0.0    0  5.8 14 340   M    M   0        19  40
12  79  45  62  -2   3   0 0.00  0.0    0  4.9 13 190   M    M   0 8      22 160
13  84  50  67   2   0   2 0.00  0.0    0  7.8 17 160   M    M   2        22 170
14  85  65  75  10   0  10 0.00  0.0    0 14.1 24 170   M    M   5 1      30 160
15  71  46  59  -6   6   0 2.18    M    0 14.7 31 290   M    M   7 13     41 290
16  68  40  54 -12  11   0 0.00  0.0    0 13.1 25 300   M    M   0        32 300
17  77  44  61  -5   4   0 0.00  0.0    0  6.8 15 230   M    M   0        21 210
18  85  53  69   3   0   4 0.00  0.0    0 10.4 22 220   M    M   0        28 200
================================================================================
SM 1382  904        56  32  2.83     0.0 152.2          M       65
================================================================================
AV 76.8 50.2                               8.5 FASTST   M    M   4    MAX(MPH)
                                 MISC ---->  # 31 290               # 41  290
================================================================================
NOTES:
# LAST OF SEVERAL OCCURRENCES

COLUMN 17 PEAK WIND IN M.P.H.

PRELIMINARY LOCAL CLIMATOLOGICAL DATA (WS FORM: F-6) , PAGE 2

                                          STATION:  DOTHAN
                                          MONTH:    APRIL
                                          YEAR:     2018
                                          LATITUDE:   31 19 N
                                          LONGITUDE:  85 27 W

[TEMPERATURE DATA]      [PRECIPITATION DATA]       SYMBOLS USED IN COLUMN 16

AVERAGE MONTHLY: 63.5   TOTAL FOR MONTH:   2.83    1 = FOG OR MIST
DPTR FM NORMAL:  -0.4   DPTR FM NORMAL:    0.45    2 = FOG REDUCING VISIBILITY
HIGHEST:    85 ON 18,14 GRTST 24HR  2.18 ON 15-15      TO 1/4 MILE OR LESS
LOWEST:     40 ON 16, 5                            3 = THUNDER
                        SNOW, ICE PELLETS, HAIL    4 = ICE PELLETS
                        TOTAL MONTH:   0.0 INCH    5 = HAIL
                        GRTST 24HR     0.0         6 = FREEZING RAIN OR DRIZZLE
                        GRTST DEPTH:   0           7 = DUSTSTORM OR SANDSTORM:
                                                       VSBY 1/2 MILE OR LESS
                                                   8 = SMOKE OR HAZE
[NO. OF DAYS WITH]      [WEATHER - DAYS WITH]      9 = BLOWING SNOW
                                                   X = TORNADO
MAX 32 OR BELOW:   0    0.01 INCH OR MORE:   3
MAX 90 OR ABOVE:   0    0.10 INCH OR MORE:   3
MIN 32 OR BELOW:   0    0.50 INCH OR MORE:   1
MIN  0 OR BELOW:   0    1.00 INCH OR MORE:   1

[HDD (BASE 65) ]
TOTAL THIS MO.    56    CLEAR  (SCALE 0-3)   9
DPTR FM NORMAL     0    PTCLDY (SCALE 4-7)   6
TOTAL FM JUL 1  1554    CLOUDY (SCALE 8-10)  3
DPTR FM NORMAL  -272

[CDD (BASE 65) ]
TOTAL THIS MO.    32
DPTR FM NORMAL    -6    [PRESSURE DATA]
TOTAL FM JAN 1   145    HIGHEST SLP M ON M
DPTR FM NORMAL    76    LOWEST  SLP 29.72 ON 15

[REMARKS]
