000
CXUS53 KUNR 220930
CF6GCC
PRELIMINARY LOCAL CLIMATOLOGICAL DATA (WS FORM: F-6)
STATION: GILLETTE AIRPORT WY
MONTH: APRIL
YEAR: 2024
LATITUDE: 44 20 N
LONGITUDE: 105 32 W
TEMPERATURE IN F: :PCPN: SNOW: WIND :SUNSHINE: SKY :PK WND
================================================================================
1 2 3 4 5 6A 6B 7 8 9 10 11 12 13 14 15 16 17 18
12Z AVG MX 2MIN
DY MAX MIN AVG DEP HDD CDD WTR SNW DPTH SPD SPD DIR MIN PSBL S-S WX SPD DR
================================================================================
1 45 25 35 -5 30 0 0.23 M M 8.1 15 350 M M 6 12 22 330
2 60 31 46 6 19 0 0.00 M M 12.7 25 320 M M 2 33 330
3 71 33 52 12 13 0 0.00 M M 7.8 17 330 M M 0 34 320
4 74 40 57 17 8 0 0.00 M M 19.4 32 160 M M 0 47 160
5 66 44 55 14 10 0 0.00 M M 19.5 30 140 M M 0 39 160
6 47 31 39 -2 26 0 0.27 M M 18.4 35 310 M M 7 12 43 310
7 34 31 33 -8 32 0 0.27 M M 22.9 39 310 M M 10 128 53 320
8 41 33 37 -4 28 0 0.10 M M 16.0 28 310 M M 9 1 35 310
9 51 31 41 0 24 0 0.00 M M 9.8 17 310 M M 1 22 310
10 48 24 36 -5 29 0 0.00 M M 15.9 35 320 M M 3 47 330
11 57 25 41 -1 24 0 0.00 M M 4.5 17 160 M M 0 23 160
12 76 35 56 14 9 0 0.00 M M 13.8 25 170 M M 0 31 170
13 78 40 59 17 6 0 T M M 8.9 23 360 M M 1 37 350
14 78 40 59 17 6 0 0.00 M M 13.6 31 170 M M 0 38 180
15 66 45 56 14 9 0 0.09 M M 12.9 28 320 M M 2 13 38 340
16 62 34 48 6 17 0 0.00 M M 20.7 38 320 M M 4 48 320
17 44 27 36 -6 29 0 0.08 M M 13.0 21 310 M M 10 18 28 300
18 43 20 32 -11 33 0 0.00 M M 15.5 32 330 M M 1 42 330
19 41 12 27 -16 38 0 0.00 M M 11.5 25 320 M M 4 34 340
20 45 12 29 -14 36 0 0.00 M M 4.9 17 340 M M 5 21 350
21 69 22 46 3 19 0 0.00 M M 12.8 24 210 M M 1 29 200
================================================================================
SM 1196 635 445 0 1.04 M 282.6 M 66
================================================================================
AV 57.0 30.2 13.5 FASTST M M 3 MAX(MPH)
MISC ----> 39 310 53 320
================================================================================
NOTES:
# LAST OF SEVERAL OCCURRENCES
COLUMN 17 PEAK WIND IN M.P.H.
PRELIMINARY LOCAL CLIMATOLOGICAL DATA (WS FORM: F-6) , PAGE 2
STATION: GILLETTE AIRPORT WY
MONTH: APRIL
YEAR: 2024
LATITUDE: 44 20 N
LONGITUDE: 105 32 W
[TEMPERATURE DATA] [PRECIPITATION DATA] SYMBOLS USED IN COLUMN 16
AVERAGE MONTHLY: 43.6 TOTAL FOR MONTH: 1.04 1 = FOG OR MIST
DPTR FM NORMAL: 2.1 DPTR FM NORMAL: 0.01 2 = FOG REDUCING VISIBILITY
HIGHEST: 78 ON 14,13 GRTST 24HR 0.56 ON 31- 1 TO 1/4 MILE OR LESS
LOWEST: 12 ON 20,19 3 = THUNDER
SNOW, ICE PELLETS, HAIL 4 = ICE PELLETS
TOTAL MONTH: M 5 = HAIL
GRTST 24HR M ON M 6 = FREEZING RAIN OR DRIZZLE
GRTST DEPTH: M ON M 7 = DUSTSTORM OR SANDSTORM:
VSBY 1/2 MILE OR LESS
8 = SMOKE OR HAZE
[NO. OF DAYS WITH] [WEATHER - DAYS WITH] 9 = BLOWING SNOW
X = TORNADO
MAX 32 OR BELOW: 0 0.01 INCH OR MORE: 6
MAX 90 OR ABOVE: 0 0.10 INCH OR MORE: 4
MIN 32 OR BELOW: 12 0.50 INCH OR MORE: 0
MIN 0 OR BELOW: 0 1.00 INCH OR MORE: 0
[HDD (BASE 65) ]
TOTAL THIS MO. 445 CLEAR (SCALE 0-3) 13
DPTR FM NORMAL -48 PTCLDY (SCALE 4-7) 5
TOTAL FM JUL 1 5977 CLOUDY (SCALE 8-10) 3
DPTR FM NORMAL -794
[CDD (BASE 65) ]
TOTAL THIS MO. 0
DPTR FM NORMAL 0 [PRESSURE DATA]
TOTAL FM JAN 1 0 HIGHEST SLP M ON M
DPTR FM NORMAL 0 LOWEST SLP 29.38 ON 6
[REMARKS]