000
CXUS54 KAMA 251015
CF6GUY
PRELIMINARY LOCAL CLIMATOLOGICAL DATA (WS FORM: F-6)

                                          STATION:   GUYMON
                                          MONTH:     MAY
                                          YEAR:      2018
                                          LATITUDE:   36 41 N
                                          LONGITUDE: 101 30 W

  TEMPERATURE IN F:       :PCPN:    SNOW:  WIND      :SUNSHINE: SKY     :PK WND
================================================================================
1   2   3   4   5  6A  6B    7    8   9   10  11  12  13   14  15   16   17  18
                                     12Z  AVG MX 2MIN
DY MAX MIN AVG DEP HDD CDD  WTR  SNW DPTH SPD SPD DIR MIN PSBL S-S WX    SPD DR
================================================================================

 1  88  61  75  15   0  10 0.00  0.0    0 20.8 33 210   M    M   0        42 240
 2  83  54  69   9   0   4 0.00  0.0    0  9.7 24 200   M    M   1        30 210
 3  79  46  63   2   2   0 0.00  0.0    0 14.0 31 320   M    M   0        39 320
 4  76  45  61   0   4   0 0.00  0.0    0  7.6 16 340   M    M   1        20 340
 5  85  40  63   1   2   0 0.00  0.0    0  5.8 16 220   M    M   0        24 240
 6  91  45  68   6   0   3 0.00  0.0    0  7.6 17 210   M    M   0        22 210
 7  92  51  72  10   0   7 0.00  0.0    0  7.2 16 250   M    M   0        21 260
 8  92  64  78  16   0  13 0.00  0.0    0 14.0 23 350   M    M   0        31 200
 9  93  53  73  10   0   8 0.01  0.0    0  6.9 29 350   M    M   0 3      36 350
10  94  62  78  15   0  13 0.01  0.0    0 15.7 28 330   M    M   0 3      39 330
11  93  61  77  14   0  12 0.00  0.0    0 12.3 25 190   M    M   0        35 150
12  88  57  73   9   0   8 0.00  0.0    0 13.6 25 170   M    M   1        33 160
13  88  58  73   9   0   8 0.00  0.0    0 13.4 28 120   M    M   0        37 120
14  85  61  73   9   0   8 0.00  0.0    0 11.6 23 340   M    M   1        31 180
15  85  57  71   6   0   6 0.33  0.0    0 10.0 25 300   M    M   4 13     42 300
16  86  54  70   5   0   5 0.00  0.0    0  7.0 16 200   M    M   1        20 190
17  90  59  75  10   0  10    T  0.0    0 16.3 33 150   M    M   0 38     45 140
18  93  59  76  10   0  11    T  0.0    0 12.7 28 180   M    M   0 3      37 180
19  81  54  68   2   0   3    T  0.0    0 16.0 29  10   M    M   5 3      36  60
20  75  49  62  -4   3   0 0.00  0.0    0 11.6 24 350   M    M   3        30  10
21  85  49  67   1   0   2 0.00  0.0    0 12.1 24 200   M    M   0        31 170
22  88  61  75   8   0  10 0.00  0.0    0 13.7 24 200   M    M   1        37 190
23  88  59  74   7   0   9 0.20  0.0    0 13.7 43 260   M    M   4 13     54 260
24  90  60  75   8   0  10 0.03  0.0    0 16.4 45 230   M    M   1 3      56 220
================================================================================
SM 2088 1319        11 160  0.58     0.0 289.7          M       23
================================================================================
AV 87.0 55.0                              12.1 FASTST   M    M   1    MAX(MPH)
                                 MISC ---->  # 45 230               # 56  220
================================================================================
NOTES:
# LAST OF SEVERAL OCCURRENCES

COLUMN 17 PEAK WIND IN M.P.H.

PRELIMINARY LOCAL CLIMATOLOGICAL DATA (WS FORM: F-6) , PAGE 2

                                          STATION:  GUYMON
                                          MONTH:    MAY
                                          YEAR:     2018
                                          LATITUDE:   36 41 N
                                          LONGITUDE: 101 30 W

[TEMPERATURE DATA]      [PRECIPITATION DATA]       SYMBOLS USED IN COLUMN 16

AVERAGE MONTHLY: 71.0   TOTAL FOR MONTH:   0.58    1 = FOG OR MIST
DPTR FM NORMAL:   7.2   DPTR FM NORMAL:   -1.10    2 = FOG REDUCING VISIBILITY
HIGHEST:    94 ON 10    GRTST 24HR  0.33 ON 15-15      TO 1/4 MILE OR LESS
LOWEST:     40 ON  5                               3 = THUNDER
                        SNOW, ICE PELLETS, HAIL    4 = ICE PELLETS
                        TOTAL MONTH:   0.0 INCH    5 = HAIL
                        GRTST 24HR     0.0         6 = FREEZING RAIN OR DRIZZLE
                        GRTST DEPTH:   0           7 = DUSTSTORM OR SANDSTORM:
                                                       VSBY 1/2 MILE OR LESS
                                                   8 = SMOKE OR HAZE
[NO. OF DAYS WITH]      [WEATHER - DAYS WITH]      9 = BLOWING SNOW
                                                   X = TORNADO
MAX 32 OR BELOW:   0    0.01 INCH OR MORE:   5
MAX 90 OR ABOVE:   9    0.10 INCH OR MORE:   2
MIN 32 OR BELOW:   0    0.50 INCH OR MORE:   0
MIN  0 OR BELOW:   0    1.00 INCH OR MORE:   0

[HDD (BASE 65) ]
TOTAL THIS MO.    11    CLEAR  (SCALE 0-3)  21
DPTR FM NORMAL   -76    PTCLDY (SCALE 4-7)   3
TOTAL FM JUL 1  4066    CLOUDY (SCALE 8-10)  0
DPTR FM NORMAL  -374

[CDD (BASE 65) ]
TOTAL THIS MO.   160
DPTR FM NORMAL   100    [PRESSURE DATA]
TOTAL FM JAN 1   188    HIGHEST SLP M ON M
DPTR FM NORMAL   113    LOWEST  SLP 29.49 ON 11

[REMARKS]
